--
-- Host: sql.eskimos.nazwa.pl    Database: eskimos
-- ------------------------------------------------------


--
-- Not dumping tablespaces as no INFORMATION_SCHEMA.FILES table on this server
--

--
-- Table structure for table `jos_banner`
--

CREATE TABLE `jos_banner` (
  `bid` int(11) NOT NULL auto_increment,
  `cid` int(11) NOT NULL default '0',
  `type` varchar(30) NOT NULL default 'banner',
  `name` varchar(255) NOT NULL default '',
  `alias` varchar(255) NOT NULL default '',
  `imptotal` int(11) NOT NULL default '0',
  `impmade` int(11) NOT NULL default '0',
  `clicks` int(11) NOT NULL default '0',
  `imageurl` varchar(100) NOT NULL default '',
  `clickurl` varchar(200) NOT NULL default '',
  `date` datetime default NULL,
  `showBanner` tinyint(1) NOT NULL default '0',
  `checked_out` tinyint(1) NOT NULL default '0',
  `checked_out_time` datetime NOT NULL default '0000-00-00 00:00:00',
  `editor` varchar(50) default NULL,
  `custombannercode` text,
  `catid` int(10) unsigned NOT NULL default '0',
  `description` text NOT NULL,
  `sticky` tinyint(1) unsigned NOT NULL default '0',
  `ordering` int(11) NOT NULL default '0',
  `publish_up` datetime NOT NULL default '0000-00-00 00:00:00',
  `publish_down` datetime NOT NULL default '0000-00-00 00:00:00',
  `tags` text NOT NULL,
  `params` text NOT NULL,
  PRIMARY KEY  (`bid`),
  KEY `viewbanner` (`showBanner`),
  KEY `idx_banner_catid` (`catid`)
) ENGINE=MyISAM AUTO_INCREMENT=9 DEFAULT CHARSET=utf8;

--
-- Dumping data for table `jos_banner`
--

INSERT INTO `jos_banner` VALUES (1,1,'banner','OSM 1','osm-1',0,43,0,'osmbanner1.png','http://www.opensourcematters.org','2004-07-07 15:31:29',1,0,'0000-00-00 00:00:00','','',13,'',0,1,'0000-00-00 00:00:00','0000-00-00 00:00:00','',''),(2,1,'banner','OSM 2','osm-2',0,49,0,'osmbanner2.png','http://www.opensourcematters.org','2004-07-07 15:31:29',1,0,'0000-00-00 00:00:00','','',13,'',0,2,'0000-00-00 00:00:00','0000-00-00 00:00:00','',''),(3,1,'','Joomla!','joomla',0,22,0,'','http://www.joomla.org','2006-05-29 14:21:28',1,0,'0000-00-00 00:00:00','','<a href=\"{CLICKURL}\" target=\"_blank\">{NAME}</a>\r\n<br/>\r\nJoomla! The most popular and widely used Open Source CMS Project in the world.',14,'',0,1,'0000-00-00 00:00:00','0000-00-00 00:00:00','',''),(4,1,'','JoomlaCode','joomlacode',0,22,0,'','http://joomlacode.org','2006-05-29 14:19:26',1,0,'0000-00-00 00:00:00','','<a href=\"{CLICKURL}\" target=\"_blank\">{NAME}</a>\r\n<br/>\r\nJoomlaCode, development and distribution made easy.',14,'',0,2,'0000-00-00 00:00:00','0000-00-00 00:00:00','',''),(5,1,'','Joomla! Extensions','joomla-extensions',0,17,0,'','http://extensions.joomla.org','2006-05-29 14:23:21',1,0,'0000-00-00 00:00:00','','<a href=\"{CLICKURL}\" target=\"_blank\">{NAME}</a>\r\n<br/>\r\nJoomla! Components, Modules, Plugins and Languages by the bucket load.',14,'',0,3,'0000-00-00 00:00:00','0000-00-00 00:00:00','',''),(6,1,'','Joomla! Shop','joomla-shop',0,17,0,'','http://shop.joomla.org','2006-05-29 14:23:21',1,0,'0000-00-00 00:00:00','','<a href=\"{CLICKURL}\" target=\"_blank\">{NAME}</a>\r\n<br/>\r\nFor all your Joomla! merchandise.',14,'',0,4,'0000-00-00 00:00:00','0000-00-00 00:00:00','',''),(7,1,'','Joomla! Promo Shop','joomla-promo-shop',0,195,1,'shop-ad.jpg','http://shop.joomla.org','2007-09-19 17:26:24',1,0,'0000-00-00 00:00:00','','',33,'',0,3,'0000-00-00 00:00:00','0000-00-00 00:00:00','',''),(8,1,'','Joomla! Promo Books','joomla-promo-books',0,168,0,'shop-ad-books.jpg','http://shop.joomla.org/amazoncom-bookstores.html','2007-09-19 17:28:01',1,0,'0000-00-00 00:00:00','','',33,'',0,4,'0000-00-00 00:00:00','0000-00-00 00:00:00','','');

--
-- Table structure for table `jos_bannerclient`
--

CREATE TABLE `jos_bannerclient` (
  `cid` int(11) NOT NULL auto_increment,
  `name` varchar(255) NOT NULL default '',
  `contact` varchar(255) NOT NULL default '',
  `email` varchar(255) NOT NULL default '',
  `extrainfo` text NOT NULL,
  `checked_out` tinyint(1) NOT NULL default '0',
  `checked_out_time` time default NULL,
  `editor` varchar(50) default NULL,
  PRIMARY KEY  (`cid`)
) ENGINE=MyISAM AUTO_INCREMENT=2 DEFAULT CHARSET=utf8;

--
-- Dumping data for table `jos_bannerclient`
--

INSERT INTO `jos_bannerclient` VALUES (1,'Open Source Matters','Administrator','admin@opensourcematters.org','',0,'00:00:00',NULL);

--
-- Table structure for table `jos_bannertrack`
--

CREATE TABLE `jos_bannertrack` (
  `track_date` date NOT NULL,
  `track_type` int(10) unsigned NOT NULL,
  `banner_id` int(10) unsigned NOT NULL
) ENGINE=MyISAM DEFAULT CHARSET=utf8;

--
-- Dumping data for table `jos_bannertrack`
--


--
-- Table structure for table `jos_categories`
--

CREATE TABLE `jos_categories` (
  `id` int(11) NOT NULL auto_increment,
  `parent_id` int(11) NOT NULL default '0',
  `title` varchar(255) NOT NULL default '',
  `name` varchar(255) NOT NULL default '',
  `alias` varchar(255) NOT NULL default '',
  `image` varchar(255) NOT NULL default '',
  `section` varchar(50) NOT NULL default '',
  `image_position` varchar(30) NOT NULL default '',
  `description` text NOT NULL,
  `published` tinyint(1) NOT NULL default '0',
  `checked_out` int(11) unsigned NOT NULL default '0',
  `checked_out_time` datetime NOT NULL default '0000-00-00 00:00:00',
  `editor` varchar(50) default NULL,
  `ordering` int(11) NOT NULL default '0',
  `access` tinyint(3) unsigned NOT NULL default '0',
  `count` int(11) NOT NULL default '0',
  `params` text NOT NULL,
  PRIMARY KEY  (`id`),
  KEY `cat_idx` (`section`,`published`,`access`),
  KEY `idx_access` (`access`),
  KEY `idx_checkout` (`checked_out`)
) ENGINE=MyISAM AUTO_INCREMENT=34 DEFAULT CHARSET=utf8;

--
-- Dumping data for table `jos_categories`
--

INSERT INTO `jos_categories` VALUES (1,0,'Latest','','latest-news','taking_notes.jpg','1','left','The latest news from the Joomla! Team',1,0,'0000-00-00 00:00:00','',1,0,1,''),(2,0,'Joomla! Specific Links','','joomla-specific-links','clock.jpg','com_weblinks','left','A selection of links that are all related to the Joomla! Project.',1,0,'0000-00-00 00:00:00',NULL,1,0,0,''),(3,0,'Newsflash','','newsflash','','1','left','',1,0,'0000-00-00 00:00:00','',2,0,0,''),(4,0,'Joomla!','','joomla','','com_newsfeeds','left','',1,0,'0000-00-00 00:00:00',NULL,2,0,0,''),(5,0,'Free and Open Source Software','','free-and-open-source-software','','com_newsfeeds','left','Read the latest news about free and open source software from some of its leading advocates.',1,0,'0000-00-00 00:00:00',NULL,3,0,0,''),(6,0,'Related Projects','','related-projects','','com_newsfeeds','left','Joomla builds on and collaborates with many other free and open source projects. Keep up with the latest news from some of them.',1,0,'0000-00-00 00:00:00',NULL,4,0,0,''),(12,0,'Contacts','','contacts','','com_contact_details','left','Contact Details for this Web site',1,0,'0000-00-00 00:00:00',NULL,0,0,0,''),(13,0,'Joomla','','joomla','','com_banner','left','',1,0,'0000-00-00 00:00:00',NULL,0,0,0,''),(14,0,'Text Ads','','text-ads','','com_banner','left','',1,0,'0000-00-00 00:00:00',NULL,0,0,0,''),(15,0,'Features','','features','','com_content','left','',0,0,'0000-00-00 00:00:00',NULL,6,0,0,''),(17,0,'Benefits','','benefits','','com_content','left','',0,0,'0000-00-00 00:00:00',NULL,4,0,0,''),(18,0,'Platforms','','platforms','','com_content','left','',0,0,'0000-00-00 00:00:00',NULL,3,0,0,''),(19,0,'Other Resources','','other-resources','','com_weblinks','left','',1,0,'0000-00-00 00:00:00',NULL,2,0,0,''),(29,0,'The CMS','','the-cms','','4','left','Information about the software behind Joomla!<br />',1,0,'0000-00-00 00:00:00',NULL,2,0,0,''),(28,0,'Current Users','','current-users','','3','left','Questions that users migrating to Joomla! 1.5 are likely to raise<br />',1,0,'0000-00-00 00:00:00',NULL,2,0,0,''),(25,0,'Artykuły','','artykuly','','4','left','',1,0,'0000-00-00 00:00:00',NULL,1,0,0,''),(27,0,'New to Joomla!','','new-to-joomla','','3','left','Questions for new users of Joomla!',1,0,'0000-00-00 00:00:00',NULL,3,0,0,''),(30,0,'The Community','','the-community','','4','left','About the millions of Joomla! users and Web sites<br />',1,0,'0000-00-00 00:00:00',NULL,3,0,0,''),(31,0,'General','','general','','3','left','General questions about the Joomla! CMS',1,0,'0000-00-00 00:00:00',NULL,1,0,0,''),(32,0,'Languages','','languages','','3','left','Questions related to localisation and languages',1,0,'0000-00-00 00:00:00',NULL,4,0,0,''),(33,0,'Joomla! Promo','','joomla-promo','','com_banner','left','',1,0,'0000-00-00 00:00:00',NULL,1,0,0,'');

--
-- Table structure for table `jos_components`
--

CREATE TABLE `jos_components` (
  `id` int(11) NOT NULL auto_increment,
  `name` varchar(50) NOT NULL default '',
  `link` varchar(255) NOT NULL default '',
  `menuid` int(11) unsigned NOT NULL default '0',
  `parent` int(11) unsigned NOT NULL default '0',
  `admin_menu_link` varchar(255) NOT NULL default '',
  `admin_menu_alt` varchar(255) NOT NULL default '',
  `option` varchar(50) NOT NULL default '',
  `ordering` int(11) NOT NULL default '0',
  `admin_menu_img` varchar(255) NOT NULL default '',
  `iscore` tinyint(4) NOT NULL default '0',
  `params` text NOT NULL,
  `enabled` tinyint(4) NOT NULL default '1',
  PRIMARY KEY  (`id`),
  KEY `parent_option` (`parent`,`option`(32))
) ENGINE=MyISAM AUTO_INCREMENT=36 DEFAULT CHARSET=utf8;

--
-- Dumping data for table `jos_components`
--

INSERT INTO `jos_components` VALUES (1,'Banners','',0,0,'','Banner Management','com_banners',0,'js/ThemeOffice/component.png',0,'track_impressions=0\ntrack_clicks=0\ntag_prefix=\n\n',1),(2,'Banners','',0,1,'option=com_banners','Active Banners','com_banners',1,'js/ThemeOffice/edit.png',0,'',1),(3,'Clients','',0,1,'option=com_banners&c=client','Manage Clients','com_banners',2,'js/ThemeOffice/categories.png',0,'',1),(4,'Web Links','option=com_weblinks',0,0,'','Manage Weblinks','com_weblinks',0,'js/ThemeOffice/component.png',0,'show_comp_description=1\ncomp_description=\nshow_link_hits=1\nshow_link_description=1\nshow_other_cats=1\nshow_headings=1\nshow_page_title=1\nlink_target=0\nlink_icons=\n\n',1),(5,'Links','',0,4,'option=com_weblinks','View existing weblinks','com_weblinks',1,'js/ThemeOffice/edit.png',0,'',1),(6,'Categories','',0,4,'option=com_categories&section=com_weblinks','Manage weblink categories','',2,'js/ThemeOffice/categories.png',0,'',1),(7,'Contacts','option=com_contact',0,0,'','Edit contact details','com_contact',0,'js/ThemeOffice/component.png',1,'contact_icons=0\nicon_address=\nicon_email=\nicon_telephone=\nicon_fax=\nicon_misc=\nshow_headings=1\nshow_position=1\nshow_email=0\nshow_telephone=1\nshow_mobile=1\nshow_fax=1\nbannedEmail=\nbannedSubject=\nbannedText=\nsession=1\ncustomReply=0\n\n',1),(8,'Contacts','',0,7,'option=com_contact','Edit contact details','com_contact',0,'js/ThemeOffice/edit.png',1,'',1),(9,'Categories','',0,7,'option=com_categories&section=com_contact_details','Manage contact categories','',2,'js/ThemeOffice/categories.png',1,'contact_icons=0\nicon_address=\nicon_email=\nicon_telephone=\nicon_fax=\nicon_misc=\nshow_headings=1\nshow_position=1\nshow_email=0\nshow_telephone=1\nshow_mobile=1\nshow_fax=1\nbannedEmail=\nbannedSubject=\nbannedText=\nsession=1\ncustomReply=0\n\n',1),(10,'Polls','option=com_poll',0,0,'option=com_poll','Manage Polls','com_poll',0,'js/ThemeOffice/component.png',0,'',1),(11,'News Feeds','option=com_newsfeeds',0,0,'','News Feeds Management','com_newsfeeds',0,'js/ThemeOffice/component.png',0,'',1),(12,'Feeds','',0,11,'option=com_newsfeeds','Manage News Feeds','com_newsfeeds',1,'js/ThemeOffice/edit.png',0,'show_headings=1\nshow_name=1\nshow_articles=1\nshow_link=1\nshow_cat_description=1\nshow_cat_items=1\nshow_feed_image=1\nshow_feed_description=1\nshow_item_description=1\nfeed_word_count=0\n\n',1),(13,'Categories','',0,11,'option=com_categories&section=com_newsfeeds','Manage Categories','',2,'js/ThemeOffice/categories.png',0,'',1),(14,'User','option=com_user',0,0,'','','com_user',0,'',1,'',1),(15,'Search','option=com_search',0,0,'option=com_search','Search Statistics','com_search',0,'js/ThemeOffice/component.png',1,'enabled=0\n\n',1),(16,'Categories','',0,1,'option=com_categories&section=com_banner','Categories','',3,'',1,'',1),(17,'Wrapper','option=com_wrapper',0,0,'','Wrapper','com_wrapper',0,'',1,'',1),(18,'Mail To','',0,0,'','','com_mailto',0,'',1,'',1),(19,'Media Manager','',0,0,'option=com_media','Media Manager','com_media',0,'',1,'upload_extensions=bmp,csv,doc,epg,gif,ico,jpg,odg,odp,ods,odt,pdf,png,ppt,swf,txt,xcf,xls,BMP,CSV,DOC,EPG,GIF,ICO,JPG,ODG,ODP,ODS,ODT,PDF,PNG,PPT,SWF,TXT,XCF,XLS\nupload_maxsize=10000000\nfile_path=images\nimage_path=images/stories\nrestrict_uploads=1\nallowed_media_usergroup=3\ncheck_mime=1\nimage_extensions=bmp,gif,jpg,png\nignore_extensions=\nupload_mime=image/jpeg,image/gif,image/png,image/bmp,application/x-shockwave-flash,application/msword,application/excel,application/pdf,application/powerpoint,text/plain,application/x-zip\nupload_mime_illegal=text/html\nenable_flash=0\n\n',1),(20,'Articles','option=com_content',0,0,'','','com_content',0,'',1,'show_noauth=0\nshow_title=1\nlink_titles=0\nshow_intro=1\nshow_section=0\nlink_section=0\nshow_category=0\nlink_category=0\nshow_author=1\nshow_create_date=1\nshow_modify_date=1\nshow_item_navigation=0\nshow_readmore=1\nshow_vote=0\nshow_icons=1\nshow_pdf_icon=1\nshow_print_icon=1\nshow_email_icon=1\nshow_hits=1\nfeed_summary=0\n\n',1),(21,'Configuration Manager','',0,0,'','Configuration','com_config',0,'',1,'',1),(22,'Installation Manager','',0,0,'','Installer','com_installer',0,'',1,'',1),(23,'Language Manager','',0,0,'','Languages','com_languages',0,'',1,'administrator=pl-PL\nsite=pl-PL',1),(24,'Mass mail','',0,0,'','Mass Mail','com_massmail',0,'',1,'mailSubjectPrefix=\nmailBodySuffix=\n\n',1),(25,'Menu Editor','',0,0,'','Menu Editor','com_menus',0,'',1,'',1),(27,'Messaging','',0,0,'','Messages','com_messages',0,'',1,'',1),(28,'Modules Manager','',0,0,'','Modules','com_modules',0,'',1,'',1),(29,'Plugin Manager','',0,0,'','Plugins','com_plugins',0,'',1,'',1),(30,'Template Manager','',0,0,'','Templates','com_templates',0,'',1,'',1),(31,'User Manager','',0,0,'','Users','com_users',0,'',1,'allowUserRegistration=1\nnew_usertype=Registered\nuseractivation=0\nfrontend_userparams=1\n\n',1),(32,'Cache Manager','',0,0,'','Cache','com_cache',0,'',1,'',1),(33,'Control Panel','',0,0,'','Control Panel','com_cpanel',0,'',1,'',1),(34,'VirtueMart','option=com_virtuemart',0,0,'option=com_virtuemart','VirtueMart','com_virtuemart',0,'../components/com_virtuemart/shop_image/ps_image/menu_icon.png',0,'',1),(35,'virtuemart_version','',0,9999,'','','',0,'',0,'RELEASE=1.1.4\r\nDEV_STATUS=stable',1);

--
-- Table structure for table `jos_contact_details`
--

CREATE TABLE `jos_contact_details` (
  `id` int(11) NOT NULL auto_increment,
  `name` varchar(255) NOT NULL default '',
  `alias` varchar(255) NOT NULL default '',
  `con_position` varchar(255) default NULL,
  `address` text,
  `suburb` varchar(100) default NULL,
  `state` varchar(100) default NULL,
  `country` varchar(100) default NULL,
  `postcode` varchar(100) default NULL,
  `telephone` varchar(255) default NULL,
  `fax` varchar(255) default NULL,
  `misc` mediumtext,
  `image` varchar(255) default NULL,
  `imagepos` varchar(20) default NULL,
  `email_to` varchar(255) default NULL,
  `default_con` tinyint(1) unsigned NOT NULL default '0',
  `published` tinyint(1) unsigned NOT NULL default '0',
  `checked_out` int(11) unsigned NOT NULL default '0',
  `checked_out_time` datetime NOT NULL default '0000-00-00 00:00:00',
  `ordering` int(11) NOT NULL default '0',
  `params` text NOT NULL,
  `user_id` int(11) NOT NULL default '0',
  `catid` int(11) NOT NULL default '0',
  `access` tinyint(3) unsigned NOT NULL default '0',
  `mobile` varchar(255) NOT NULL default '',
  `webpage` varchar(255) NOT NULL default '',
  PRIMARY KEY  (`id`),
  KEY `catid` (`catid`)
) ENGINE=MyISAM AUTO_INCREMENT=2 DEFAULT CHARSET=utf8;

--
-- Dumping data for table `jos_contact_details`
--

INSERT INTO `jos_contact_details` VALUES (1,'Name','name','Position','Street','Suburb','State','Country','Zip Code','Telephone','Fax','Miscellanous info','powered_by.png','top','email@email.com',1,1,0,'0000-00-00 00:00:00',1,'show_name=1\r\nshow_position=1\r\nshow_email=0\r\nshow_street_address=1\r\nshow_suburb=1\r\nshow_state=1\r\nshow_postcode=1\r\nshow_country=1\r\nshow_telephone=1\r\nshow_mobile=1\r\nshow_fax=1\r\nshow_webpage=1\r\nshow_misc=1\r\nshow_image=1\r\nallow_vcard=0\r\ncontact_icons=0\r\nicon_address=\r\nicon_email=\r\nicon_telephone=\r\nicon_fax=\r\nicon_misc=\r\nshow_email_form=1\r\nemail_description=1\r\nshow_email_copy=1\r\nbanned_email=\r\nbanned_subject=\r\nbanned_text=',0,12,0,'','');

--
-- Table structure for table `jos_content`
--

CREATE TABLE `jos_content` (
  `id` int(11) unsigned NOT NULL auto_increment,
  `title` varchar(255) NOT NULL default '',
  `alias` varchar(255) NOT NULL default '',
  `title_alias` varchar(255) NOT NULL default '',
  `introtext` mediumtext NOT NULL,
  `fulltext` mediumtext NOT NULL,
  `state` tinyint(3) NOT NULL default '0',
  `sectionid` int(11) unsigned NOT NULL default '0',
  `mask` int(11) unsigned NOT NULL default '0',
  `catid` int(11) unsigned NOT NULL default '0',
  `created` datetime NOT NULL default '0000-00-00 00:00:00',
  `created_by` int(11) unsigned NOT NULL default '0',
  `created_by_alias` varchar(255) NOT NULL default '',
  `modified` datetime NOT NULL default '0000-00-00 00:00:00',
  `modified_by` int(11) unsigned NOT NULL default '0',
  `checked_out` int(11) unsigned NOT NULL default '0',
  `checked_out_time` datetime NOT NULL default '0000-00-00 00:00:00',
  `publish_up` datetime NOT NULL default '0000-00-00 00:00:00',
  `publish_down` datetime NOT NULL default '0000-00-00 00:00:00',
  `images` text NOT NULL,
  `urls` text NOT NULL,
  `attribs` text NOT NULL,
  `version` int(11) unsigned NOT NULL default '1',
  `parentid` int(11) unsigned NOT NULL default '0',
  `ordering` int(11) NOT NULL default '0',
  `metakey` text NOT NULL,
  `metadesc` text NOT NULL,
  `access` int(11) unsigned NOT NULL default '0',
  `hits` int(11) unsigned NOT NULL default '0',
  `metadata` text NOT NULL,
  PRIMARY KEY  (`id`),
  KEY `idx_section` (`sectionid`),
  KEY `idx_access` (`access`),
  KEY `idx_checkout` (`checked_out`),
  KEY `idx_state` (`state`),
  KEY `idx_catid` (`catid`),
  KEY `idx_createdby` (`created_by`)
) ENGINE=MyISAM AUTO_INCREMENT=51 DEFAULT CHARSET=utf8;

--
-- Dumping data for table `jos_content`
--

INSERT INTO `jos_content` VALUES (1,'Welcome to Joomla!','welcome-to-joomla','','<div align=\"left\"><strong>Joomla! is a free open source framework and content publishing system designed for quickly creating highly interactive multi-language Web sites, online communities, media portals, blogs and eCommerce applications. <br /></strong></div><p><strong><br /></strong><img src=\"images/stories/powered_by.png\" border=\"0\" alt=\"Joomla! Logo\" title=\"Example Caption\" hspace=\"6\" vspace=\"0\" width=\"165\" height=\"68\" align=\"left\" />Joomla! provides an easy-to-use graphical user interface that simplifies the management and publishing of large volumes of content including HTML, documents, and rich media.  Joomla! is used by organisations of all sizes for intranets and extranets and is supported by a community of tens of thousands of users. </p>','With a fully documented library of developer resources, Joomla! allows the customisation of every aspect of a Web site including presentation, layout, administration, and the rapid integration with third-party applications.<p>Joomla! now provides more developer power while making the user experience all the more friendly. For those who always wanted increased extensibility, Joomla! 1.5 can make this happen.</p><p>A new framework, ground-up refactoring, and a highly-active development team brings the excitement of \'the next generation CMS\' to your fingertips.  Whether you are a systems architect or a complete \'noob\' Joomla! can take you to the next level of content delivery. \'More than a CMS\' is something we have been playing with as a catchcry because the new Joomla! API has such incredible power and flexibility, you are free to take whatever direction your creative mind takes you and Joomla! can help you get there so much more easily than ever before.</p><p>Thinking Web publishing? Think Joomla!</p>',-2,1,0,1,'2008-08-12 10:00:00',62,'','2008-08-12 10:00:00',62,0,'0000-00-00 00:00:00','2006-01-03 01:00:00','0000-00-00 00:00:00','','','show_title=\nlink_titles=\nshow_intro=\nshow_section=\nlink_section=\nshow_category=\nlink_category=\nshow_vote=\nshow_author=\nshow_create_date=\nshow_modify_date=\nshow_pdf_icon=\nshow_print_icon=\nshow_email_icon=\nlanguage=\nkeyref=\nreadmore=',29,0,0,'','',0,92,'robots=\nauthor='),(2,'Newsflash 1','newsflash-1','','<p>Joomla! makes it easy to launch a Web site of any kind. Whether you want a brochure site or you are building a large online community, Joomla! allows you to deploy a new site in minutes and add extra functionality as you need it. The hundreds of available Extensions will help to expand your site and allow you to deliver new services that extend your reach into the Internet.</p>','',-2,1,0,3,'2008-08-10 06:30:34',62,'','2008-08-10 06:30:34',62,0,'0000-00-00 00:00:00','2004-08-09 10:00:00','0000-00-00 00:00:00','','','show_title=\nlink_titles=\nshow_intro=\nshow_section=\nlink_section=\nshow_category=\nlink_category=\nshow_vote=\nshow_author=\nshow_create_date=\nshow_modify_date=\nshow_pdf_icon=\nshow_print_icon=\nshow_email_icon=\nlanguage=\nkeyref=\nreadmore=',7,0,0,'','',0,1,'robots=\nauthor='),(3,'Newsflash 2','newsflash-2','','<p>The one thing about a Web site, it always changes! Joomla! makes it easy to add Articles, content, images, videos, and more. Site administrators can edit and manage content \'in-context\' by clicking the \'Edit\' link. Webmasters can also edit content through a graphical Control Panel that gives you complete control over your site.</p>','',-2,1,0,3,'2008-08-09 22:30:34',62,'','2008-08-09 22:30:34',62,0,'0000-00-00 00:00:00','2004-08-09 06:00:00','0000-00-00 00:00:00','','','show_title=\nlink_titles=\nshow_intro=\nshow_section=\nlink_section=\nshow_category=\nlink_category=\nshow_vote=\nshow_author=\nshow_create_date=\nshow_modify_date=\nshow_pdf_icon=\nshow_print_icon=\nshow_email_icon=\nlanguage=\nkeyref=\nreadmore=',6,0,0,'','',0,0,'robots=\nauthor='),(4,'Newsflash 3','newsflash-3','','<p>With a library of thousands of free <a href=\"http://extensions.joomla.org\" target=\"_blank\" title=\"The Joomla! Extensions Directory\">Extensions</a>, you can add what you need as your site grows. Don\'t wait, look through the <a href=\"http://extensions.joomla.org/\" target=\"_blank\" title=\"Joomla! Extensions\">Joomla! Extensions</a>  library today. </p>','',-2,1,0,3,'2008-08-10 06:30:34',62,'','2008-08-10 06:30:34',62,0,'0000-00-00 00:00:00','2004-08-09 10:00:00','0000-00-00 00:00:00','','','show_title=\nlink_titles=\nshow_intro=\nshow_section=\nlink_section=\nshow_category=\nlink_category=\nshow_vote=\nshow_author=\nshow_create_date=\nshow_modify_date=\nshow_pdf_icon=\nshow_print_icon=\nshow_email_icon=\nlanguage=\nkeyref=\nreadmore=',7,0,0,'','',0,1,'robots=\nauthor='),(5,'Joomla! License Guidelines','joomla-license-guidelines','joomla-license-guidelines','<p>This Web site is powered by <a href=\"http://joomla.org/\" target=\"_blank\" title=\"Joomla!\">Joomla!</a> The software and default templates on which it runs are Copyright 2005-2008 <a href=\"http://www.opensourcematters.org/\" target=\"_blank\" title=\"Open Source Matters\">Open Source Matters</a>. The sample content distributed with Joomla! is licensed under the <a href=\"http://docs.joomla.org/JEDL\" target=\"_blank\" title=\"Joomla! Electronic Document License\">Joomla! Electronic Documentation License.</a> All data entered into this Web site and templates added after installation, are copyrighted by their respective copyright owners.</p> <p>If you want to distribute, copy, or modify Joomla!, you are welcome to do so under the terms of the <a href=\"http://www.gnu.org/licenses/old-licenses/gpl-2.0.html#SEC1\" target=\"_blank\" title=\"GNU General Public License\"> GNU General Public License</a>. If you are unfamiliar with this license, you might want to read <a href=\"http://www.gnu.org/licenses/old-licenses/gpl-2.0.html#SEC4\" target=\"_blank\" title=\"How To Apply These Terms To Your Program\">\'How To Apply These Terms To Your Program\'</a> and the <a href=\"http://www.gnu.org/licenses/old-licenses/gpl-2.0-faq.html\" target=\"_blank\" title=\"GNU General Public License FAQ\">\'GNU General Public License FAQ\'</a>.</p> <p>The Joomla! licence has always been GPL.</p>','',-2,4,0,25,'2008-08-20 10:11:07',62,'','2008-08-20 10:11:07',62,0,'0000-00-00 00:00:00','2004-08-19 06:00:00','0000-00-00 00:00:00','','','show_title=\nlink_titles=\nshow_intro=\nshow_section=\nlink_section=\nshow_category=\nlink_category=\nshow_vote=\nshow_author=\nshow_create_date=\nshow_modify_date=\nshow_pdf_icon=\nshow_print_icon=\nshow_email_icon=\nlanguage=\nkeyref=\nreadmore=',7,0,0,'','',0,106,'robots=\nauthor='),(6,'We are Volunteers','we-are-volunteers','','<p>The Joomla Core Team and Working Group members are volunteer developers, designers, administrators and managers who have worked together to take Joomla! to new heights in its relatively short life. Joomla! has some wonderfully talented people taking Open Source concepts to the forefront of industry standards.  Joomla! 1.5 is a major leap forward and represents the most exciting Joomla! release in the history of the project. </p>','',-2,1,0,1,'2007-07-07 09:54:06',62,'','2007-07-07 09:54:06',62,0,'0000-00-00 00:00:00','2004-07-06 22:00:00','0000-00-00 00:00:00','','','show_title=\nlink_titles=\nshow_intro=\nshow_section=\nlink_section=\nshow_category=\nlink_category=\nshow_vote=\nshow_author=\nshow_create_date=\nshow_modify_date=\nshow_pdf_icon=\nshow_print_icon=\nshow_email_icon=\nlanguage=\nkeyref=\nreadmore=',10,0,0,'','',0,62,'robots=\nauthor='),(9,'Millions of Smiles','millions-of-smiles','','<p>The Joomla! team has millions of good reasons to be smiling about the Joomla! 1.5. In its current incarnation, it\'s had millions of downloads, taking it to an unprecedented level of popularity.  The new code base is almost an entire re-factor of the old code base.  The user experience is still extremely slick but for developers the API is a dream.  A proper framework for real PHP architects seeking the best of the best.</p><p>If you\'re a former Mambo User or a 1.0 series Joomla! User, 1.5 is the future of CMSs for a number of reasons.  It\'s more powerful, more flexible, more secure, and intuitive.  Our developers and interface designers have worked countless hours to make this the most exciting release in the content management system sphere.</p><p>Go on ... get your FREE copy of Joomla! today and spread the word about this benchmark project. </p>','',-2,1,0,1,'2007-07-07 09:54:06',62,'','2007-07-07 09:54:06',62,0,'0000-00-00 00:00:00','2004-07-06 22:00:00','0000-00-00 00:00:00','','','show_title=\nlink_titles=\nshow_intro=\nshow_section=\nlink_section=\nshow_category=\nlink_category=\nshow_vote=\nshow_author=\nshow_create_date=\nshow_modify_date=\nshow_pdf_icon=\nshow_print_icon=\nshow_email_icon=\nlanguage=\nkeyref=\nreadmore=',5,0,0,'','',0,30,'robots=\nauthor='),(10,'How do I localise Joomla! to my language?','how-do-i-localise-joomla-to-my-language','','<h4>General<br /></h4><p>In Joomla! 1.5 all User interfaces can be localised. This includes the installation, the Back-end Control Panel and the Front-end Site.</p><p>The core release of Joomla! 1.5 is shipped with multiple language choices in the installation but, other than English (the default), languages for the Site and Administration interfaces need to be added after installation. Links to such language packs exist below.</p>','<p>Translation Teams for Joomla! 1.5 may have also released fully localised installation packages where site, administrator and sample data are in the local language. These localised releases can be found in the specific team projects on the <a href=\"http://extensions.joomla.org/component/option,com_mtree/task,listcats/cat_id,1837/Itemid,35/\" target=\"_blank\" title=\"JED\">Joomla! Extensions Directory</a>.</p><h4>How do I install language packs?</h4><ul><li>First download both the admin and the site language packs that you require.</li><li>Install each pack separately using the Extensions-&gt;Install/Uninstall Menu selection and then the package file upload facility.</li><li>Go to the Language Manager and be sure to select Site or Admin in the sub-menu. Then select the appropriate language and make it the default one using the Toolbar button.</li></ul><h4>How do I select languages?</h4><ul><li>Default languages can be independently set for Site and for Administrator</li><li>In addition, users can define their preferred language for each Site and Administrator. This takes affect after logging in.</li><li>While logging in to the Administrator Back-end, a language can also be selected for the particular session.</li></ul><h4>Where can I find Language Packs and Localised Releases?</h4><p><em>Please note that Joomla! 1.5 is new and language packs for this version may have not been released at this time.</em> </p><ul><li><a href=\"http://joomlacode.org/gf/project/jtranslation/\" target=\"_blank\" title=\"Accredited Translations\">The Joomla! Accredited Translations Project</a>  - This is a joint repository for language packs that were developed by teams that are members of the Joomla! Translations Working Group.</li><li><a href=\"http://extensions.joomla.org/component/option,com_mtree/task,listcats/cat_id,1837/Itemid,35/\" target=\"_blank\" title=\"Translations\">The Joomla! Extensions Site - Translations</a>  </li><li><a href=\"http://community.joomla.org/translations.html\" target=\"_blank\" title=\"Translation Work Group Teams\">List of Translation Teams and Translation Partner Sites for Joomla! 1.5</a> </li></ul>',-2,3,0,32,'2008-07-30 14:06:37',62,'','2008-07-30 14:06:37',62,0,'0000-00-00 00:00:00','2006-09-29 10:00:00','0000-00-00 00:00:00','','','show_title=\nlink_titles=\nshow_intro=\nshow_section=\nlink_section=\nshow_category=\nlink_category=\nshow_vote=\nshow_author=\nshow_create_date=\nshow_modify_date=\nshow_pdf_icon=\nshow_print_icon=\nshow_email_icon=\nlanguage=\nkeyref=\nreadmore=',9,0,0,'','',0,10,'robots=\nauthor='),(11,'How do I upgrade to Joomla! 1.5 ?','how-do-i-upgrade-to-joomla-15','','<p>Joomla! 1.5 does not provide an upgrade path from earlier versions. Converting an older site to a Joomla! 1.5 site requires creation of a new empty site using Joomla! 1.5 and then populating the new site with the content from the old site. This migration of content is not a one-to-one process and involves conversions and modifications to the content dump.</p> <p>There are two ways to perform the migration:</p>',' <div id=\"post_content-107\"><li>An automated method of migration has been provided which uses a migrator Component to create the migration dump out of the old site (Mambo 4.5.x up to Joomla! 1.0.x) and a smart import facility in the Joomla! 1.5 Installation that performs required conversions and modifications during the installation process.</li> <li>Migration can be performed manually. This involves exporting the required tables, manually performing required conversions and modifications and then importing the content to the new site after it is installed.</li>  <p><!--more--></p> <h2><strong> Automated migration</strong></h2>  <p>This is a two phased process using two tools. The first tool is a migration Component named <font face=\"courier new,courier\">com_migrator</font>. This Component has been contributed by Harald Baer and is based on his <strong>eBackup </strong>Component. The migrator needs to be installed on the old site and when activated it prepares the required export dump of the old site\'s data. The second tool is built into the Joomla! 1.5 installation process. The exported content dump is loaded to the new site and all conversions and modification are performed on-the-fly.</p> <h3><u> Step 1 - Using com_migrator to export data from old site:</u></h3> <li>Install the <font face=\"courier new,courier\">com_migrator</font> Component on the <u><strong>old</strong></u> site. It can be found at the <a href=\"http://joomlacode.org/gf/project/pasamioprojects/frs/\" target=\"_blank\" title=\"JoomlaCode\">JoomlaCode developers forge</a>.</li> <li>Select the Component in the Component Menu of the Control Panel.</li> <li>Click on the <strong>Dump it</strong> icon. Three exported <em>gzipped </em>export scripts will be created. The first is a complete backup of the old site. The second is the migration content of all core elements which will be imported to the new site. The third is a backup of all 3PD Component tables.</li> <li>Click on the download icon of the particular exports files needed and store locally.</li> <li>Multiple export sets can be created.</li> <li>The exported data is not modified in anyway and the original encoding is preserved. This makes the <font face=\"courier new,courier\">com_migrator</font> tool a recommended tool to use for manual migration as well.</li> <h3><u> Step 2 - Using the migration facility to import and convert data during Joomla! 1.5 installation:</u></h3><p>Note: This function requires the use of the <em><font face=\"courier new,courier\">iconv </font></em>function in PHP to convert encodings. If <em><font face=\"courier new,courier\">iconv </font></em>is not found a warning will be provided.</p> <li>In step 6 - Configuration select the \'Load Migration Script\' option in the \'Load Sample Data, Restore or Migrate Backed Up Content\' section of the page.</li> <li>Enter the table prefix used in the content dump. For example: \'jos_\' or \'site2_\' are acceptable values.</li> <li>Select the encoding of the dumped content in the dropdown list. This should be the encoding used on the pages of the old site. (As defined in the _ISO variable in the language file or as seen in the browser page info/encoding/source)</li> <li>Browse the local host and select the migration export and click on <strong>Upload and Execute</strong></li> <li>A success message should appear or alternately a listing of database errors</li> <li>Complete the other required fields in the Configuration step such as Site Name and Admin details and advance to the final step of installation. (Admin details will be ignored as the imported data will take priority. Please remember admin name and password from the old site)</li> <p><u><br /></u></p></div>',-2,3,0,28,'2008-07-30 20:27:52',62,'','2008-07-30 20:27:52',62,0,'0000-00-00 00:00:00','2006-09-29 12:00:00','0000-00-00 00:00:00','','','show_title=\nlink_titles=\nshow_intro=\nshow_section=\nlink_section=\nshow_category=\nlink_category=\nshow_vote=\nshow_author=\nshow_create_date=\nshow_modify_date=\nshow_pdf_icon=\nshow_print_icon=\nshow_email_icon=\nlanguage=\nkeyref=\nreadmore=',10,0,0,'','',0,14,'robots=\nauthor='),(12,'Why does Joomla! 1.5 use UTF-8 encoding?','why-does-joomla-15-use-utf-8-encoding','','<p>Well... how about never needing to mess with encoding settings again?</p><p>Ever needed to display several languages on one page or site and something always came up in Giberish?</p><p>With utf-8 (a variant of Unicode) glyphs (character forms) of basically all languages can be displayed with one single encoding setting. </p>','',-2,3,0,31,'2008-08-05 01:11:29',62,'','2008-08-05 01:11:29',62,0,'0000-00-00 00:00:00','2006-10-03 10:00:00','0000-00-00 00:00:00','','','show_title=\nlink_titles=\nshow_intro=\nshow_section=\nlink_section=\nshow_category=\nlink_category=\nshow_vote=\nshow_author=\nshow_create_date=\nshow_modify_date=\nshow_pdf_icon=\nshow_print_icon=\nshow_email_icon=\nlanguage=\nkeyref=\nreadmore=',8,0,0,'','',0,29,'robots=\nauthor='),(13,'What happened to the locale setting?','what-happened-to-the-locale-setting','','This is now defined in the Language [<em>lang</em>].xml file in the Language metadata settings. If you are having locale problems such as dates do not appear in your language for example, you might want to check/edit the entries in the locale tag. Note that multiple locale strings can be set and the host will usually accept the first one recognised.','',-2,3,0,28,'2008-08-06 16:47:35',62,'','2008-08-06 16:47:35',62,0,'0000-00-00 00:00:00','2006-10-05 14:00:00','0000-00-00 00:00:00','','','show_title=\nlink_titles=\nshow_intro=\nshow_section=\nlink_section=\nshow_category=\nlink_category=\nshow_vote=\nshow_author=\nshow_create_date=\nshow_modify_date=\nshow_pdf_icon=\nshow_print_icon=\nshow_email_icon=\nlanguage=\nkeyref=\nreadmore=',7,0,0,'','',0,11,'robots=\nauthor='),(14,'What is the FTP layer for?','what-is-the-ftp-layer-for','','<p>The FTP Layer allows file operations (such as installing Extensions or updating the main configuration file) without having to make all the folders and files writable. This has been an issue on Linux and other Unix based platforms in respect of file permissions. This makes the site admin\'s life a lot easier and increases security of the site.</p><p>You can check the write status of relevent folders by going to \'\'Help-&gt;System Info\" and then in the sub-menu to \"Directory Permissions\". With the FTP Layer enabled even if all directories are red, Joomla! will operate smoothly.</p><p>NOTE: the FTP layer is not required on a Windows host/server. </p>','',-2,3,0,31,'2008-08-06 21:27:49',62,'','2008-08-06 21:27:49',62,0,'0000-00-00 00:00:00','2006-10-05 16:00:00','0000-00-00 00:00:00','','','show_title=\nlink_titles=\nshow_intro=\nshow_section=\nlink_section=\nshow_category=\nlink_category=\nshow_vote=\nshow_author=\nshow_create_date=\nshow_modify_date=\nshow_pdf_icon=\nshow_print_icon=\nshow_email_icon=\nlanguage=\nkeyref=',6,0,0,'','',0,23,'robots=\nauthor='),(15,'Can Joomla! 1.5 operate with PHP Safe Mode On?','can-joomla-15-operate-with-php-safe-mode-on','','<p>Yes it can! This is a significant security improvement.</p><p>The <em>safe mode</em> limits PHP to be able to perform actions only on files/folders who\'s owner is the same as PHP is currently using (this is usually \'apache\'). As files normally are created either by the Joomla! application or by FTP access, the combination of PHP file actions and the FTP Layer allows Joomla! to operate in PHP Safe Mode.</p>','',-2,3,0,31,'2008-08-06 19:28:35',62,'','2008-08-06 19:28:35',62,0,'0000-00-00 00:00:00','2006-10-05 14:00:00','0000-00-00 00:00:00','','','show_title=\nlink_titles=\nshow_intro=\nshow_section=\nlink_section=\nshow_category=\nlink_category=\nshow_vote=\nshow_author=\nshow_create_date=\nshow_modify_date=\nshow_pdf_icon=\nshow_print_icon=\nshow_email_icon=\nlanguage=\nkeyref=\nreadmore=',7,0,0,'','',0,8,'robots=\nauthor='),(16,'Only one edit window! How do I create \"Read more...\"?','only-one-edit-window-how-do-i-create-read-more','','<p>This is now implemented by inserting a <strong>Read more...</strong> tag (the button is located below the editor area) a dotted line appears in the edited text showing the split location for the <em>Read more....</em> A new Plugin takes care of the rest.</p><p>It is worth mentioning that this does not have a negative effect on migrated data from older sites. The new implementation is fully backward compatible.</p>','',-2,3,0,28,'2008-08-06 19:29:28',62,'','2008-08-06 19:29:28',62,0,'0000-00-00 00:00:00','2006-10-05 14:00:00','0000-00-00 00:00:00','','','show_title=\nlink_titles=\nshow_intro=\nshow_section=\nlink_section=\nshow_category=\nlink_category=\nshow_vote=\nshow_author=\nshow_create_date=\nshow_modify_date=\nshow_pdf_icon=\nshow_print_icon=\nshow_email_icon=\nlanguage=\nkeyref=\nreadmore=',7,0,0,'','',0,28,'robots=\nauthor='),(17,'My MySQL database does not support UTF-8. Do I have a problem?','my-mysql-database-does-not-support-utf-8-do-i-have-a-problem','','No you don\'t. Versions of MySQL lower than 4.1 do not have built in UTF-8 support. However, Joomla! 1.5 has made provisions for backward compatibility and is able to use UTF-8 on older databases. Let the installer take care of all the settings and there is no need to make any changes to the database (charset, collation, or any other).','',-2,3,0,31,'2008-08-07 09:30:37',62,'','2008-08-07 09:30:37',62,0,'0000-00-00 00:00:00','2006-10-05 20:00:00','0000-00-00 00:00:00','','','show_title=\nlink_titles=\nshow_intro=\nshow_section=\nlink_section=\nshow_category=\nlink_category=\nshow_vote=\nshow_author=\nshow_create_date=\nshow_modify_date=\nshow_pdf_icon=\nshow_print_icon=\nshow_email_icon=\nlanguage=\nkeyref=\nreadmore=',10,0,0,'','',0,9,'robots=\nauthor='),(18,'Joomla! Features','joomla-features','','<h4><font color=\"#ff6600\">Joomla! features:</font></h4> <ul><li>Completely database driven site engines </li><li>News, products, or services sections fully editable and manageable</li><li>Topics sections can be added to by contributing Authors </li><li>Fully customisable layouts including <em>left</em>, <em>center</em>, and <em>right </em>Menu boxes </li><li>Browser upload of images to your own library for use anywhere in the site </li><li>Dynamic Forum/Poll/Voting booth for on-the-spot results </li><li>Runs on Linux, FreeBSD, MacOSX server, Solaris, and AIX','  </li></ul> <h4>Extensive Administration:</h4> <ul><li>Change order of objects including news, FAQs, Articles etc. </li><li>Random Newsflash generator </li><li>Remote Author submission Module for News, Articles, FAQs, and Links </li><li>Object hierarchy - as many Sections, departments, divisions, and pages as you want </li><li>Image library - store all your PNGs, PDFs, DOCs, XLSs, GIFs, and JPEGs online for easy use </li><li>Automatic Path-Finder. Place a picture and let Joomla! fix the link </li><li>News Feed Manager. Easily integrate news feeds into your Web site.</li><li>E-mail a friend and Print format available for every story and Article </li><li>In-line Text editor similar to any basic word processor software </li><li>User editable look and feel </li><li>Polls/Surveys - Now put a different one on each page </li><li>Custom Page Modules. Download custom page Modules to spice up your site </li><li>Template Manager. Download Templates and implement them in seconds </li><li>Layout preview. See how it looks before going live </li><li>Banner Manager. Make money out of your site.</li></ul>',-2,4,0,29,'2008-08-08 23:32:45',62,'','2008-08-08 23:32:45',62,0,'0000-00-00 00:00:00','2006-10-07 06:00:00','0000-00-00 00:00:00','','','show_title=\nlink_titles=\nshow_intro=\nshow_section=\nlink_section=\nshow_category=\nlink_category=\nshow_vote=\nshow_author=\nshow_create_date=\nshow_modify_date=\nshow_pdf_icon=\nshow_print_icon=\nshow_email_icon=\nlanguage=\nkeyref=\nreadmore=',11,0,0,'','',0,59,'robots=\nauthor='),(19,'Joomla! Overview','joomla-overview','','<p>If you\'re new to Web publishing systems, you\'ll find that Joomla! delivers sophisticated solutions to your online needs. It can deliver a robust enterprise-level Web site, empowered by endless extensibility for your bespoke publishing needs. Moreover, it is often the system of choice for small business or home users who want a professional looking site that\'s simple to deploy and use. <em>We do content right</em>.<br /> </p><p>So what\'s the catch? How much does this system cost?</p><p> Well, there\'s good news ... and more good news! Joomla! 1.5 is free, it is released under an Open Source license - the GNU/General Public License v 2.0. Had you invested in a mainstream, commercial alternative, there\'d be nothing but moths left in your wallet and to add new functionality would probably mean taking out a second mortgage each time you wanted something adding!</p><p>Joomla! changes all that ... <br />Joomla! is different from the normal models for content management software. For a start, it\'s not complicated. Joomla! has been developed for everybody, and anybody can develop it further. It is designed to work (primarily) with other Open Source, free, software such as PHP, MySQL, and Apache. </p><p>It is easy to install and administer, and is reliable. </p><p>Joomla! doesn\'t even require the user or administrator of the system to know HTML to operate it once it\'s up and running.</p><p>To get the perfect Web site with all the functionality that you require for your particular application may take additional time and effort, but with the Joomla! Community support that is available and the many Third Party Developers actively creating and releasing new Extensions for the 1.5 platform on an almost daily basis, there is likely to be something out there to meet your needs. Or you could develop your own Extensions and make these available to the rest of the community. </p>','',-2,4,0,29,'2008-08-09 07:49:20',62,'','2008-08-09 07:49:20',62,0,'0000-00-00 00:00:00','2006-10-07 10:00:00','0000-00-00 00:00:00','','','show_title=\nlink_titles=\nshow_intro=\nshow_section=\nlink_section=\nshow_category=\nlink_category=\nshow_vote=\nshow_author=\nshow_create_date=\nshow_modify_date=\nshow_pdf_icon=\nshow_print_icon=\nshow_email_icon=\nlanguage=\nkeyref=\nreadmore=',13,0,0,'','',0,150,'robots=\nauthor='),(20,'Support and Documentation','support-and-documentation','','<h1>Support </h1><p>Support for the Joomla! CMS can be found on several places. The best place to start would be the <a href=\"http://docs.joomla.org/\" target=\"_blank\" title=\"Joomla! Official Documentation Wiki\">Joomla! Official Documentation Wiki</a>. Here you can help yourself to the information that is regularly published and updated as Joomla! develops. There is much more to come too!</p> <p>Of course you should not forget the Help System of the CMS itself. On the <em>topmenu </em>in the Back-end Control panel you find the Help button which will provide you with lots of explanation on features.</p> <p>Another great place would of course be the <a href=\"http://forum.joomla.org/\" target=\"_blank\" title=\"Forum\">Forum</a> . On the Joomla! Forum you can find help and support from Community members as well as from Joomla! Core members and Working Group members. The forum contains a lot of information, FAQ\'s, just about anything you are looking for in terms of support.</p> <p>Two other resources for Support are the <a href=\"http://developer.joomla.org/\" target=\"_blank\" title=\"Joomla! Developer Site\">Joomla! Developer Site</a> and the <a href=\"http://extensions.joomla.org/\" target=\"_blank\" title=\"Joomla! Extensions Directory\">Joomla! Extensions Directory</a> (JED). The Joomla! Developer Site provides lots of technical information for the experienced Developer as well as those new to Joomla! and development work in general. The JED whilst not a support site in the strictest sense has many of the Extensions that you will need as you develop your own Web site.</p> <p>The Joomla! Developers and Bug Squad members are regularly posting their blog reports about several topics such as programming techniques and security issues.</p> <h1>Documentation</h1> <p>Joomla! Documentation can of course be found on the <a href=\"http://docs.joomla.org/\" target=\"_blank\" title=\"Joomla! Official Documentation Wiki\">Joomla! Official Documentation Wiki</a>. You can find information for beginners, installation, upgrade, Frequently Asked Questions, developer topics, and a lot more. The Documentation Team helps oversee the wiki but you are invited to contribute content, as well.</p> <p>There are also books written about Joomla! You can find a listing of these books in the <a href=\"http://shop.joomla.org/\" target=\"_blank\" title=\"Joomla! Shop\">Joomla! Shop</a>.</p>','',-2,4,0,25,'2008-08-09 08:33:57',62,'','2008-08-09 08:33:57',62,0,'0000-00-00 00:00:00','2006-10-07 10:00:00','0000-00-00 00:00:00','','','show_title=\nlink_titles=\nshow_intro=\nshow_section=\nlink_section=\nshow_category=\nlink_category=\nshow_vote=\nshow_author=\nshow_create_date=\nshow_modify_date=\nshow_pdf_icon=\nshow_print_icon=\nshow_email_icon=\nlanguage=\nkeyref=\nreadmore=',13,0,0,'','',0,6,'robots=\nauthor='),(21,'Joomla! Facts','joomla-facts','','<p>Here are some interesting facts about Joomla!</p><ul><li><span>Over 210,000 active registered Users on the <a href=\"http://forum.joomla.org\" target=\"_blank\" title=\"Joomla Forums\">Official Joomla! community forum</a> and more on the many international community sites.</span><ul><li><span>over 1,000,000 posts in over 200,000 topics</span></li><li>over 1,200 posts per day</li><li>growing at 150 new participants each day!</li></ul></li><li><span>1168 Projects on the JoomlaCode (<a href=\"http://joomlacode.org/\" target=\"_blank\" title=\"JoomlaCode\">joomlacode.org</a> ). All for open source addons by third party developers.</span><ul><li><span>Well over 6,000,000 downloads of Joomla! since the migration to JoomlaCode in March 2007.<br /></span></li></ul></li><li><span>Nearly 4,000 extensions for Joomla! have been registered on the <a href=\"http://extensions.joomla.org\" target=\"_blank\" title=\"http://extensions.joomla.org\">Joomla! Extension Directory</a>  </span></li><li><span>Joomla.org exceeds 2 TB of traffic per month!</span></li></ul>','',-2,4,0,30,'2008-08-09 16:46:37',62,'','2008-08-09 16:46:37',62,0,'0000-00-00 00:00:00','2006-10-07 14:00:00','0000-00-00 00:00:00','','','show_title=\nlink_titles=\nshow_intro=\nshow_section=\nlink_section=\nshow_category=\nlink_category=\nshow_vote=\nshow_author=\nshow_create_date=\nshow_modify_date=\nshow_pdf_icon=\nshow_print_icon=\nshow_email_icon=\nlanguage=\nkeyref=\nreadmore=',13,0,0,'','',0,50,'robots=\nauthor='),(22,'What\'s New in 1.5?','whats-new-in-15','','<p>As with previous releases, Joomla! provides a unified and easy-to-use framework for delivering content for Web sites of all kinds. To support the changing nature of the Internet and emerging Web technologies, Joomla! required substantial restructuring of its core functionality and we also used this effort to simplify many challenges within the current user interface. Joomla! 1.5 has many new features.</p>','<p style=\"margin-bottom: 0in\">In Joomla! 1.5, you\'ll notice: </p>    <ul><li>     <p style=\"margin-bottom: 0in\">       Substantially improved usability, manageability, and scalability far beyond the original Mambo foundations</p>   </li><li>     <p style=\"margin-bottom: 0in\"> Expanded accessibility to support internationalisation, double-byte characters and right-to-left support for Arabic, Farsi, and Hebrew languages among others</p>   </li><li>     <p style=\"margin-bottom: 0in\"> Extended integration of external applications through Web services and remote authentication such as the Lightweight Directory Access Protocol (LDAP)</p>   </li><li>     <p style=\"margin-bottom: 0in\"> Enhanced content delivery, template and presentation capabilities to support accessibility standards and content delivery to any destination</p>   </li><li>     <p style=\"margin-bottom: 0in\">       A more sustainable and flexible framework for Component and Extension developers</p>   </li><li>     <p style=\"margin-bottom: 0in\">Backward compatibility with previous releases of Components, Templates, Modules, and other Extensions</p></li></ul>',-2,4,0,29,'2008-08-11 22:13:58',62,'','2008-08-11 22:13:58',62,0,'0000-00-00 00:00:00','2006-10-10 18:00:00','0000-00-00 00:00:00','','','show_title=\nlink_titles=\nshow_intro=\nshow_section=\nlink_section=\nshow_category=\nlink_category=\nshow_vote=\nshow_author=\nshow_create_date=\nshow_modify_date=\nshow_pdf_icon=\nshow_print_icon=\nshow_email_icon=\nlanguage=\nkeyref=\nreadmore=',10,0,0,'','',0,92,'robots=\nauthor='),(23,'Platforms and Open Standards','platforms-and-open-standards','','<p class=\"MsoNormal\">Joomla! runs on any platform including Windows, most flavours of Linux, several Unix versions, and the Apple OS/X platform.  Joomla! depends on PHP and the MySQL database to deliver dynamic content.  </p>            <p class=\"MsoNormal\">The minimum requirements are:</p>      <ul><li>Apache 1.x, 2.x and higher</li><li>PHP 4.3 and higher</li><li>MySQL 3.23 and higher</li></ul>It will also run on alternative server platforms such as Windows IIS - provided they support PHP and MySQL - but these require additional configuration in order for the Joomla! core package to be successful installed and operated.','',-2,4,0,25,'2008-08-11 04:22:14',62,'','2008-08-11 04:22:14',62,0,'0000-00-00 00:00:00','2006-10-10 08:00:00','0000-00-00 00:00:00','','','show_title=\nlink_titles=\nshow_intro=\nshow_section=\nlink_section=\nshow_category=\nlink_category=\nshow_vote=\nshow_author=\nshow_create_date=\nshow_modify_date=\nshow_pdf_icon=\nshow_print_icon=\nshow_email_icon=\nlanguage=\nkeyref=\nreadmore=',7,0,0,'','',0,11,'robots=\nauthor='),(24,'Content Layouts','content-layouts','','<p>Joomla! provides plenty of flexibility when displaying your Web content. Whether you are using Joomla! for a blog site, news or a Web site for a company, you\'ll find one or more content styles to showcase your information. You can also change the style of content dynamically depending on your preferences. Joomla! calls how a page is laid out a <strong>layout</strong>. Use the guide below to understand which layouts are available and how you might use them. </p> <h2>Content </h2> <p>Joomla! makes it extremely easy to add and display content. All content  is placed where your mainbody tag in your template is located. There are three main types of layouts available in Joomla! and all of them can be customised via parameters. The display and parameters are set in the Menu Item used to display the content your working on. You create these layouts by creating a Menu Item and choosing how you want the content to display.</p> <h3>Blog Layout<br /> </h3> <p>Blog layout will show a listing of all Articles of the selected blog type (Section or Category) in the mainbody position of your template. It will give you the standard title, and Intro of each Article in that particular Category and/or Section. You can customise this layout via the use of the Preferences and Parameters, (See Article Parameters) this is done from the Menu not the Section Manager!</p> <h3>Blog Archive Layout<br /> </h3> <p>A Blog Archive layout will give you a similar output of Articles as the normal Blog Display but will add, at the top, two drop down lists for month and year plus a search button to allow Users to search for all Archived Articles from a specific month and year.</p> <h3>List Layout<br /> </h3> <p>Table layout will simply give you a <em>tabular </em>list<em> </em>of all the titles in that particular Section or Category. No Intro text will be displayed just the titles. You can set how many titles will be displayed in this table by Parameters. The table layout will also provide a filter Section so that Users can reorder, filter, and set how many titles are listed on a single page (up to 50)</p> <h2>Wrapper</h2> <p>Wrappers allow you to place stand alone applications and Third Party Web sites inside your Joomla! site. The content within a Wrapper appears within the primary content area defined by the \"mainbody\" tag and allows you to display their content as a part of your own site. A Wrapper will place an IFRAME into the content Section of your Web site and wrap your standard template navigation around it so it appears in the same way an Article would.</p> <h2>Content Parameters</h2> <p>The parameters for each layout type can be found on the right hand side of the editor boxes in the Menu Item configuration screen. The parameters available depend largely on what kind of layout you are configuring.</p>','',-2,4,0,29,'2008-08-12 22:33:10',62,'','2008-08-12 22:33:10',62,0,'0000-00-00 00:00:00','2006-10-11 06:00:00','0000-00-00 00:00:00','','','show_title=\nlink_titles=\nshow_intro=\nshow_section=\nlink_section=\nshow_category=\nlink_category=\nshow_vote=\nshow_author=\nshow_create_date=\nshow_modify_date=\nshow_pdf_icon=\nshow_print_icon=\nshow_email_icon=\nlanguage=\nkeyref=\nreadmore=',11,0,0,'','',0,70,'robots=\nauthor='),(25,'What are the requirements to run Joomla! 1.5?','what-are-the-requirements-to-run-joomla-15','','<p>Joomla! runs on the PHP pre-processor. PHP comes in many flavours, for a lot of operating systems. Beside PHP you will need a Web server. Joomla! is optimized for the Apache Web server, but it can run on different Web servers like Microsoft IIS it just requires additional configuration of PHP and MySQL. Joomla! also depends on a database, for this currently you can only use MySQL. </p>Many people know from their own experience that it\'s not easy to install an Apache Web server and it gets harder if you want to add MySQL, PHP and Perl. XAMPP, WAMP, and MAMP are easy to install distributions containing Apache, MySQL, PHP and Perl for the Windows, Mac OSX and Linux operating systems. These packages are for localhost installations on non-public servers only.<br />The minimum version requirements are:<br /><ul><li>Apache 1.x or 2.x</li><li>PHP 4.3 or up</li><li>MySQL 3.23 or up</li></ul>For the latest minimum requirements details, see <a href=\"http://www.joomla.org/about-joomla/technical-requirements.html\" target=\"_blank\" title=\"Joomla! Technical Requirements\">Joomla! Technical Requirements</a>.','',-2,3,0,31,'2008-08-11 00:42:31',62,'','2008-08-11 00:42:31',62,0,'0000-00-00 00:00:00','2006-10-10 06:00:00','0000-00-00 00:00:00','','','show_title=\nlink_titles=\nshow_intro=\nshow_section=\nlink_section=\nshow_category=\nlink_category=\nshow_vote=\nshow_author=\nshow_create_date=\nshow_modify_date=\nshow_pdf_icon=\nshow_print_icon=\nshow_email_icon=\nlanguage=\nkeyref=\nreadmore=',6,0,0,'','',0,25,'robots=\nauthor='),(26,'Extensions','extensions','','<p>Out of the box, Joomla! does a great job of managing the content needed to make your Web site sing. But for many people, the true power of Joomla! lies in the application framework that makes it possible for developers all around the world to create powerful add-ons that are called <strong>Extensions</strong>. An Extension is used to add capabilities to Joomla! that do not exist in the base core code. Here are just some examples of the hundreds of available Extensions:</p> <ul>   <li>Dynamic form builders</li>   <li>Business or organisational directories</li>   <li>Document management</li>   <li>Image and multimedia galleries</li>   <li>E-commerce and shopping cart engines</li>   <li>Forums and chat software</li>   <li>Calendars</li>   <li>E-mail newsletters</li>   <li>Data collection and reporting tools</li>   <li>Banner advertising systems</li>   <li>Paid subscription services</li>   <li>and many, many, more</li> </ul> <p>You can find more examples over at our ever growing <a href=\"http://extensions.joomla.org\" target=\"_blank\" title=\"Joomla! Extensions Directory\">Joomla! Extensions Directory</a>. Prepare to be amazed at the amount of exciting work produced by our active developer community!</p><p>A useful guide to the Extension site can be found at:<br /><a href=\"http://extensions.joomla.org/content/view/15/63/\" target=\"_blank\" title=\"Guide to the Joomla! Extension site\">http://extensions.joomla.org/content/view/15/63/</a> </p> <h3>Types of Extensions </h3><p>There are five types of extensions:</p> <ul>   <li>Components</li>   <li>Modules</li>   <li>Templates</li>   <li>Plugins</li>   <li>Languages</li> </ul> <p>You can read more about the specifics of these using the links in the Article Index - a Table of Contents (yet another useful feature of Joomla!) - at the top right or by clicking on the <strong>Next </strong>link below.<br /> </p> <hr title=\"Components\" class=\"system-pagebreak\" /> <h3><img src=\"images/stories/ext_com.png\" border=\"0\" alt=\"Component - Joomla! Extension Directory\" title=\"Component - Joomla! Extension Directory\" width=\"17\" height=\"17\" /> Components</h3> <p>A Component is the largest and most complex of the Extension types.  Components are like mini-applications that render the main body of the  page. An analogy that might make the relationship easier to understand  would be that Joomla! is a book and all the Components are chapters in  the book. The core Article Component (<font face=\"courier new,courier\">com_content</font>), for example, is the  mini-application that handles all core Article rendering just as the  core registration Component (<font face=\"courier new,courier\">com_user</font>) is the mini-application  that handles User registration.</p> <p>Many of Joomla!\'s core features are provided by the use of default Components such as:</p> <ul>   <li>Contacts</li>   <li>Front Page</li>   <li>News Feeds</li>   <li>Banners</li>   <li>Mass Mail</li>   <li>Polls</li></ul><p>A Component will manage data, set displays, provide functions, and in general can perform any operation that does not fall under the general functions of the core code.</p> <p>Components work hand in hand with Modules and Plugins to provide a rich variety of content display and functionality aside from the standard Article and content display. They make it possible to completely transform Joomla! and greatly expand its capabilities.</p>  <hr title=\"Modules\" class=\"system-pagebreak\" /> <h3><img src=\"images/stories/ext_mod.png\" border=\"0\" alt=\"Module - Joomla! Extension Directory\" title=\"Module - Joomla! Extension Directory\" width=\"17\" height=\"17\" /> Modules</h3> <p>A more lightweight and flexible Extension used for page rendering is a Module. Modules are used for small bits of the page that are generally  less complex and able to be seen across different Components. To  continue in our book analogy, a Module can be looked at as a footnote  or header block, or perhaps an image/caption block that can be rendered  on a particular page. Obviously you can have a footnote on any page but  not all pages will have them. Footnotes also might appear regardless of  which chapter you are reading. Simlarly Modules can be rendered  regardless of which Component you have loaded.</p> <p>Modules are like little mini-applets that can be placed anywhere on your site. They work in conjunction with Components in some cases and in others are complete stand alone snippets of code used to display some data from the database such as Articles (Newsflash) Modules are usually used to output data but they can also be interactive form items to input data for example the Login Module or Polls.</p> <p>Modules can be assigned to Module positions which are defined in your Template and in the back-end using the Module Manager and editing the Module Position settings. For example, \"left\" and \"right\" are common for a 3 column layout. </p> <h4>Displaying Modules</h4> <p>Each Module is assigned to a Module position on your site. If you wish it to display in two different locations you must copy the Module and assign the copy to display at the new location. You can also set which Menu Items (and thus pages) a Module will display on, you can select all Menu Items or you can pick and choose by holding down the control key and selecting multiple locations one by one in the Modules [Edit] screen</p> <p>Note: Your Main Menu is a Module! When you create a new Menu in the Menu Manager you are actually copying the Main Menu Module (<font face=\"courier new,courier\">mod_mainmenu</font>) code and giving it the name of your new Menu. When you copy a Module you do not copy all of its parameters, you simply allow Joomla! to use the same code with two separate settings.</p> <h4>Newsflash Example</h4> <p>Newsflash is a Module which will display Articles from your site in an assignable Module position. It can be used and configured to display one Category, all Categories, or to randomly choose Articles to highlight to Users. It will display as much of an Article as you set, and will show a <em>Read more...</em> link to take the User to the full Article.</p> <p>The Newsflash Component is particularly useful for things like Site News or to show the latest Article added to your Web site.</p>  <hr title=\"Plugins\" class=\"system-pagebreak\" /> <h3><img src=\"images/stories/ext_plugin.png\" border=\"0\" alt=\"Plugin - Joomla! Extension Directory\" title=\"Plugin - Joomla! Extension Directory\" width=\"17\" height=\"17\" /> Plugins</h3> <p>One  of the more advanced Extensions for Joomla! is the Plugin. In previous  versions of Joomla! Plugins were known as Mambots. Aside from changing their name their  functionality has been expanded. A Plugin is a section of code that  runs when a pre-defined event happens within Joomla!. Editors are Plugins, for example, that execute when the Joomla! event <font face=\"courier new,courier\">onGetEditorArea</font> occurs. Using a Plugin allows a developer to change  the way their code behaves depending upon which Plugins are installed  to react to an event.</p>  <hr title=\"Languages\" class=\"system-pagebreak\" /> <h3><img src=\"images/stories/ext_lang.png\" border=\"0\" alt=\"Language - Joomla! Extensions Directory\" title=\"Language - Joomla! Extensions Directory\" width=\"17\" height=\"17\" /> Languages</h3> <p>New  to Joomla! 1.5 and perhaps the most basic and critical Extension is a Language. Joomla! is released with multiple Installation Languages but the base Site and Administrator are packaged in just the one Language <strong>en-GB</strong> - being English with GB spelling for example. To include all the translations currently available would bloat the core package and make it unmanageable for uploading purposes. The Language files enable all the User interfaces both Front-end and Back-end to be presented in the local preferred language. Note these packs do not have any impact on the actual content such as Articles. </p> <p>More information on languages is available from the <br />   <a href=\"http://community.joomla.org/translations.html\" target=\"_blank\" title=\"Joomla! Translation Teams\">http://community.joomla.org/translations.html</a></p>','',-2,4,0,29,'2008-08-11 06:00:00',62,'','2008-08-11 06:00:00',62,0,'0000-00-00 00:00:00','2006-10-10 22:00:00','0000-00-00 00:00:00','','','show_title=\nlink_titles=\nshow_intro=\nshow_section=\nlink_section=\nshow_category=\nlink_category=\nshow_vote=\nshow_author=\nshow_create_date=\nshow_modify_date=\nshow_pdf_icon=\nshow_print_icon=\nshow_email_icon=\nlanguage=\nkeyref=\nreadmore=',24,0,0,'About Joomla!, General, Extensions','',0,122,'robots=\nauthor='),(27,'The Joomla! Community','the-joomla-community','','<p><strong>Got a question? </strong>With more than 210,000 members, the Joomla! Discussion Forums at <a href=\"http://forum.joomla.org/\" target=\"_blank\" title=\"Forums\">forum.joomla.org</a> are a great resource for both new and experienced users. Ask your toughest questions the community is waiting to see what you\'ll do with your Joomla! site.</p><p><strong>Do you want to show off your new Joomla! Web site?</strong> Visit the <a href=\"http://forum.joomla.org/viewforum.php?f=514\" target=\"_blank\" title=\"Site Showcase\">Site Showcase</a> section of our forum.</p><p><strong>Do you want to contribute?</strong></p><p>If you think working with Joomla is fun, wait until you start working on it. We\'re passionate about helping Joomla users become contributors. There are many ways you can help Joomla\'s development:</p><ul>	<li>Submit news about Joomla. We syndicate Joomla-related news on <a href=\"http://news.joomla.org\" target=\"_blank\" title=\"JoomlaConnect\">JoomlaConnect<sup>TM</sup></a>. If you have Joomla news that you would like to share with the community, find out how to get connected <a href=\"http://community.joomla.org/connect.html\" target=\"_blank\" title=\"JoomlaConnect\">here</a>.</li>	<li>Report bugs and request features in our <a href=\"http://joomlacode.org/gf/project/joomla/tracker/\" target=\"_blank\" title=\"Joomla! developement trackers\">trackers</a>. Please read <a href=\"http://docs.joomla.org/Filing_bugs_and_issues\" target=\"_blank\" title=\"Reporting Bugs\">Reporting Bugs</a>, for details on how we like our bug reports served up</li><li>Submit patches for new and/or fixed behaviour. Please read <a href=\"http://docs.joomla.org/Patch_submission_guidelines\" target=\"_blank\" title=\"Submitting Patches\">Submitting Patches</a>, for details on how to submit a patch.</li><li>Join the <a href=\"http://forum.joomla.org/viewforum.php?f=509\" target=\"_blank\" title=\"Joomla! development forums\">developer forums</a> and share your ideas for how to improve Joomla. We\'re always open to suggestions, although we\'re likely to be sceptical of large-scale suggestions without some code to back it up.</li><li>Join any of the <a href=\"http://www.joomla.org/about-joomla/the-project/working-groups.html\" target=\"_blank\" title=\"Joomla! working groups\">Joomla Working Groups</a> and bring your personal expertise to the Joomla community. </li></ul><p>These are just a few ways you can contribute. See <a href=\"http://www.joomla.org/about-joomla/contribute-to-joomla.html\" target=\"_blank\" title=\"Contribute\">Contribute to Joomla</a> for many more ways.</p>','',-2,4,0,30,'2008-08-12 16:50:48',62,'','2008-08-12 16:50:48',62,0,'0000-00-00 00:00:00','2006-10-11 02:00:00','0000-00-00 00:00:00','','','show_title=\nlink_titles=\nshow_intro=\nshow_section=\nlink_section=\nshow_category=\nlink_category=\nshow_vote=\nshow_author=\nshow_create_date=\nshow_modify_date=\nshow_pdf_icon=\nshow_print_icon=\nshow_email_icon=\nlanguage=\nkeyref=\nreadmore=',12,0,0,'','',0,75,'robots=\nauthor='),(28,'How do I install Joomla! 1.5?','how-do-i-install-joomla-15','','<p>Installing of Joomla! 1.5 is pretty easy. We assume you have set-up your Web site, and it is accessible with your browser.<br /><br />Download Joomla! 1.5, unzip it and upload/copy the files into the directory you Web site points to, fire up your browser and enter your Web site address and the installation will start.  </p><p>For full details on the installation processes check out the <a href=\"http://help.joomla.org/content/category/48/268/302\" target=\"_blank\" title=\"Joomla! 1.5 Installation Manual\">Installation Manual</a> on the <a href=\"http://help.joomla.org\" target=\"_blank\" title=\"Joomla! Help Site\">Joomla! Help Site</a> where you will also find download instructions for a PDF version too. </p>','',-2,3,0,31,'2008-08-11 01:10:59',62,'','2008-08-11 01:10:59',62,0,'0000-00-00 00:00:00','2006-10-10 06:00:00','0000-00-00 00:00:00','','','show_title=\nlink_titles=\nshow_intro=\nshow_section=\nlink_section=\nshow_category=\nlink_category=\nshow_vote=\nshow_author=\nshow_create_date=\nshow_modify_date=\nshow_pdf_icon=\nshow_print_icon=\nshow_email_icon=\nlanguage=\nkeyref=\nreadmore=',5,0,0,'','',0,53,'robots=\nauthor='),(29,'What is the purpose of the collation selection in the installation screen?','what-is-the-purpose-of-the-collation-selection-in-the-installation-screen','','The collation option determines the way ordering in the database is done. In languages that use special characters, for instance the German umlaut, the database collation determines the sorting order. If you don\'t know which collation you need, select the \"utf8_general_ci\" as most languages use this. The other collations listed are exceptions in regards to the general collation. If your language is not listed in the list of collations it most likely means that \"utf8_general_ci is suitable.','',-2,3,0,32,'2008-08-11 03:11:38',62,'','2008-08-11 03:11:38',62,0,'0000-00-00 00:00:00','2006-10-10 08:00:00','0000-00-00 00:00:00','','','show_title=\nlink_titles=\nshow_intro=\nshow_section=\nlink_section=\nshow_category=\nlink_category=\nshow_vote=\nshow_author=\nshow_create_date=\nshow_modify_date=\nshow_pdf_icon=\nshow_print_icon=\nshow_email_icon=\nlanguage=\nkeyref=',4,0,0,'','',0,34,'robots=\nauthor='),(30,'What languages are supported by Joomla! 1.5?','what-languages-are-supported-by-joomla-15','','Within the Installer you will find a wide collection of languages. The installer currently supports the following languages: Arabic, Bulgarian, Bengali, Czech, Danish, German, Greek, English, Spanish, Finnish, French, Hebrew, Devanagari(India), Croatian(Croatia), Magyar (Hungary), Italian, Malay, Norwegian bokmal, Dutch, Portuguese(Brasil), Portugues(Portugal), Romanian, Russian, Serbian, Svenska, Thai and more are being added all the time.<br />By default the English language is installed for the Back and Front-ends. You can download additional language files from the <a href=\"http://extensions.joomla.org\" target=\"_blank\" title=\"Joomla! Extensions Directory\">Joomla!Extensions Directory</a>. ','',-2,3,0,32,'2008-08-11 01:12:18',62,'','2008-08-11 01:12:18',62,0,'0000-00-00 00:00:00','2006-10-10 06:00:00','0000-00-00 00:00:00','','','show_title=\nlink_titles=\nshow_intro=\nshow_section=\nlink_section=\nshow_category=\nlink_category=\nshow_vote=\nshow_author=\nshow_create_date=\nshow_modify_date=\nshow_pdf_icon=\nshow_print_icon=\nshow_email_icon=\nlanguage=\nkeyref=\nreadmore=',5,0,0,'','',0,15,'robots=\nauthor='),(31,'Is it useful to install the sample data?','is-it-useful-to-install-the-sample-data','','Well you are reading it right now! This depends on what you want to achieve. If you are new to Joomla! and have no clue how it all fits together, just install the sample data. If you don\'t like the English sample data because you - for instance - speak Chinese, then leave it out.','',-2,3,0,27,'2008-08-11 09:12:55',62,'','2008-08-11 09:12:55',62,0,'0000-00-00 00:00:00','2006-10-10 10:00:00','0000-00-00 00:00:00','','','show_title=\nlink_titles=\nshow_intro=\nshow_section=\nlink_section=\nshow_category=\nlink_category=\nshow_vote=\nshow_author=\nshow_create_date=\nshow_modify_date=\nshow_pdf_icon=\nshow_print_icon=\nshow_email_icon=\nlanguage=\nkeyref=\nreadmore=',6,0,0,'','',0,3,'robots=\nauthor='),(32,'Where is the Static Content Item?','where-is-the-static-content','','<p>In Joomla! versions prior to 1.5 there were separate processes for creating a Static Content Item and normal Content Items. The processes have been combined now and whilst both content types are still around they are renamed as Articles for Content Items and Uncategorized Articles for Static Content Items. </p><p>If you want to create a static item, create a new Article in the same way as for standard content and rather than relating this to a particular Section and Category just select <span style=\"font-style: italic\">Uncategorized</span> as the option in the Section and Category drop down lists.</p>','',-2,3,0,28,'2008-08-10 23:13:33',62,'','2008-08-10 23:13:33',62,0,'0000-00-00 00:00:00','2006-10-10 04:00:00','0000-00-00 00:00:00','','','show_title=\nlink_titles=\nshow_intro=\nshow_section=\nlink_section=\nshow_category=\nlink_category=\nshow_vote=\nshow_author=\nshow_create_date=\nshow_modify_date=\nshow_pdf_icon=\nshow_print_icon=\nshow_email_icon=\nlanguage=\nkeyref=\nreadmore=',6,0,0,'','',0,5,'robots=\nauthor='),(33,'What is an Uncategorised Article?','what-is-uncategorised-article','','Most Articles will be assigned to a Section and Category. In many cases, you might not know where you want it to appear so put the Article in the <em>Uncategorized </em>Section/Category. The Articles marked as <em>Uncategorized </em>are handled as static content.','',-2,3,0,31,'2008-08-11 15:14:11',62,'','2008-08-11 15:14:11',62,0,'0000-00-00 00:00:00','2006-10-10 12:00:00','0000-00-00 00:00:00','','','show_title=\nlink_titles=\nshow_intro=\nshow_section=\nlink_section=\nshow_category=\nlink_category=\nshow_vote=\nshow_author=\nshow_create_date=\nshow_modify_date=\nshow_pdf_icon=\nshow_print_icon=\nshow_email_icon=\nlanguage=\nkeyref=\nreadmore=',8,0,0,'','',0,6,'robots=\nauthor='),(34,'Does the PDF icon render pictures and special characters?','does-the-pdf-icon-render-pictures-and-special-characters','','Yes! Prior to Joomla! 1.5, only the text values of an Article and only for ISO-8859-1 encoding was allowed in the PDF rendition. With the new PDF library in place, the complete Article including images is rendered and applied to the PDF. The PDF generator also handles the UTF-8 texts and can handle any character sets from any language. The appropriate fonts must be installed but this is done automatically during a language pack installation.','',-2,3,0,32,'2008-08-11 17:14:57',62,'','2008-08-11 17:14:57',62,0,'0000-00-00 00:00:00','2006-10-10 14:00:00','0000-00-00 00:00:00','','','show_title=\nlink_titles=\nshow_intro=\nshow_section=\nlink_section=\nshow_category=\nlink_category=\nshow_vote=\nshow_author=\nshow_create_date=\nshow_modify_date=\nshow_pdf_icon=\nshow_print_icon=\nshow_email_icon=\nlanguage=\nkeyref=\nreadmore=',7,0,0,'','',0,6,'robots=\nauthor='),(35,'Is it possible to change A Menu Item\'s Type?','is-it-possible-to-change-the-types-of-menu-entries','','<p>You indeed can change the Menu Item\'s Type to whatever you want, even after they have been created. </p><p>If, for instance, you want to change the Blog Section of a Menu link, go to the Control Panel-&gt;Menus Menu-&gt;[menuname]-&gt;Menu Item Manager and edit the Menu Item. Select the <strong>Change Type</strong> button and choose the new style of Menu Item Type from the available list. Thereafter, alter the Details and Parameters to reconfigure the display for the new selection  as you require it.</p>','',-2,3,0,31,'2008-08-10 23:15:36',62,'','2008-08-10 23:15:36',62,0,'0000-00-00 00:00:00','2006-10-10 04:00:00','0000-00-00 00:00:00','','','show_title=\nlink_titles=\nshow_intro=\nshow_section=\nlink_section=\nshow_category=\nlink_category=\nshow_vote=\nshow_author=\nshow_create_date=\nshow_modify_date=\nshow_pdf_icon=\nshow_print_icon=\nshow_email_icon=\nlanguage=\nkeyref=\nreadmore=',6,0,0,'','',0,18,'robots=\nauthor='),(36,'Where did the Installers go?','where-did-the-installer-go','','The improved Installer can be found under the Extensions Menu. With versions prior to Joomla! 1.5 you needed to select a specific Extension type when you wanted to install it and use the Installer associated with it, with Joomla! 1.5 you just select the Extension you want to upload, and click on install. The Installer will do all the hard work for you.','',-2,3,0,28,'2008-08-10 23:16:20',62,'','2008-08-10 23:16:20',62,0,'0000-00-00 00:00:00','2006-10-10 04:00:00','0000-00-00 00:00:00','','','show_title=\nlink_titles=\nshow_intro=\nshow_section=\nlink_section=\nshow_category=\nlink_category=\nshow_vote=\nshow_author=\nshow_create_date=\nshow_modify_date=\nshow_pdf_icon=\nshow_print_icon=\nshow_email_icon=\nlanguage=\nkeyref=\nreadmore=',6,0,0,'','',0,4,'robots=\nauthor='),(37,'Where did the Mambots go?','where-did-the-mambots-go','','<p>Mambots have been renamed as Plugins. </p><p>Mambots were introduced in Mambo and offered possibilities to add plug-in logic to your site mainly for the purpose of manipulating content. In Joomla! 1.5, Plugins will now have much broader capabilities than Mambots. Plugins are able to extend functionality at the framework layer as well.</p>','',-2,3,0,28,'2008-08-11 09:17:00',62,'','2008-08-11 09:17:00',62,0,'0000-00-00 00:00:00','2006-10-10 10:00:00','0000-00-00 00:00:00','','','show_title=\nlink_titles=\nshow_intro=\nshow_section=\nlink_section=\nshow_category=\nlink_category=\nshow_vote=\nshow_author=\nshow_create_date=\nshow_modify_date=\nshow_pdf_icon=\nshow_print_icon=\nshow_email_icon=\nlanguage=\nkeyref=\nreadmore=',6,0,0,'','',0,4,'robots=\nauthor='),(38,'I installed with my own language, but the Back-end is still in English','i-installed-with-my-own-language-but-the-back-end-is-still-in-english','','<p>A lot of different languages are available for the Back-end, but by default this language may not be installed. If you want a translated Back-end, get your language pack and install it using the Extension Installer. After this, go to the Extensions Menu, select Language Manager and make your language the default one. Your Back-end will be translated immediately.</p><p>Users who have access rights to the Back-end may choose the language they prefer in their Personal Details parameters. This is of also true for the Front-end language.</p><p> A good place to find where to download your languages and localised versions of Joomla! is <a href=\"http://extensions.joomla.org/index.php?option=com_mtree&task=listcats&cat_id=1837&Itemid=35\" target=\"_blank\" title=\"Translations for Joomla!\">Translations for Joomla!</a> on JED.</p>','',-2,3,0,32,'2008-08-11 17:18:14',62,'','2008-08-11 17:18:14',62,0,'0000-00-00 00:00:00','2006-10-10 14:00:00','0000-00-00 00:00:00','','','show_title=\nlink_titles=\nshow_intro=\nshow_section=\nlink_section=\nshow_category=\nlink_category=\nshow_vote=\nshow_author=\nshow_create_date=\nshow_modify_date=\nshow_pdf_icon=\nshow_print_icon=\nshow_email_icon=\nlanguage=\nkeyref=\nreadmore=',7,0,0,'','',0,7,'robots=\nauthor='),(39,'How do I remove an Article?','how-do-i-remove-an-article','','<p>To completely remove an Article, select the Articles that you want to delete and move them to the Trash. Next, open the Article Trash in the Content Menu and select the Articles you want to delete. After deleting an Article, it is no longer available as it has been deleted from the database and it is not possible to undo this operation.  </p>','',-2,3,0,27,'2008-08-11 09:19:01',62,'','2008-08-11 09:19:01',62,0,'0000-00-00 00:00:00','2006-10-10 10:00:00','0000-00-00 00:00:00','','','show_title=\nlink_titles=\nshow_intro=\nshow_section=\nlink_section=\nshow_category=\nlink_category=\nshow_vote=\nshow_author=\nshow_create_date=\nshow_modify_date=\nshow_pdf_icon=\nshow_print_icon=\nshow_email_icon=\nlanguage=\nkeyref=\nreadmore=',6,0,0,'','',0,4,'robots=\nauthor='),(40,'What is the difference between Archiving and Trashing an Article? ','what-is-the-difference-between-archiving-and-trashing-an-article','','<p>When you <em>Archive </em>an Article, the content is put into a state which removes it from your site as published content. The Article is still available from within the Control Panel and can be <em>retrieved </em>for editing or republishing purposes. Trashed Articles are just one step from being permanently deleted but are still available until you Remove them from the Trash Manager. You should use Archive if you consider an Article important, but not current. Trash should be used when you want to delete the content entirely from your site and from future search results.  </p>','',-2,3,0,27,'2008-08-11 05:19:43',62,'','2008-08-11 05:19:43',62,0,'0000-00-00 00:00:00','2006-10-10 06:00:00','0000-00-00 00:00:00','','','show_title=\nlink_titles=\nshow_intro=\nshow_section=\nlink_section=\nshow_category=\nlink_category=\nshow_vote=\nshow_author=\nshow_create_date=\nshow_modify_date=\nshow_pdf_icon=\nshow_print_icon=\nshow_email_icon=\nlanguage=\nkeyref=\nreadmore=',8,0,0,'','',0,5,'robots=\nauthor='),(41,'Newsflash 5','newsflash-5','','Joomla! 1.5 - \'Experience the Freedom\'!. It has never been easier to create your own dynamic Web site. Manage all your content from the best CMS admin interface and in virtually any language you speak.','',-2,1,0,3,'2008-08-12 00:17:31',62,'','2008-08-12 00:17:31',62,0,'0000-00-00 00:00:00','2006-10-11 06:00:00','0000-00-00 00:00:00','','','show_title=\nlink_titles=\nshow_intro=\nshow_section=\nlink_section=\nshow_category=\nlink_category=\nshow_vote=\nshow_author=\nshow_create_date=\nshow_modify_date=\nshow_pdf_icon=\nshow_print_icon=\nshow_email_icon=\nlanguage=\nkeyref=\nreadmore=',5,0,0,'','',0,4,'robots=\nauthor='),(42,'Newsflash 4','newsflash-4','','Yesterday all servers in the U.S. went out on strike in a bid to get more RAM and better CPUs. A spokes person said that the need for better RAM was due to some fool increasing the front-side bus speed. In future, buses will be told to slow down in residential motherboards.','',-2,1,0,3,'2008-08-12 00:25:50',62,'','2008-08-12 00:25:50',62,0,'0000-00-00 00:00:00','2006-10-11 06:00:00','0000-00-00 00:00:00','','','show_title=\nlink_titles=\nshow_intro=\nshow_section=\nlink_section=\nshow_category=\nlink_category=\nshow_vote=\nshow_author=\nshow_create_date=\nshow_modify_date=\nshow_pdf_icon=\nshow_print_icon=\nshow_email_icon=\nlanguage=\nkeyref=\nreadmore=',5,0,0,'','',0,5,'robots=\nauthor='),(43,'Example Pages and Menu Links','example-pages-and-menu-links','','<p>This page is an example of content that is <em>Uncategorized</em>; that is, it does not belong to any Section or Category. You will see there is a new Menu in the left column. It shows links to the same content presented in 4 different page layouts.</p><ul><li>Section Blog</li><li>Section Table</li><li> Blog Category</li><li>Category Table</li></ul><p>Follow the links in the <strong>Example Pages</strong> Menu to see some of the options available to you to present all the different types of content included within the default installation of Joomla!.</p><p>This includes Components and individual Articles. These links or Menu Item Types (to give them their proper name) are all controlled from within the <strong><font face=\"courier new,courier\">Menu Manager-&gt;[menuname]-&gt;Menu Items Manager</font></strong>. </p>','',-2,0,0,0,'2008-08-12 09:26:52',62,'','2008-08-12 09:26:52',62,0,'0000-00-00 00:00:00','2006-10-11 10:00:00','0000-00-00 00:00:00','','','show_title=\nlink_titles=\nshow_intro=\nshow_section=\nlink_section=\nshow_category=\nlink_category=\nshow_vote=\nshow_author=\nshow_create_date=\nshow_modify_date=\nshow_pdf_icon=\nshow_print_icon=\nshow_email_icon=\nlanguage=\nkeyref=\nreadmore=',7,0,0,'Uncategorized, Uncategorized, Example Pages and Menu Links','',0,43,'robots=\nauthor='),(44,'Joomla! Security Strike Team','joomla-security-strike-team','','<p>The Joomla! Project has assembled a top-notch team of experts to form the new Joomla! Security Strike Team. This new team will solely focus on investigating and resolving security issues. Instead of working in relative secrecy, the JSST will have a strong public-facing presence at the <a href=\"http://developer.joomla.org/security.html\" target=\"_blank\" title=\"Joomla! Security Center\">Joomla! Security Center</a>.</p>','<p>The new JSST will call the new <a href=\"http://developer.joomla.org/security.html\" target=\"_blank\" title=\"Joomla! Security Center\">Joomla! Security Center</a> their home base. The Security Center provides a public presence for <a href=\"http://developer.joomla.org/security/news.html\" target=\"_blank\" title=\"Joomla! Security News\">security issues</a> and a platform for the JSST to <a href=\"http://developer.joomla.org/security/articles-tutorials.html\" target=\"_blank\" title=\"Joomla! Security Articles\">help the general public better understand security</a> and how it relates to Joomla!. The Security Center also offers users a clearer understanding of how security issues are handled. There\'s also a <a href=\"http://feeds.joomla.org/JoomlaSecurityNews\" target=\"_blank\" title=\"Joomla! Security News Feed\">news feed</a>, which provides subscribers an up-to-the-minute notification of security issues as they arise.</p>',-2,1,0,1,'2007-07-07 09:54:06',62,'','2007-07-07 09:54:06',62,0,'0000-00-00 00:00:00','2004-07-06 22:00:00','0000-00-00 00:00:00','','','show_title=\nlink_titles=\nshow_intro=\nshow_section=\nlink_section=\nshow_category=\nlink_category=\nshow_vote=\nshow_author=\nshow_create_date=\nshow_modify_date=\nshow_pdf_icon=\nshow_print_icon=\nshow_email_icon=\nlanguage=\nkeyref=\nreadmore=',1,0,0,'','',0,8,'robots=\nauthor='),(45,'Joomla! Community Portal','joomla-community-portal','','<p>The <a href=\"http://community.joomla.org/\" target=\"_blank\" title=\"Joomla! Community Portal\">Joomla! Community Portal</a> is now online. There, you will find a constant source of information about the activities of contributors powering the Joomla! Project. Learn about <a href=\"http://community.joomla.org/events.html\" target=\"_blank\" title=\"Joomla! Events\">Joomla! Events</a> worldwide, and see if there is a <a href=\"http://community.joomla.org/user-groups.html\" target=\"_blank\" title=\"Joomla! User Groups\">Joomla! User Group</a> nearby.</p><p>The <a href=\"http://magazine.joomla.org/\" target=\"_blank\" title=\"Joomla! Community Magazine\">Joomla! Community Magazine</a> promises an interesting overview of feature articles, community accomplishments, learning topics, and project updates each month. Also, check out <a href=\"http://community.joomla.org/connect.html\" target=\"_blank\" title=\"JoomlaConnect\">JoomlaConnect&#0153;</a>. This aggregated RSS feed brings together Joomla! news from all over the world in your language. Get the latest and greatest by clicking <a href=\"http://community.joomla.org/connect.html\" target=\"_blank\" title=\"JoomlaConnect\">here</a>.</p>','',-2,1,0,1,'2007-07-07 09:54:06',62,'','2007-07-07 09:54:06',62,0,'0000-00-00 00:00:00','2004-07-06 22:00:00','0000-00-00 00:00:00','','','show_title=\nlink_titles=\nshow_intro=\nshow_section=\nlink_section=\nshow_category=\nlink_category=\nshow_vote=\nshow_author=\nshow_create_date=\nshow_modify_date=\nshow_pdf_icon=\nshow_print_icon=\nshow_email_icon=\nlanguage=\nkeyref=\nreadmore=',2,0,0,'','',0,14,'robots=\nauthor='),(46,'O firmie','o-firmie','','Firma Chemical powstała w 2004 roku, jest producentem chemii gospodarczej, samochodowej, BHP oraz przemysłowej.\r\n<Br /><br />Wszystkie wyroby produkowane przez nas wyróżniają się bardzo dobrą, wysoką jakością, posiadają odpowiednie badania i atesty.\r\n<br /><br />Wykonujemy zlecenia na produkcję wszelkich preparatów chemicznych pod państwa marką. Ceny sprzedaży w sklepie internetowym są cenami detalicznymi dla firm, instytucji. Jeżeli jesteście państwo zainteresowani zakupem hurtowym prosimy o kontakt. Serdecznie zapraszamy do zapoznania się z naszą szczegółową ofertą. W przypadku jakichkolwiek pytań i wątpliwości jesteśmy do państwa dyspozycji.<br /><br /><br /><br /><br /><br /><br /><br /><br /><br /><br /><br /><br /><br /><br /><br /><br /><br /><br /><br /><br /><br /><br /><br /><br /><br /><br /><br /><br /><br /><br /><br />','',1,4,0,25,'2013-01-01 16:19:46',62,'','2013-01-16 13:28:43',62,0,'0000-00-00 00:00:00','2013-01-01 16:19:46','0000-00-00 00:00:00','','','show_title=\nlink_titles=\nshow_intro=0\nshow_section=0\nlink_section=0\nshow_category=0\nlink_category=0\nshow_vote=0\nshow_author=0\nshow_create_date=0\nshow_modify_date=0\nshow_pdf_icon=0\nshow_print_icon=0\nshow_email_icon=0\nlanguage=\nkeyref=\nreadmore=',3,0,2,'','',0,404,'robots=\nauthor='),(47,'Instrukcja obsługi sklepu','instrukcja-obsugi-sklepu','','Witamy w krótkim i praktycznym poradniku użytkowania naszego sklepu internetowego.\r\n<Br /><B>Jak poprawnie obsługiwać się sklepem internetowym?</b> \r\n<ol>\r\n<li>Wchodzimy na stronę <a href=\"http://chemical.com.pl/index.php?option=com_virtuemart\"><B><U>sklepu internetowego</b></u></a>.\r\n<li>Wybieramy interesującą nas kategorię.\r\n<li>Po wybraniu kategorii, dokonujemy wyboru interesujących nas produktów. Jeżeli chcemy przejrzeć szczegółowy opis danego produktu klikamy na link \"Szczegóły produktu\", jeżeli jednak chcemy od razu dodać dany produkt do koszyka, w pole ilość wpisujemy interesującą nas liczbę sztuk danego produktu i naciskamy przycisk \"Do koszyka\".\r\n<li>W nowym oknie dokonujemy sprawdzenia stanu naszego koszyka. Jeżeli jest on satysfakcjonujący i chcemy dokonać zamówienia, klikamy na \"Zamówienie\", jeżeli jednak chcemy dołożyć coś do koszyka wybieramy opcję \"Kontynuuj zakupy\". Możemy również zmienić liczbę sztuk produktów w rubryce \"Ilość\", potwierdzając tę zmianę przyciskiem \"Aktualizuj\".\r\n<li>Jeżeli wybraliśmy opcję \"Zamówienie\", pojawi nam się pole rejestracji bądź logowania. Jeżeli jesteśmy nowym klientem i nie posiadamy konta na stronie Chemical, wypełniamy wszystkie dane w tabeli \"Dane do faktury\". W przypadku, gdy mamy już konto na stronie firmy Chemical, wystarczy wpisać swój login i hasło w odpowiednim formularzu. Po wypełnieniu formularza akceptujemy zasady użytkowania sklepu, wcześniej je czytając i klikamy na przycisk \"Zarejestruj\" lub \"Zaloguj\".\r\n<li>Jeżeli nie dokonujemy żadnych zmian w danych, klikamy na przycisk \"Dalej\". Do Małopolski, Śląska , Świętokrzyskiego  i Podkarpackiego przesyłka jest darmowa (termin dostawy uzależniony jest od zebranych zamówień, prosimy o kontakt telefoniczny lub mailowy). W przypadku zamówień powyżej 30 kg. cena + 15 zł netto za każde następne 30kg \r\n<li>W tym przypadku mamy możliwość wyboru metody wysyłki. Klikamy \"Dalej\".\r\n<li>W tym momencie mamy możliwość wyboru metody płatności. W zależności od naszych preferencji wybieramy odpowiednią metodę, potwierdzając swój wybór przyciskiem \"Dalej\".\r\n<li>Teraz przeglądamy podsumowanie zamówienia. Jeżeli popełniliśmy jakiś błąd i chcemy powrócić do poprzedniego kroku, wystarczy wybrać z menu głównego odpowiedni moment [Adres wysyłki/Metody wysyłki/Metody płatności]. W przypadku, gdy wszystko jest w porządku klikamy na \"Potwierdź zamówienie\".\r\n<li>To właściwie wszystko! Teraz potwierdzenie naszego zamówienia wędruje na podany przy rejestracji e-mail, a my możemy je sobie dodatkowo wydrukować. Nie pozostaje nam zatem nic innego, jak czekać na wykonanie zlecenia.\r\n</ol><br /><br /><br /><br /><br /><br /><br /><br /><br /><br /><br /><br /><br /><br /><br /><br /><br /><br /><br /><br /><br /><br /><br /><br /><br /><br />','',1,4,0,25,'2013-01-01 16:30:04',62,'','2013-01-16 22:19:57',62,0,'0000-00-00 00:00:00','2013-01-01 16:30:04','0000-00-00 00:00:00','','','show_title=\nlink_titles=\nshow_intro=0\nshow_section=0\nlink_section=0\nshow_category=0\nlink_category=0\nshow_vote=0\nshow_author=0\nshow_create_date=0\nshow_modify_date=0\nshow_pdf_icon=0\nshow_print_icon=0\nshow_email_icon=0\nlanguage=\nkeyref=\nreadmore=',6,0,1,'','',0,264,'robots=\nauthor='),(48,'Kontakt','kontakt','','<table border=\"0\">\r\n<tr>\r\n<Td width=\"450px\"><B>CHEMICAL</b>\r\n<br />ul. Ogrodniki 9/1 \r\n<br />Kraków 30-421\r\n<br />Małopolskie\r\n<br />\r\n<br /><B>Mail:</b> <a href=\"mailto:biuro@chemical.com.pl\">biuro@chemical.com.pl</a>\r\n<br /><B>Tel:</B> 888777770\r\n<br />\r\n<br /></td>\r\n<Td width=\"200px\"><center><img border=\"0\" src=\"images/logotyp.jpg\"></center>\r\n</td>\r\n\r\n</tr>\r\n</table><br /><br /><br /><br /><br /><br /><br /><br /><br /><br /><br /><br /><br /><br /><br /><br /><br /><br /><br /><br /><br /><br /><br /><br /><br /><br /><br /><br /><br /><br /><br /><br /><br /><br /><br /><br /><br /><br /><br /><br /><br /><br /><br /><br /><br />','',1,0,0,0,'2013-01-10 09:59:51',62,'','2013-01-23 20:09:51',62,0,'0000-00-00 00:00:00','2013-01-10 09:59:51','0000-00-00 00:00:00','','','show_title=\nlink_titles=\nshow_intro=0\nshow_section=0\nlink_section=0\nshow_category=0\nlink_category=0\nshow_vote=0\nshow_author=0\nshow_create_date=0\nshow_modify_date=0\nshow_pdf_icon=0\nshow_print_icon=0\nshow_email_icon=0\nlanguage=\nkeyref=\nreadmore=',18,0,3,'','',0,533,'robots=\nauthor='),(49,'Środki chemiczne','rodki-chemiczne','','Posiadamy w sprzedaży różnego rodzaju środki i surowce chemiczne, jak:\r\n<br />\r\n<br />rozpuszczalniki:\r\n<ul>\r\n<li>alkohol izopropylowy\r\n<li>aceton\r\n<li>butyl diglikol\r\n<li>metanol\r\n<li>toluen\r\n<li>octan etylu i inne\r\n</ul>\r\n<br />\r\n<Br />kwasy:\r\n<ul>\r\n<li>fosforowy\r\n<li>octowy\r\n<li>siarkowy\r\n<li>solny\r\n</ul>\r\n<br />\r\n<br />inne:\r\n<ul>\r\n<li>azotan sodu\r\n<li>biel tytanowa\r\n<li>chlorek aminowy\r\n<li>chlorek potasu\r\n<li>chlorek wapnia\r\n<li>metakrzemian sodu\r\n<li>podchloryn sodu\r\n<li>siarczan glinu\r\n<li>soda kalcynowana\r\n<li>soda oczyszczona\r\n<li>stearyna\r\n<li>szkło wodne\r\n<li>węgiel aktywny\r\n<li>woda utleniona\r\n<li>wodorotlenek sodu\r\n</ul>\r\n<br /><br />Jeżeli szukasz jakiegoś innego surowca prosimy o kontakt.\r\n<br /><br /><br /><br /><br /><br /><br /><br /><br /><br /><br /><br /><br /><br /><br /><br /><br /><br /><br /><br /><br /><br /><br /><br /><br /><br /><br /><br /><br /><br /><br /><br /><br /><br /><br /><br /><br /><br /><br /><br /><br /><br /><br /><br />','',1,0,0,0,'2013-01-10 10:14:05',62,'','2013-01-16 13:28:29',62,0,'0000-00-00 00:00:00','2013-01-10 10:14:05','0000-00-00 00:00:00','','','show_title=\nlink_titles=\nshow_intro=0\nshow_section=0\nlink_section=0\nshow_category=0\nlink_category=0\nshow_vote=0\nshow_author=0\nshow_create_date=0\nshow_modify_date=0\nshow_pdf_icon=0\nshow_print_icon=0\nshow_email_icon=0\nlanguage=\nkeyref=\nreadmore=',3,0,2,'','',0,291,'robots=\nauthor='),(50,'Witamy','strona-gowna','','<b>Zapraszamy do zapoznania się z naszą ofertą. Dostawa na terenie Małopolski, Śląska, świętokrzyskiego i Podkarpacia gratis w terminie uzgodnionym z firmą CHEMICAL.\r\n</b>\r\n<br /><br />Ceny zawarte w sklepie internetowym są cenami dla firm, instytucji i klientów indywidualnych. W przypadku zamówień hurtowych prosimy o kontakt. \r\n<br /><br /><h3><font color=\"#990033\"><i>Nasze marki  to:</i></font></h3>\r\n\r\n\r\n<table border=\"0\">\r\n<tr>\r\n<td><img border=\"0\" src=\"images/esk.jpg\"></td> <td><img border=\"0\" src=\"images/pulverrr.jpg\"> </td> \r\n</tr>\r\n<tr>\r\n<td><img border=\"0\" src=\"images/oxi.jpg\"></td> <td><img border=\"0\" src=\"images/super.jpg\"></td>\r\n</tr>\r\n\r\n</table>\r\n\r\n<br />\r\n<p><center><img border=\"0\" src=\"images/pro.jpg\"></center></p>\r\n<br /><br /><br />\r\n<br /><br /><br /><br /><br /><br /><br /><br /><br /><br /><br /><br /><br /><br /><br /><br /><br /><br /><br /><br /><br /><br /><br /><br /><br /><br /><br /><br /><br /><br /><br /><br /><br /><br /><br /><br /><br /><br /><br /><br /><br /><br />','',1,0,0,0,'2013-01-15 13:52:36',62,'','2013-01-23 12:40:11',62,0,'0000-00-00 00:00:00','2013-01-15 13:52:36','0000-00-00 00:00:00','','','show_title=\nlink_titles=\nshow_intro=0\nshow_section=0\nlink_section=0\nshow_category=0\nlink_category=0\nshow_vote=0\nshow_author=0\nshow_create_date=0\nshow_modify_date=0\nshow_pdf_icon=0\nshow_print_icon=0\nshow_email_icon=0\nlanguage=\nkeyref=\nreadmore=',44,0,1,'','',0,1047,'robots=\nauthor=');

--
-- Table structure for table `jos_content_frontpage`
--

CREATE TABLE `jos_content_frontpage` (
  `content_id` int(11) NOT NULL default '0',
  `ordering` int(11) NOT NULL default '0',
  PRIMARY KEY  (`content_id`)
) ENGINE=MyISAM DEFAULT CHARSET=utf8;

--
-- Dumping data for table `jos_content_frontpage`
--

INSERT INTO `jos_content_frontpage` VALUES (45,1),(6,2),(44,3),(5,4),(9,5),(30,6),(16,7);

--
-- Table structure for table `jos_content_rating`
--

CREATE TABLE `jos_content_rating` (
  `content_id` int(11) NOT NULL default '0',
  `rating_sum` int(11) unsigned NOT NULL default '0',
  `rating_count` int(11) unsigned NOT NULL default '0',
  `lastip` varchar(50) NOT NULL default '',
  PRIMARY KEY  (`content_id`)
) ENGINE=MyISAM DEFAULT CHARSET=utf8;

--
-- Dumping data for table `jos_content_rating`
--


--
-- Table structure for table `jos_core_acl_aro`
--

CREATE TABLE `jos_core_acl_aro` (
  `id` int(11) NOT NULL auto_increment,
  `section_value` varchar(240) NOT NULL default '0',
  `value` varchar(240) NOT NULL default '',
  `order_value` int(11) NOT NULL default '0',
  `name` varchar(255) NOT NULL default '',
  `hidden` int(11) NOT NULL default '0',
  PRIMARY KEY  (`id`),
  UNIQUE KEY `jos_section_value_value_aro` (`section_value`(100),`value`(100)),
  KEY `jos_gacl_hidden_aro` (`hidden`)
) ENGINE=MyISAM AUTO_INCREMENT=25 DEFAULT CHARSET=utf8;

--
-- Dumping data for table `jos_core_acl_aro`
--

INSERT INTO `jos_core_acl_aro` VALUES (10,'users','62',0,'Michał Kołdras',0),(11,'users','63',0,'User',0),(15,'users','67',0,'test',0),(16,'users','68',0,'tghh',0),(17,'users','69',0,'Lolek',0),(18,'users','70',0,'Michał Kołdras',0),(19,'users','71',0,'michal koldr',0),(20,'users','72',0,'Michał Kołdras',0),(21,'users','73',0,'efrf efwf4',0),(22,'users','74',0,'tre fred',0),(23,'users','75',0,'mati nowak',0),(24,'users','76',0,'Piotr Grzybek',0);

--
-- Table structure for table `jos_core_acl_aro_groups`
--

CREATE TABLE `jos_core_acl_aro_groups` (
  `id` int(11) NOT NULL auto_increment,
  `parent_id` int(11) NOT NULL default '0',
  `name` varchar(255) NOT NULL default '',
  `lft` int(11) NOT NULL default '0',
  `rgt` int(11) NOT NULL default '0',
  `value` varchar(255) NOT NULL default '',
  PRIMARY KEY  (`id`),
  KEY `jos_gacl_parent_id_aro_groups` (`parent_id`),
  KEY `jos_gacl_lft_rgt_aro_groups` (`lft`,`rgt`)
) ENGINE=MyISAM AUTO_INCREMENT=31 DEFAULT CHARSET=utf8;

--
-- Dumping data for table `jos_core_acl_aro_groups`
--

INSERT INTO `jos_core_acl_aro_groups` VALUES (17,0,'ROOT',1,22,'ROOT'),(28,17,'USERS',2,21,'USERS'),(29,28,'Public Frontend',3,12,'Public Frontend'),(18,29,'Registered',4,11,'Registered'),(19,18,'Author',5,10,'Author'),(20,19,'Editor',6,9,'Editor'),(21,20,'Publisher',7,8,'Publisher'),(30,28,'Public Backend',13,20,'Public Backend'),(23,30,'Manager',14,19,'Manager'),(24,23,'Administrator',15,18,'Administrator'),(25,24,'Super Administrator',16,17,'Super Administrator');

--
-- Table structure for table `jos_core_acl_aro_map`
--

CREATE TABLE `jos_core_acl_aro_map` (
  `acl_id` int(11) NOT NULL default '0',
  `section_value` varchar(230) NOT NULL default '0',
  `value` varchar(100) NOT NULL,
  PRIMARY KEY  (`acl_id`,`section_value`,`value`)
) ENGINE=MyISAM DEFAULT CHARSET=utf8;

--
-- Dumping data for table `jos_core_acl_aro_map`
--


--
-- Table structure for table `jos_core_acl_aro_sections`
--

CREATE TABLE `jos_core_acl_aro_sections` (
  `id` int(11) NOT NULL auto_increment,
  `value` varchar(230) NOT NULL default '',
  `order_value` int(11) NOT NULL default '0',
  `name` varchar(230) NOT NULL default '',
  `hidden` int(11) NOT NULL default '0',
  PRIMARY KEY  (`id`),
  UNIQUE KEY `jos_gacl_value_aro_sections` (`value`),
  KEY `jos_gacl_hidden_aro_sections` (`hidden`)
) ENGINE=MyISAM AUTO_INCREMENT=11 DEFAULT CHARSET=utf8;

--
-- Dumping data for table `jos_core_acl_aro_sections`
--

INSERT INTO `jos_core_acl_aro_sections` VALUES (10,'users',1,'Users',0);

--
-- Table structure for table `jos_core_acl_groups_aro_map`
--

CREATE TABLE `jos_core_acl_groups_aro_map` (
  `group_id` int(11) NOT NULL default '0',
  `section_value` varchar(240) NOT NULL default '',
  `aro_id` int(11) NOT NULL default '0',
  UNIQUE KEY `group_id_aro_id_groups_aro_map` (`group_id`,`section_value`,`aro_id`)
) ENGINE=MyISAM DEFAULT CHARSET=utf8;

--
-- Dumping data for table `jos_core_acl_groups_aro_map`
--

INSERT INTO `jos_core_acl_groups_aro_map` VALUES (18,'',15),(18,'',16),(18,'',17),(18,'',18),(18,'',19),(18,'',20),(18,'',21),(18,'',22),(18,'',23),(18,'',24),(24,'',11),(25,'',10);

--
-- Table structure for table `jos_core_log_items`
--

CREATE TABLE `jos_core_log_items` (
  `time_stamp` date NOT NULL default '0000-00-00',
  `item_table` varchar(50) NOT NULL default '',
  `item_id` int(11) unsigned NOT NULL default '0',
  `hits` int(11) unsigned NOT NULL default '0'
) ENGINE=MyISAM DEFAULT CHARSET=utf8;

--
-- Dumping data for table `jos_core_log_items`
--


--
-- Table structure for table `jos_core_log_searches`
--

CREATE TABLE `jos_core_log_searches` (
  `search_term` varchar(128) NOT NULL default '',
  `hits` int(11) unsigned NOT NULL default '0'
) ENGINE=MyISAM DEFAULT CHARSET=utf8;

--
-- Dumping data for table `jos_core_log_searches`
--


--
-- Table structure for table `jos_groups`
--

CREATE TABLE `jos_groups` (
  `id` tinyint(3) unsigned NOT NULL default '0',
  `name` varchar(50) NOT NULL default '',
  PRIMARY KEY  (`id`)
) ENGINE=MyISAM DEFAULT CHARSET=utf8;

--
-- Dumping data for table `jos_groups`
--

INSERT INTO `jos_groups` VALUES (0,'Public'),(1,'Registered'),(2,'Special');

--
-- Table structure for table `jos_menu`
--

CREATE TABLE `jos_menu` (
  `id` int(11) NOT NULL auto_increment,
  `menutype` varchar(75) default NULL,
  `name` varchar(255) default NULL,
  `alias` varchar(255) NOT NULL default '',
  `link` text,
  `type` varchar(50) NOT NULL default '',
  `published` tinyint(1) NOT NULL default '0',
  `parent` int(11) unsigned NOT NULL default '0',
  `componentid` int(11) unsigned NOT NULL default '0',
  `sublevel` int(11) default '0',
  `ordering` int(11) default '0',
  `checked_out` int(11) unsigned NOT NULL default '0',
  `checked_out_time` datetime NOT NULL default '0000-00-00 00:00:00',
  `pollid` int(11) NOT NULL default '0',
  `browserNav` tinyint(4) default '0',
  `access` tinyint(3) unsigned NOT NULL default '0',
  `utaccess` tinyint(3) unsigned NOT NULL default '0',
  `params` text NOT NULL,
  `lft` int(11) unsigned NOT NULL default '0',
  `rgt` int(11) unsigned NOT NULL default '0',
  `home` int(1) unsigned NOT NULL default '0',
  PRIMARY KEY  (`id`),
  KEY `componentid` (`componentid`,`menutype`,`published`,`access`),
  KEY `menutype` (`menutype`)
) ENGINE=MyISAM AUTO_INCREMENT=53 DEFAULT CHARSET=utf8;

--
-- Dumping data for table `jos_menu`
--

INSERT INTO `jos_menu` VALUES (1,'mainmenu','Home','home','index.php?option=com_virtuemart&page=shop.browse&category_id=1&Itemid=1','url',1,0,0,0,1,0,'0000-00-00 00:00:00',0,0,0,3,'menu_image=-1\n\n',0,0,1),(2,'mainmenu','Joomla! License','joomla-license','index.php?option=com_content&view=article&id=5','component',1,0,20,0,3,0,'0000-00-00 00:00:00',0,0,0,0,'pageclass_sfx=\nmenu_image=-1\nsecure=0\nshow_noauth=0\nlink_titles=0\nshow_intro=1\nshow_section=0\nlink_section=0\nshow_category=0\nlink_category=0\nshow_author=1\nshow_create_date=1\nshow_modify_date=1\nshow_item_navigation=0\nshow_readmore=1\nshow_vote=0\nshow_icons=1\nshow_pdf_icon=1\nshow_print_icon=1\nshow_email_icon=1\nshow_hits=1\n\n',0,0,0),(41,'mainmenu','FAQ','faq','index.php?option=com_content&view=section&id=3','component',1,0,20,0,5,0,'0000-00-00 00:00:00',0,0,0,0,'show_page_title=1\nshow_description=0\nshow_description_image=0\nshow_categories=1\nshow_empty_categories=0\nshow_cat_num_articles=1\nshow_category_description=1\npageclass_sfx=\nmenu_image=-1\nsecure=0\norderby=\nshow_noauth=0\nshow_title=1\nlink_titles=0\nshow_intro=1\nshow_section=0\nlink_section=0\nshow_category=0\nlink_category=0\nshow_author=1\nshow_create_date=1\nshow_modify_date=1\nshow_item_navigation=0\nshow_readmore=1\nshow_vote=0\nshow_icons=1\nshow_pdf_icon=1\nshow_print_icon=1\nshow_email_icon=1\nshow_hits=1',0,0,0),(11,'othermenu','Joomla! Home','joomla-home','http://www.joomla.org','url',1,0,0,0,1,0,'0000-00-00 00:00:00',0,0,0,3,'menu_image=-1\n\n',0,0,0),(12,'othermenu','Joomla! Forums','joomla-forums','http://forum.joomla.org','url',1,0,0,0,2,0,'0000-00-00 00:00:00',0,0,0,3,'menu_image=-1\n\n',0,0,0),(13,'othermenu','Joomla! Documentation','joomla-documentation','http://docs.joomla.org','url',1,0,0,0,3,0,'0000-00-00 00:00:00',0,0,0,3,'menu_image=-1\n\n',0,0,0),(14,'othermenu','Joomla! Community','joomla-community','http://community.joomla.org','url',1,0,0,0,4,0,'0000-00-00 00:00:00',0,0,0,3,'menu_image=-1\n\n',0,0,0),(15,'othermenu','Joomla! Magazine','joomla-community-magazine','http://magazine.joomla.org/','url',1,0,0,0,5,0,'0000-00-00 00:00:00',0,0,0,3,'menu_image=-1\n\n',0,0,0),(16,'othermenu','OSM Home','osm-home','http://www.opensourcematters.org','url',1,0,0,0,6,0,'0000-00-00 00:00:00',0,0,0,6,'menu_image=-1\n\n',0,0,0),(17,'othermenu','Administrator','administrator','administrator/','url',1,0,0,0,7,0,'0000-00-00 00:00:00',0,0,0,3,'menu_image=-1\n\n',0,0,0),(18,'topmenu','News','news','index.php?option=com_newsfeeds&view=newsfeed&id=1&feedid=1','component',1,0,11,0,3,0,'0000-00-00 00:00:00',0,0,0,3,'show_page_title=1\npage_title=News\npageclass_sfx=\nmenu_image=-1\nsecure=0\nshow_headings=1\nshow_name=1\nshow_articles=1\nshow_link=1\nshow_other_cats=1\nshow_cat_description=1\nshow_cat_items=1\nshow_feed_image=1\nshow_feed_description=1\nshow_item_description=1\nfeed_word_count=0\n\n',0,0,0),(20,'usermenu','Your Details','your-details','index.php?option=com_user&view=user&task=edit','component',1,0,14,0,1,0,'0000-00-00 00:00:00',0,0,1,3,'',0,0,0),(24,'usermenu','Logout','logout','index.php?option=com_user&view=login','component',1,0,14,0,4,0,'0000-00-00 00:00:00',0,0,1,3,'',0,0,0),(38,'keyconcepts','Content Layouts','content-layouts','index.php?option=com_content&view=article&id=24','component',1,0,20,0,2,0,'0000-00-00 00:00:00',0,0,0,0,'pageclass_sfx=\nmenu_image=-1\nsecure=0\nshow_noauth=0\nlink_titles=0\nshow_intro=1\nshow_section=0\nlink_section=0\nshow_category=0\nlink_category=0\nshow_author=1\nshow_create_date=1\nshow_modify_date=1\nshow_item_navigation=0\nshow_readmore=1\nshow_vote=0\nshow_icons=1\nshow_pdf_icon=1\nshow_print_icon=1\nshow_email_icon=1\nshow_hits=1\n\n',0,0,0),(27,'mainmenu','Joomla! Overview','joomla-overview','index.php?option=com_content&view=article&id=19','component',1,0,20,0,2,0,'0000-00-00 00:00:00',0,0,0,0,'pageclass_sfx=\nmenu_image=-1\nsecure=0\nshow_noauth=0\nlink_titles=0\nshow_intro=1\nshow_section=0\nlink_section=0\nshow_category=0\nlink_category=0\nshow_author=1\nshow_create_date=1\nshow_modify_date=1\nshow_item_navigation=0\nshow_readmore=1\nshow_vote=0\nshow_icons=1\nshow_pdf_icon=1\nshow_print_icon=1\nshow_email_icon=1\nshow_hits=1\n\n',0,0,0),(28,'topmenu','About Joomla!','about-joomla','index.php?option=com_content&view=article&id=25','component',1,0,20,0,1,0,'0000-00-00 00:00:00',0,0,0,0,'pageclass_sfx=\nmenu_image=-1\nsecure=0\nshow_noauth=0\nlink_titles=0\nshow_intro=1\nshow_section=0\nlink_section=0\nshow_category=0\nlink_category=0\nshow_author=1\nshow_create_date=1\nshow_modify_date=1\nshow_item_navigation=0\nshow_readmore=1\nshow_vote=0\nshow_icons=1\nshow_pdf_icon=1\nshow_print_icon=1\nshow_email_icon=1\nshow_hits=1\n\n',0,0,0),(29,'topmenu','Features','features','index.php?option=com_content&view=article&id=22','component',1,0,20,0,2,0,'0000-00-00 00:00:00',0,0,0,0,'pageclass_sfx=\nmenu_image=-1\nsecure=0\nshow_noauth=0\nlink_titles=0\nshow_intro=1\nshow_section=0\nlink_section=0\nshow_category=0\nlink_category=0\nshow_author=1\nshow_create_date=1\nshow_modify_date=1\nshow_item_navigation=0\nshow_readmore=1\nshow_vote=0\nshow_icons=1\nshow_pdf_icon=1\nshow_print_icon=1\nshow_email_icon=1\nshow_hits=1\n\n',0,0,0),(30,'topmenu','The Community','the-community','index.php?option=com_content&view=article&id=27','component',1,0,20,0,4,0,'0000-00-00 00:00:00',0,0,0,0,'pageclass_sfx=\nmenu_image=-1\nsecure=0\nshow_noauth=0\nlink_titles=0\nshow_intro=1\nshow_section=0\nlink_section=0\nshow_category=0\nlink_category=0\nshow_author=1\nshow_create_date=1\nshow_modify_date=1\nshow_item_navigation=0\nshow_readmore=1\nshow_vote=0\nshow_icons=1\nshow_pdf_icon=1\nshow_print_icon=1\nshow_email_icon=1\nshow_hits=1\n\n',0,0,0),(34,'mainmenu','What\'s New in 1.5?','what-is-new-in-1-5','index.php?option=com_content&view=article&id=22','component',1,27,20,1,1,0,'0000-00-00 00:00:00',0,0,0,0,'pageclass_sfx=\nmenu_image=-1\nsecure=0\nshow_noauth=0\nshow_title=1\nlink_titles=0\nshow_intro=1\nshow_section=0\nlink_section=0\nshow_category=0\nlink_category=0\nshow_author=1\nshow_create_date=1\nshow_modify_date=1\nshow_item_navigation=0\nshow_readmore=1\nshow_vote=0\nshow_icons=1\nshow_pdf_icon=1\nshow_print_icon=1\nshow_email_icon=1\nshow_hits=1\n\n',0,0,0),(40,'keyconcepts','Extensions','extensions','index.php?option=com_content&view=article&id=26','component',1,0,20,0,1,0,'0000-00-00 00:00:00',0,0,0,0,'pageclass_sfx=\nmenu_image=-1\nsecure=0\nshow_noauth=0\nlink_titles=0\nshow_intro=1\nshow_section=0\nlink_section=0\nshow_category=0\nlink_category=0\nshow_author=1\nshow_create_date=1\nshow_modify_date=1\nshow_item_navigation=0\nshow_readmore=1\nshow_vote=0\nshow_icons=1\nshow_pdf_icon=1\nshow_print_icon=1\nshow_email_icon=1\nshow_hits=1\n\n',0,0,0),(37,'mainmenu','More about Joomla!','more-about-joomla','index.php?option=com_content&view=section&id=4','component',1,0,20,0,4,0,'0000-00-00 00:00:00',0,0,0,0,'show_page_title=1\nshow_description=0\nshow_description_image=0\nshow_categories=1\nshow_empty_categories=0\nshow_cat_num_articles=1\nshow_category_description=1\npageclass_sfx=\nmenu_image=-1\nsecure=0\norderby=\nshow_noauth=0\nshow_title=1\nlink_titles=0\nshow_intro=1\nshow_section=0\nlink_section=0\nshow_category=0\nlink_category=0\nshow_author=1\nshow_create_date=1\nshow_modify_date=1\nshow_item_navigation=0\nshow_readmore=1\nshow_vote=0\nshow_icons=1\nshow_pdf_icon=1\nshow_print_icon=1\nshow_email_icon=1\nshow_hits=1',0,0,0),(43,'keyconcepts','Example Pages','example-pages','index.php?option=com_content&view=article&id=43','component',1,0,20,0,3,0,'0000-00-00 00:00:00',0,0,0,0,'pageclass_sfx=\nmenu_image=-1\nsecure=0\nshow_noauth=0\nlink_titles=0\nshow_intro=1\nshow_section=0\nlink_section=0\nshow_category=0\nlink_category=0\nshow_author=1\nshow_create_date=1\nshow_modify_date=1\nshow_item_navigation=0\nshow_readmore=1\nshow_vote=0\nshow_icons=1\nshow_pdf_icon=1\nshow_print_icon=1\nshow_email_icon=1\nshow_hits=1\n\n',0,0,0),(44,'ExamplePages','Section Blog','section-blog','index.php?option=com_content&view=section&layout=blog&id=3','component',1,0,20,0,1,0,'0000-00-00 00:00:00',0,0,0,0,'show_page_title=1\npage_title=Example of Section Blog layout (FAQ section)\nshow_description=0\nshow_description_image=0\nnum_leading_articles=1\nnum_intro_articles=4\nnum_columns=2\nnum_links=4\nshow_title=1\npageclass_sfx=\nmenu_image=-1\nsecure=0\norderby_pri=\norderby_sec=\nshow_pagination=2\nshow_pagination_results=1\nshow_noauth=0\nlink_titles=0\nshow_intro=1\nshow_section=0\nlink_section=0\nshow_category=0\nlink_category=0\nshow_author=1\nshow_create_date=1\nshow_modify_date=1\nshow_item_navigation=0\nshow_readmore=1\nshow_vote=0\nshow_icons=1\nshow_pdf_icon=1\nshow_print_icon=1\nshow_email_icon=1\nshow_hits=1\n\n',0,0,0),(45,'ExamplePages','Section Table','section-table','index.php?option=com_content&view=section&id=3','component',1,0,20,0,2,0,'0000-00-00 00:00:00',0,0,0,0,'show_page_title=1\npage_title=Example of Table Blog layout (FAQ section)\nshow_description=0\nshow_description_image=0\nshow_categories=1\nshow_empty_categories=0\nshow_cat_num_articles=1\nshow_category_description=1\npageclass_sfx=\nmenu_image=-1\nsecure=0\norderby=\nshow_noauth=0\nshow_title=1\nnlink_titles=0\nshow_intro=1\nshow_section=0\nlink_section=0\nshow_category=0\nlink_category=0\nshow_author=1\nshow_create_date=1\nshow_modify_date=1\nshow_item_navigation=0\nshow_readmore=1\nshow_vote=0\nshow_icons=1\nshow_pdf_icon=1\nshow_print_icon=1\nshow_email_icon=1\nshow_hits=1\n\n',0,0,0),(46,'ExamplePages','Category Blog','categoryblog','index.php?option=com_content&view=category&layout=blog&id=31','component',1,0,20,0,3,0,'0000-00-00 00:00:00',0,0,0,0,'show_page_title=1\npage_title=Example of Category Blog layout (FAQs/General category)\nshow_description=0\nshow_description_image=0\nnum_leading_articles=1\nnum_intro_articles=4\nnum_columns=2\nnum_links=4\nshow_title=1\npageclass_sfx=\nmenu_image=-1\nsecure=0\norderby_pri=\norderby_sec=\nshow_pagination=2\nshow_pagination_results=1\nshow_noauth=0\nlink_titles=0\nshow_intro=1\nshow_section=0\nlink_section=0\nshow_category=0\nlink_category=0\nshow_author=1\nshow_create_date=1\nshow_modify_date=1\nshow_item_navigation=0\nshow_readmore=1\nshow_vote=0\nshow_icons=1\nshow_pdf_icon=1\nshow_print_icon=1\nshow_email_icon=1\nshow_hits=1\n\n',0,0,0),(47,'ExamplePages','Category Table','category-table','index.php?option=com_content&view=category&id=32','component',1,0,20,0,4,0,'0000-00-00 00:00:00',0,0,0,0,'show_page_title=1\npage_title=Example of Category Table layout (FAQs/Languages category)\nshow_headings=1\nshow_date=0\ndate_format=\nfilter=1\nfilter_type=title\npageclass_sfx=\nmenu_image=-1\nsecure=0\norderby_sec=\nshow_pagination=1\nshow_pagination_limit=1\nshow_noauth=0\nshow_title=1\nlink_titles=0\nshow_intro=1\nshow_section=0\nlink_section=0\nshow_category=0\nlink_category=0\nshow_author=1\nshow_create_date=1\nshow_modify_date=1\nshow_item_navigation=0\nshow_readmore=1\nshow_vote=0\nshow_icons=1\nshow_pdf_icon=1\nshow_print_icon=1\nshow_email_icon=1\nshow_hits=1\n\n',0,0,0),(48,'mainmenu','Web Links','web-links','index.php?option=com_weblinks&view=categories','component',1,0,4,0,7,0,'0000-00-00 00:00:00',0,0,0,0,'page_title=Weblinks\nimage=-1\nimage_align=right\npageclass_sfx=\nmenu_image=-1\nsecure=0\nshow_comp_description=1\ncomp_description=\nshow_link_hits=1\nshow_link_description=1\nshow_other_cats=1\nshow_headings=1\nshow_page_title=1\nlink_target=0\nlink_icons=\n\n',0,0,0),(49,'mainmenu','News Feeds','news-feeds','index.php?option=com_newsfeeds&view=categories','component',1,0,11,0,8,0,'0000-00-00 00:00:00',0,0,0,0,'show_page_title=1\npage_title=Newsfeeds\nshow_comp_description=1\ncomp_description=\nimage=-1\nimage_align=right\npageclass_sfx=\nmenu_image=-1\nsecure=0\nshow_headings=1\nshow_name=1\nshow_articles=1\nshow_link=1\nshow_other_cats=1\nshow_cat_description=1\nshow_cat_items=1\nshow_feed_image=1\nshow_feed_description=1\nshow_item_description=1\nfeed_word_count=0\n\n',0,0,0),(50,'mainmenu','The News','the-news','index.php?option=com_content&view=category&layout=blog&id=1','component',1,0,20,0,6,0,'0000-00-00 00:00:00',0,0,0,0,'show_page_title=1\npage_title=The News\nshow_description=0\nshow_description_image=0\nnum_leading_articles=1\nnum_intro_articles=4\nnum_columns=2\nnum_links=4\nshow_title=1\npageclass_sfx=\nmenu_image=-1\nsecure=0\norderby_pri=\norderby_sec=\nshow_pagination=2\nshow_pagination_results=1\nshow_noauth=0\nlink_titles=0\nshow_intro=1\nshow_section=0\nlink_section=0\nshow_category=0\nlink_category=0\nshow_author=1\nshow_create_date=1\nshow_modify_date=1\nshow_item_navigation=0\nshow_readmore=1\nshow_vote=0\nshow_icons=1\nshow_pdf_icon=1\nshow_print_icon=1\nshow_email_icon=1\nshow_hits=1\n\n',0,0,0),(51,'usermenu','Submit an Article','submit-an-article','index.php?option=com_content&view=article&layout=form','component',1,0,20,0,2,0,'0000-00-00 00:00:00',0,0,2,0,'',0,0,0),(52,'usermenu','Submit a Web Link','submit-a-web-link','index.php?option=com_weblinks&view=weblink&layout=form','component',1,0,4,0,3,0,'0000-00-00 00:00:00',0,0,2,0,'',0,0,0);

--
-- Table structure for table `jos_menu_types`
--

CREATE TABLE `jos_menu_types` (
  `id` int(10) unsigned NOT NULL auto_increment,
  `menutype` varchar(75) NOT NULL default '',
  `title` varchar(255) NOT NULL default '',
  `description` varchar(255) NOT NULL default '',
  PRIMARY KEY  (`id`),
  UNIQUE KEY `menutype` (`menutype`)
) ENGINE=MyISAM AUTO_INCREMENT=7 DEFAULT CHARSET=utf8;

--
-- Dumping data for table `jos_menu_types`
--

INSERT INTO `jos_menu_types` VALUES (1,'mainmenu','Main Menu','The main menu for the site'),(2,'usermenu','User Menu','A Menu for logged in Users'),(3,'topmenu','Top Menu','Top level navigation'),(4,'othermenu','Resources','Additional links'),(5,'ExamplePages','Example Pages','Example Pages'),(6,'keyconcepts','Key Concepts','This describes some critical information for new Users.');

--
-- Table structure for table `jos_messages`
--

CREATE TABLE `jos_messages` (
  `message_id` int(10) unsigned NOT NULL auto_increment,
  `user_id_from` int(10) unsigned NOT NULL default '0',
  `user_id_to` int(10) unsigned NOT NULL default '0',
  `folder_id` int(10) unsigned NOT NULL default '0',
  `date_time` datetime NOT NULL default '0000-00-00 00:00:00',
  `state` int(11) NOT NULL default '0',
  `priority` int(1) unsigned NOT NULL default '0',
  `subject` text NOT NULL,
  `message` text NOT NULL,
  PRIMARY KEY  (`message_id`),
  KEY `useridto_state` (`user_id_to`,`state`)
) ENGINE=MyISAM DEFAULT CHARSET=utf8;

--
-- Dumping data for table `jos_messages`
--


--
-- Table structure for table `jos_messages_cfg`
--

CREATE TABLE `jos_messages_cfg` (
  `user_id` int(10) unsigned NOT NULL default '0',
  `cfg_name` varchar(100) NOT NULL default '',
  `cfg_value` varchar(255) NOT NULL default '',
  UNIQUE KEY `idx_user_var_name` (`user_id`,`cfg_name`)
) ENGINE=MyISAM DEFAULT CHARSET=utf8;

--
-- Dumping data for table `jos_messages_cfg`
--


--
-- Table structure for table `jos_migration_backlinks`
--

CREATE TABLE `jos_migration_backlinks` (
  `itemid` int(11) NOT NULL,
  `name` varchar(100) NOT NULL,
  `url` text NOT NULL,
  `sefurl` text NOT NULL,
  `newurl` text NOT NULL,
  PRIMARY KEY  (`itemid`)
) ENGINE=MyISAM DEFAULT CHARSET=utf8;

--
-- Dumping data for table `jos_migration_backlinks`
--


--
-- Table structure for table `jos_modules`
--

CREATE TABLE `jos_modules` (
  `id` int(11) NOT NULL auto_increment,
  `title` text NOT NULL,
  `content` text NOT NULL,
  `ordering` int(11) NOT NULL default '0',
  `position` varchar(50) default NULL,
  `checked_out` int(11) unsigned NOT NULL default '0',
  `checked_out_time` datetime NOT NULL default '0000-00-00 00:00:00',
  `published` tinyint(1) NOT NULL default '0',
  `module` varchar(50) default NULL,
  `numnews` int(11) NOT NULL default '0',
  `access` tinyint(3) unsigned NOT NULL default '0',
  `showtitle` tinyint(3) unsigned NOT NULL default '1',
  `params` text NOT NULL,
  `iscore` tinyint(4) NOT NULL default '0',
  `client_id` tinyint(4) NOT NULL default '0',
  `control` text NOT NULL,
  PRIMARY KEY  (`id`),
  KEY `published` (`published`,`access`),
  KEY `newsfeeds` (`module`,`published`)
) ENGINE=MyISAM AUTO_INCREMENT=47 DEFAULT CHARSET=utf8;

--
-- Dumping data for table `jos_modules`
--

INSERT INTO `jos_modules` VALUES (1,'Main Menu','',2,'left',0,'0000-00-00 00:00:00',0,'mod_mainmenu',0,0,1,'menutype=mainmenu\nmoduleclass_sfx=_menu\n',1,0,''),(2,'Login','',1,'login',0,'0000-00-00 00:00:00',1,'mod_login',0,0,1,'',1,1,''),(3,'Popular','',3,'cpanel',0,'0000-00-00 00:00:00',1,'mod_popular',0,2,1,'',0,1,''),(4,'Recent added Articles','',4,'cpanel',0,'0000-00-00 00:00:00',1,'mod_latest',0,2,1,'ordering=c_dsc\nuser_id=0\ncache=0\n\n',0,1,''),(5,'Menu Stats','',5,'cpanel',0,'0000-00-00 00:00:00',1,'mod_stats',0,2,1,'',0,1,''),(6,'Unread Messages','',1,'header',0,'0000-00-00 00:00:00',1,'mod_unread',0,2,1,'',1,1,''),(7,'Online Users','',2,'header',0,'0000-00-00 00:00:00',1,'mod_online',0,2,1,'',1,1,''),(8,'Toolbar','',1,'toolbar',0,'0000-00-00 00:00:00',1,'mod_toolbar',0,2,1,'',1,1,''),(9,'Quick Icons','',1,'icon',0,'0000-00-00 00:00:00',1,'mod_quickicon',0,2,1,'',1,1,''),(10,'Logged in Users','',2,'cpanel',0,'0000-00-00 00:00:00',1,'mod_logged',0,2,1,'',0,1,''),(11,'Footer','',0,'footer',0,'0000-00-00 00:00:00',1,'mod_footer',0,0,1,'',1,1,''),(12,'Admin Menu','',1,'menu',0,'0000-00-00 00:00:00',1,'mod_menu',0,2,1,'',0,1,''),(13,'Admin SubMenu','',1,'submenu',0,'0000-00-00 00:00:00',1,'mod_submenu',0,2,1,'',0,1,''),(14,'User Status','',1,'status',0,'0000-00-00 00:00:00',1,'mod_status',0,2,1,'',0,1,''),(15,'Title','',1,'title',0,'0000-00-00 00:00:00',1,'mod_title',0,2,1,'',0,1,''),(16,'Polls','',1,'right',0,'0000-00-00 00:00:00',0,'mod_poll',0,0,1,'id=14\ncache=1',0,0,''),(17,'User Menu','',5,'left',0,'0000-00-00 00:00:00',0,'mod_mainmenu',0,1,1,'menutype=usermenu\nmoduleclass_sfx=_menu\ncache=1',1,0,''),(18,'Zaloguj się','',9,'left',0,'0000-00-00 00:00:00',0,'mod_login',0,0,0,'cache=0\nmoduleclass_sfx=\npretext=\nposttext=\nlogin=\nlogout=\ngreeting=1\nname=0\nusesecure=0\n\n',1,0,''),(19,'Latest News','',4,'user1',0,'0000-00-00 00:00:00',0,'mod_latestnews',0,0,1,'cache=1',1,0,''),(20,'Statistics','',8,'left',0,'0000-00-00 00:00:00',0,'mod_stats',0,0,1,'serverinfo=1\nsiteinfo=1\ncounter=1\nincrease=0\nmoduleclass_sfx=',0,0,''),(21,'Who\'s Online','',1,'right',0,'0000-00-00 00:00:00',0,'mod_whosonline',0,0,1,'online=1\nusers=1\nmoduleclass_sfx=',0,0,''),(22,'Popular','',6,'user2',0,'0000-00-00 00:00:00',0,'mod_mostread',0,0,1,'cache=1',0,0,''),(23,'Archive','',10,'left',0,'0000-00-00 00:00:00',0,'mod_archive',0,0,1,'cache=1',1,0,''),(24,'Sections','',11,'left',0,'0000-00-00 00:00:00',0,'mod_sections',0,0,1,'cache=1',1,0,''),(25,'Newsflash','',1,'top',0,'0000-00-00 00:00:00',0,'mod_newsflash',0,0,1,'catid=3\r\nstyle=random\r\nitems=\r\nmoduleclass_sfx=',0,0,''),(26,'Related Items','',12,'left',0,'0000-00-00 00:00:00',0,'mod_related_items',0,0,1,'',0,0,''),(27,'Search','',1,'user4',0,'0000-00-00 00:00:00',0,'mod_search',0,0,0,'cache=1',0,0,''),(28,'Random Image','',9,'right',0,'0000-00-00 00:00:00',0,'mod_random_image',0,0,1,'',0,0,''),(29,'Top Menu','',1,'user3',0,'0000-00-00 00:00:00',1,'mod_mainmenu',0,0,0,'cache=1\nmenutype=topmenu\nmenu_style=list_flat\nmenu_images=n\nmenu_images_align=left\nexpand_menu=n\nclass_sfx=-nav\nmoduleclass_sfx=\nindent_image1=0\nindent_image2=0\nindent_image3=0\nindent_image4=0\nindent_image5=0\nindent_image6=0',1,0,''),(30,'Banners','',1,'footer',0,'0000-00-00 00:00:00',0,'mod_banners',0,0,0,'target=1\ncount=1\ncid=1\ncatid=33\ntag_search=0\nordering=random\nheader_text=\nfooter_text=\nmoduleclass_sfx=\ncache=1\ncache_time=15\n\n',1,0,''),(31,'Resources','',3,'left',0,'0000-00-00 00:00:00',0,'mod_mainmenu',0,0,1,'menutype=othermenu\nmenu_style=list\nstartLevel=0\nendLevel=0\nshowAllChildren=0\nwindow_open=\nshow_whitespace=0\ncache=1\ntag_id=\nclass_sfx=\nmoduleclass_sfx=_menu\nmaxdepth=10\nmenu_images=0\nmenu_images_align=0\nexpand_menu=0\nactivate_parent=0\nfull_active_id=0\nindent_image=0\nindent_image1=\nindent_image2=\nindent_image3=\nindent_image4=\nindent_image5=\nindent_image6=\nspacer=\nend_spacer=\n\n',0,0,''),(32,'Wrapper','',13,'left',0,'0000-00-00 00:00:00',0,'mod_wrapper',0,0,1,'',0,0,''),(33,'Footer','',2,'footer',0,'0000-00-00 00:00:00',0,'mod_footer',0,0,0,'cache=1\n\n',1,0,''),(34,'Feed Display','',14,'left',0,'0000-00-00 00:00:00',0,'mod_feed',0,0,1,'',1,0,''),(35,'Breadcrumbs','',1,'breadcrumb',0,'0000-00-00 00:00:00',0,'mod_breadcrumbs',0,0,1,'moduleclass_sfx=\ncache=0\nshowHome=1\nhomeText=Home\nshowComponent=1\nseparator=\n\n',1,0,''),(36,'Syndication','',3,'syndicate',0,'0000-00-00 00:00:00',0,'mod_syndicate',0,0,0,'',1,0,''),(38,'Advertisement','',3,'right',0,'0000-00-00 00:00:00',0,'mod_banners',0,0,1,'count=4\r\nrandomise=0\r\ncid=0\r\ncatid=14\r\nheader_text=Featured Links:\r\nfooter_text=<a href=\"http://www.joomla.org\">Ads by Joomla!</a>\r\nmoduleclass_sfx=_text\r\ncache=0\r\n\r\n',0,0,''),(39,'Example Pages','',6,'left',0,'0000-00-00 00:00:00',0,'mod_mainmenu',0,0,1,'cache=1\nclass_sfx=\nmoduleclass_sfx=_menu\nmenutype=ExamplePages\nmenu_style=list_flat\nstartLevel=0\nendLevel=0\nshowAllChildren=0\nfull_active_id=0\nmenu_images=0\nmenu_images_align=0\nexpand_menu=0\nactivate_parent=0\nindent_image=0\nindent_image1=\nindent_image2=\nindent_image3=\nindent_image4=\nindent_image5=\nindent_image6=\nspacer=\nend_spacer=\nwindow_open=\n\n',0,0,''),(40,'Key Concepts','',4,'left',0,'0000-00-00 00:00:00',0,'mod_mainmenu',0,0,1,'cache=1\nclass_sfx=\nmoduleclass_sfx=_menu\nmenutype=keyconcepts\nmenu_style=list\nstartLevel=0\nendLevel=0\nshowAllChildren=0\nfull_active_id=0\nmenu_images=0\nmenu_images_align=0\nexpand_menu=0\nactivate_parent=0\nindent_image=0\nindent_image1=\nindent_image2=\nindent_image3=\nindent_image4=\nindent_image5=\nindent_image6=\nspacer=\nend_spacer=\nwindow_open=\n\n',0,0,''),(41,'Welcome to Joomla!','<div style=\"padding: 5px\">  <p>   Congratulations on choosing Joomla! as your content management system. To   help you get started, check out these excellent resources for securing your   server and pointers to documentation and other helpful resources. </p> <p>   <strong>Security</strong><br /> </p> <p>   On the Internet, security is always a concern. For that reason, you are   encouraged to subscribe to the   <a href=\"http://feedburner.google.com/fb/a/mailverify?uri=JoomlaSecurityNews\" target=\"_blank\">Joomla!   Security Announcements</a> for the latest information on new Joomla! releases,   emailed to you automatically. </p> <p>   If this is one of your first Web sites, security considerations may   seem complicated and intimidating. There are three simple steps that go a long   way towards securing a Web site: (1) regular backups; (2) prompt updates to the   <a href=\"http://www.joomla.org/download.html\" target=\"_blank\">latest Joomla! release;</a> and (3) a <a href=\"http://docs.joomla.org/Security_Checklist_2_-_Hosting_and_Server_Setup\" target=\"_blank\" title=\"good Web host\">good Web host</a>. There are many other important security considerations that you can learn about by reading the <a href=\"http://docs.joomla.org/Category:Security_Checklist\" target=\"_blank\" title=\"Joomla! Security Checklist\">Joomla! Security Checklist</a>. </p> <p>If you believe your Web site was attacked, or you think you have discovered a security issue in Joomla!, please do not post it in the Joomla! forums. Publishing this information could put other Web sites at risk. Instead, report possible security vulnerabilities to the <a href=\"http://developer.joomla.org/security/contact-the-team.html\" target=\"_blank\" title=\"Joomla! Security Task Force\">Joomla! Security Task Force</a>.</p><p><strong>Learning Joomla!</strong> </p> <p>   A good place to start learning Joomla! is the   \"<a href=\"http://docs.joomla.org/beginners\" target=\"_blank\">Absolute Beginner\'s   Guide to Joomla!.</a>\" There, you will find a Quick Start to Joomla!   <a href=\"http://help.joomla.org/ghop/feb2008/task048/joomla_15_quickstart.pdf\" target=\"_blank\">guide</a>   and <a href=\"http://help.joomla.org/ghop/feb2008/task167/index.html\" target=\"_blank\">video</a>,   amongst many other tutorials. The   <a href=\"http://community.joomla.org/magazine/view-all-issues.html\" target=\"_blank\">Joomla!   Community Magazine</a> also has   <a href=\"http://community.joomla.org/magazine/article/522-introductory-learning-joomla-using-sample-data.html\" target=\"_blank\">articles   for new learners</a> and experienced users, alike. A great place to look for   answers is the   <a href=\"http://docs.joomla.org/Category:FAQ\" target=\"_blank\">Frequently Asked   Questions (FAQ)</a>. If you are stuck on a particular screen in the   Administrator (which is where you are now), try clicking the Help toolbar   button to get assistance specific to that page. </p> <p>   If you still have questions, please feel free to use the   <a href=\"http://forum.joomla.org/\" target=\"_blank\">Joomla! Forums.</a> The forums   are an incredibly valuable resource for all levels of Joomla! users. Before   you post a question, though, use the forum search (located at the top of each   forum page) to see if the question has been asked and answered. </p> <p>   <strong>Getting Involved</strong> </p> <p>   <a name=\"twjs\" title=\"twjs\"></a> If you want to help make Joomla! better, consider getting   involved. There are   <a href=\"http://www.joomla.org/about-joomla/contribute-to-joomla.html\" target=\"_blank\">many ways   you can make a positive difference.</a> Have fun using Joomla!.</p></div>',0,'cpanel',0,'0000-00-00 00:00:00',1,'mod_custom',0,2,1,'moduleclass_sfx=\n\n',1,1,''),(42,'Joomla! Security Newsfeed','',6,'cpanel',62,'2008-10-25 20:15:17',1,'mod_feed',0,0,1,'cache=1\ncache_time=15\nmoduleclass_sfx=\nrssurl=http://feeds.joomla.org/JoomlaSecurityNews\nrssrtl=0\nrsstitle=1\nrssdesc=0\nrssimage=1\nrssitems=1\nrssitemdesc=1\nword_count=0\n\n',0,1,''),(43,'Menu','<a href=\"http://chemical.com.pl/index.php?option=com_virtuemart&page=shop.browse&category_id=2&Itemid=1\"><img border=\"0\" src=\"images/men1.png\"></a>\r\n\r\n<a href=\"http://chemical.com.pl/index.php?option=com_virtuemart&page=shop.browse&category_id=3&Itemid=1\"><img border=\"0\" src=\"images/men2.png\"></a>\r\n\r\n<a href=\"http://chemical.com.pl/index.php?option=com_virtuemart&page=shop.browse&category_id=3&Itemid=1\"><img border=\"0\" src=\"images/men3.png\"></a>\r\n\r\n<a href=\"http://chemical.com.pl/index.php?option=com_virtuemart&page=shop.browse&category_id=6&Itemid=1\"><img border=\"0\" src=\"images/men4.png\"></a>\r\n\r\n<a href=\"http://chemical.com.pl/index.php?option=com_virtuemart&page=shop.browse&category_id=7&Itemid=1\"><img border=\"0\" src=\"images/men5.png\"></a>\r\n\r\n<a href=\"http://chemical.com.pl/index.php?option=com_virtuemart&page=shop.browse&category_id=8&Itemid=1\"><img border=\"0\" src=\"images/men6.png\"></a>\r\n\r\n<a href=\"http://chemical.com.pl/index.php?option=com_virtuemart&page=shop.browse&category_id=9&Itemid=1\"><img border=\"0\" src=\"images/men7.png\"></a>\r\n\r\n<a href=\"http://chemical.com.pl/index.php?option=com_virtuemart&page=shop.browse&category_id=10&Itemid=1\"><img border=\"0\" src=\"images/men8.png\"></a>\r\n\r\n<a href=\"http://chemical.com.pl/index.php?option=com_virtuemart&page=shop.browse&category_id=11&Itemid=1\"><img border=\"0\" src=\"images/men9.png\"></a>\r\n\r\n<a href=\"http://chemical.com.pl/index.php?page=shop.cart&option=com_virtuemart&Itemid=1\"><img border=\"0\" src=\"images/koszyk.png\"></a>',0,'left',62,'2013-01-19 19:24:34',1,'mod_custom',0,0,0,'moduleclass_sfx=\n\n',0,0,''),(44,'Logowanie','<img border=\"0\" src=\"http://chemical.com.pl/templates/officemeeting/images/bkg_leftheader.gif\">',6,'left',0,'0000-00-00 00:00:00',0,'mod_custom',0,0,0,'moduleclass_sfx=\n\n',0,0,''),(45,'VirtueMart Shopping Cart','',15,'left',0,'0000-00-00 00:00:00',0,'mod_virtuemart_cart',0,0,1,'',0,0,''),(46,'VirtueMart Login','',16,'left',0,'0000-00-00 00:00:00',0,'mod_virtuemart_login',0,0,1,'moduleclass_sfx=\npretext=\nposttext=\nlogin=vmhome\nlogout=vmhome\ngreeting=1\nname=0\naccountlink=1\nremember_me_default=1\n\n',0,0,'');

--
-- Table structure for table `jos_modules_menu`
--

CREATE TABLE `jos_modules_menu` (
  `moduleid` int(11) NOT NULL default '0',
  `menuid` int(11) NOT NULL default '0',
  PRIMARY KEY  (`moduleid`,`menuid`)
) ENGINE=MyISAM DEFAULT CHARSET=utf8;

--
-- Dumping data for table `jos_modules_menu`
--

INSERT INTO `jos_modules_menu` VALUES (1,0),(16,1),(17,0),(18,0),(19,1),(19,2),(19,4),(19,27),(19,36),(21,1),(22,1),(22,2),(22,4),(22,27),(22,36),(25,0),(27,0),(29,0),(30,0),(31,1),(32,0),(33,0),(34,0),(35,0),(36,0),(38,1),(39,43),(39,44),(39,45),(39,46),(39,47),(40,0),(43,0),(44,0),(45,0),(46,0);

--
-- Table structure for table `jos_newsfeeds`
--

CREATE TABLE `jos_newsfeeds` (
  `catid` int(11) NOT NULL default '0',
  `id` int(11) NOT NULL auto_increment,
  `name` text NOT NULL,
  `alias` varchar(255) NOT NULL default '',
  `link` text NOT NULL,
  `filename` varchar(200) default NULL,
  `published` tinyint(1) NOT NULL default '0',
  `numarticles` int(11) unsigned NOT NULL default '1',
  `cache_time` int(11) unsigned NOT NULL default '3600',
  `checked_out` tinyint(3) unsigned NOT NULL default '0',
  `checked_out_time` datetime NOT NULL default '0000-00-00 00:00:00',
  `ordering` int(11) NOT NULL default '0',
  `rtl` tinyint(4) NOT NULL default '0',
  PRIMARY KEY  (`id`),
  KEY `published` (`published`),
  KEY `catid` (`catid`)
) ENGINE=MyISAM AUTO_INCREMENT=15 DEFAULT CHARSET=utf8;

--
-- Dumping data for table `jos_newsfeeds`
--

INSERT INTO `jos_newsfeeds` VALUES (4,1,'Joomla! Announcements','joomla-official-news','http://feeds.joomla.org/JoomlaAnnouncements','',1,5,3600,0,'0000-00-00 00:00:00',1,0),(4,2,'Joomla! Core Team Blog','joomla-core-team-blog','http://feeds.joomla.org/JoomlaCommunityCoreTeamBlog','',1,5,3600,0,'0000-00-00 00:00:00',2,0),(4,3,'Joomla! Community Magazine','joomla-community-magazine','http://feeds.joomla.org/JoomlaMagazine','',1,20,3600,0,'0000-00-00 00:00:00',3,0),(4,4,'Joomla! Developer News','joomla-developer-news','http://feeds.joomla.org/JoomlaDeveloper','',1,5,3600,0,'0000-00-00 00:00:00',4,0),(4,5,'Joomla! Security News','joomla-security-news','http://feeds.joomla.org/JoomlaSecurityNews','',1,5,3600,0,'0000-00-00 00:00:00',5,0),(5,6,'Free Software Foundation Blogs','free-software-foundation-blogs','http://www.fsf.org/blogs/RSS',NULL,1,5,3600,0,'0000-00-00 00:00:00',4,0),(5,7,'Free Software Foundation','free-software-foundation','http://www.fsf.org/news/RSS',NULL,1,5,3600,62,'2008-09-14 00:24:25',3,0),(5,8,'Software Freedom Law Center Blog','software-freedom-law-center-blog','http://www.softwarefreedom.org/feeds/blog/',NULL,1,5,3600,0,'0000-00-00 00:00:00',2,0),(5,9,'Software Freedom Law Center News','software-freedom-law-center','http://www.softwarefreedom.org/feeds/news/',NULL,1,5,3600,0,'0000-00-00 00:00:00',1,0),(5,10,'Open Source Initiative Blog','open-source-initiative-blog','http://www.opensource.org/blog/feed',NULL,1,5,3600,0,'0000-00-00 00:00:00',5,0),(6,11,'PHP News and Announcements','php-news-and-announcements','http://www.php.net/feed.atom',NULL,1,5,3600,62,'2008-09-14 00:25:37',1,0),(6,12,'Planet MySQL','planet-mysql','http://www.planetmysql.org/rss20.xml',NULL,1,5,3600,62,'2008-09-14 00:25:51',2,0),(6,13,'Linux Foundation Announcements','linux-foundation-announcements','http://www.linuxfoundation.org/press/rss20.xml',NULL,1,5,3600,62,'2008-09-14 00:26:11',3,0),(6,14,'Mootools Blog','mootools-blog','http://feeds.feedburner.com/mootools-blog',NULL,1,5,3600,62,'2008-09-14 00:26:51',4,0);

--
-- Table structure for table `jos_plugins`
--

CREATE TABLE `jos_plugins` (
  `id` int(11) NOT NULL auto_increment,
  `name` varchar(100) NOT NULL default '',
  `element` varchar(100) NOT NULL default '',
  `folder` varchar(100) NOT NULL default '',
  `access` tinyint(3) unsigned NOT NULL default '0',
  `ordering` int(11) NOT NULL default '0',
  `published` tinyint(3) NOT NULL default '0',
  `iscore` tinyint(3) NOT NULL default '0',
  `client_id` tinyint(3) NOT NULL default '0',
  `checked_out` int(11) unsigned NOT NULL default '0',
  `checked_out_time` datetime NOT NULL default '0000-00-00 00:00:00',
  `params` text NOT NULL,
  PRIMARY KEY  (`id`),
  KEY `idx_folder` (`published`,`client_id`,`access`,`folder`)
) ENGINE=MyISAM AUTO_INCREMENT=35 DEFAULT CHARSET=utf8;

--
-- Dumping data for table `jos_plugins`
--

INSERT INTO `jos_plugins` VALUES (1,'Authentication - Joomla','joomla','authentication',0,1,1,1,0,0,'0000-00-00 00:00:00',''),(2,'Authentication - LDAP','ldap','authentication',0,2,0,1,0,0,'0000-00-00 00:00:00','host=\nport=389\nuse_ldapV3=0\nnegotiate_tls=0\nno_referrals=0\nauth_method=bind\nbase_dn=\nsearch_string=\nusers_dn=\nusername=\npassword=\nldap_fullname=fullName\nldap_email=mail\nldap_uid=uid\n\n'),(3,'Authentication - GMail','gmail','authentication',0,4,0,0,0,0,'0000-00-00 00:00:00',''),(4,'Authentication - OpenID','openid','authentication',0,3,0,0,0,0,'0000-00-00 00:00:00',''),(5,'User - Joomla!','joomla','user',0,0,1,0,0,0,'0000-00-00 00:00:00','autoregister=1\n\n'),(6,'Search - Content','content','search',0,1,1,1,0,0,'0000-00-00 00:00:00','search_limit=50\nsearch_content=1\nsearch_uncategorised=1\nsearch_archived=1\n\n'),(7,'Search - Contacts','contacts','search',0,3,1,1,0,0,'0000-00-00 00:00:00','search_limit=50\n\n'),(8,'Search - Categories','categories','search',0,4,1,0,0,0,'0000-00-00 00:00:00','search_limit=50\n\n'),(9,'Search - Sections','sections','search',0,5,1,0,0,0,'0000-00-00 00:00:00','search_limit=50\n\n'),(10,'Search - Newsfeeds','newsfeeds','search',0,6,1,0,0,0,'0000-00-00 00:00:00','search_limit=50\n\n'),(11,'Search - Weblinks','weblinks','search',0,2,1,1,0,0,'0000-00-00 00:00:00','search_limit=50\n\n'),(12,'Content - Pagebreak','pagebreak','content',0,10000,1,1,0,0,'0000-00-00 00:00:00','enabled=1\ntitle=1\nmultipage_toc=1\nshowall=1\n\n'),(13,'Content - Rating','vote','content',0,4,1,1,0,0,'0000-00-00 00:00:00',''),(14,'Content - Email Cloaking','emailcloak','content',0,5,1,0,0,0,'0000-00-00 00:00:00','mode=1\n\n'),(15,'Content - Code Hightlighter (GeSHi)','geshi','content',0,5,0,0,0,0,'0000-00-00 00:00:00',''),(16,'Content - Load Module','loadmodule','content',0,6,1,0,0,0,'0000-00-00 00:00:00','enabled=1\nstyle=0\n\n'),(17,'Content - Page Navigation','pagenavigation','content',0,2,1,1,0,0,'0000-00-00 00:00:00','position=1\n\n'),(18,'Editor - No Editor','none','editors',0,0,1,1,0,0,'0000-00-00 00:00:00',''),(19,'Editor - TinyMCE','tinymce','editors',0,0,1,1,0,0,'0000-00-00 00:00:00','mode=advanced\nskin=0\ncompressed=0\ncleanup_startup=0\ncleanup_save=2\nentity_encoding=raw\nlang_mode=0\nlang_code=en\ntext_direction=ltr\ncontent_css=1\ncontent_css_custom=\nrelative_urls=1\nnewlines=0\ninvalid_elements=applet\nextended_elements=\ntoolbar=top\ntoolbar_align=left\nhtml_height=550\nhtml_width=750\nelement_path=1\nfonts=1\npaste=1\nsearchreplace=1\ninsertdate=1\nformat_date=%Y-%m-%d\ninserttime=1\nformat_time=%H:%M:%S\ncolors=1\ntable=1\nsmilies=1\nmedia=1\nhr=1\ndirectionality=1\nfullscreen=1\nstyle=1\nlayer=1\nxhtmlxtras=1\nvisualchars=1\nnonbreaking=1\ntemplate=0\nadvimage=1\nadvlink=1\nautosave=1\ncontextmenu=1\ninlinepopups=1\nsafari=1\ncustom_plugin=\ncustom_button=\n\n'),(20,'Editor - XStandard Lite 2.0','xstandard','editors',0,0,0,1,0,0,'0000-00-00 00:00:00',''),(21,'Editor Button - Image','image','editors-xtd',0,0,1,0,0,0,'0000-00-00 00:00:00',''),(22,'Editor Button - Pagebreak','pagebreak','editors-xtd',0,0,1,0,0,0,'0000-00-00 00:00:00',''),(23,'Editor Button - Readmore','readmore','editors-xtd',0,0,1,0,0,0,'0000-00-00 00:00:00',''),(24,'XML-RPC - Joomla','joomla','xmlrpc',0,7,0,1,0,0,'0000-00-00 00:00:00',''),(25,'XML-RPC - Blogger API','blogger','xmlrpc',0,7,0,1,0,0,'0000-00-00 00:00:00','catid=1\nsectionid=0\n\n'),(27,'System - SEF','sef','system',0,1,1,0,0,0,'0000-00-00 00:00:00',''),(28,'System - Debug','debug','system',0,2,1,0,0,0,'0000-00-00 00:00:00','queries=1\nmemory=1\nlangauge=1\n\n'),(29,'System - Legacy','legacy','system',0,3,0,1,0,0,'0000-00-00 00:00:00','route=0\n\n'),(30,'System - Cache','cache','system',0,4,0,1,0,0,'0000-00-00 00:00:00','browsercache=0\ncachetime=15\n\n'),(31,'System - Log','log','system',0,5,0,1,0,0,'0000-00-00 00:00:00',''),(32,'System - Remember Me','remember','system',0,6,1,1,0,0,'0000-00-00 00:00:00',''),(33,'System - Backlink','backlink','system',0,7,0,1,0,0,'0000-00-00 00:00:00',''),(34,'System - Mootools Upgrade','mtupgrade','system',0,8,0,1,0,0,'0000-00-00 00:00:00','');

--
-- Table structure for table `jos_poll_data`
--

CREATE TABLE `jos_poll_data` (
  `id` int(11) NOT NULL auto_increment,
  `pollid` int(11) NOT NULL default '0',
  `text` text NOT NULL,
  `hits` int(11) NOT NULL default '0',
  PRIMARY KEY  (`id`),
  KEY `pollid` (`pollid`,`text`(1))
) ENGINE=MyISAM AUTO_INCREMENT=13 DEFAULT CHARSET=utf8;

--
-- Dumping data for table `jos_poll_data`
--

INSERT INTO `jos_poll_data` VALUES (1,14,'Community Sites',2),(2,14,'Public Brand Sites',3),(3,14,'eCommerce',1),(4,14,'Blogs',0),(5,14,'Intranets',0),(6,14,'Photo and Media Sites',2),(7,14,'All of the Above!',3),(8,14,'',0),(9,14,'',0),(10,14,'',0),(11,14,'',0),(12,14,'',0);

--
-- Table structure for table `jos_poll_date`
--

CREATE TABLE `jos_poll_date` (
  `id` bigint(20) NOT NULL auto_increment,
  `date` datetime NOT NULL default '0000-00-00 00:00:00',
  `vote_id` int(11) NOT NULL default '0',
  `poll_id` int(11) NOT NULL default '0',
  PRIMARY KEY  (`id`),
  KEY `poll_id` (`poll_id`)
) ENGINE=MyISAM AUTO_INCREMENT=12 DEFAULT CHARSET=utf8;

--
-- Dumping data for table `jos_poll_date`
--

INSERT INTO `jos_poll_date` VALUES (1,'2006-10-09 13:01:58',1,14),(2,'2006-10-10 15:19:43',7,14),(3,'2006-10-11 11:08:16',7,14),(4,'2006-10-11 15:02:26',2,14),(5,'2006-10-11 15:43:03',7,14),(6,'2006-10-11 15:43:38',7,14),(7,'2006-10-12 00:51:13',2,14),(8,'2007-05-10 19:12:29',3,14),(9,'2007-05-14 14:18:00',6,14),(10,'2007-06-10 15:20:29',6,14),(11,'2007-07-03 12:37:53',2,14);

--
-- Table structure for table `jos_poll_menu`
--

CREATE TABLE `jos_poll_menu` (
  `pollid` int(11) NOT NULL default '0',
  `menuid` int(11) NOT NULL default '0',
  PRIMARY KEY  (`pollid`,`menuid`)
) ENGINE=MyISAM DEFAULT CHARSET=utf8;

--
-- Dumping data for table `jos_poll_menu`
--


--
-- Table structure for table `jos_polls`
--

CREATE TABLE `jos_polls` (
  `id` int(11) unsigned NOT NULL auto_increment,
  `title` varchar(255) NOT NULL default '',
  `alias` varchar(255) NOT NULL default '',
  `voters` int(9) NOT NULL default '0',
  `checked_out` int(11) NOT NULL default '0',
  `checked_out_time` datetime NOT NULL default '0000-00-00 00:00:00',
  `published` tinyint(1) NOT NULL default '0',
  `access` int(11) NOT NULL default '0',
  `lag` int(11) NOT NULL default '0',
  PRIMARY KEY  (`id`)
) ENGINE=MyISAM AUTO_INCREMENT=15 DEFAULT CHARSET=utf8;

--
-- Dumping data for table `jos_polls`
--

INSERT INTO `jos_polls` VALUES (14,'Joomla! is used for?','joomla-is-used-for',11,0,'0000-00-00 00:00:00',1,0,86400);

--
-- Table structure for table `jos_sections`
--

CREATE TABLE `jos_sections` (
  `id` int(11) NOT NULL auto_increment,
  `title` varchar(255) NOT NULL default '',
  `name` varchar(255) NOT NULL default '',
  `alias` varchar(255) NOT NULL default '',
  `image` text NOT NULL,
  `scope` varchar(50) NOT NULL default '',
  `image_position` varchar(30) NOT NULL default '',
  `description` text NOT NULL,
  `published` tinyint(1) NOT NULL default '0',
  `checked_out` int(11) unsigned NOT NULL default '0',
  `checked_out_time` datetime NOT NULL default '0000-00-00 00:00:00',
  `ordering` int(11) NOT NULL default '0',
  `access` tinyint(3) unsigned NOT NULL default '0',
  `count` int(11) NOT NULL default '0',
  `params` text NOT NULL,
  PRIMARY KEY  (`id`),
  KEY `idx_scope` (`scope`)
) ENGINE=MyISAM AUTO_INCREMENT=5 DEFAULT CHARSET=utf8;

--
-- Dumping data for table `jos_sections`
--

INSERT INTO `jos_sections` VALUES (1,'News','','news','articles.jpg','content','right','Select a news topic from the list below, then select a news article to read.',1,0,'0000-00-00 00:00:00',3,0,2,''),(3,'FAQs','','faqs','key.jpg','content','left','From the list below choose one of our FAQs topics, then select an FAQ to read. If you have a question which is not in this section, please contact us.',1,0,'0000-00-00 00:00:00',5,0,23,''),(4,'About Joomla!','','about-joomla','','content','left','',1,0,'0000-00-00 00:00:00',2,0,15,'');

--
-- Table structure for table `jos_session`
--

CREATE TABLE `jos_session` (
  `username` varchar(150) default '',
  `time` varchar(14) default '',
  `session_id` varchar(200) NOT NULL default '0',
  `guest` tinyint(4) default '1',
  `userid` int(11) default '0',
  `usertype` varchar(50) default '',
  `gid` tinyint(3) unsigned NOT NULL default '0',
  `client_id` tinyint(3) unsigned NOT NULL default '0',
  `data` longtext,
  PRIMARY KEY  (`session_id`(64)),
  KEY `whosonline` (`guest`,`usertype`),
  KEY `userid` (`userid`),
  KEY `time` (`time`)
) ENGINE=MyISAM DEFAULT CHARSET=utf8;

--
-- Dumping data for table `jos_session`
--

INSERT INTO `jos_session` VALUES ('','1366194823','bee862c70e731604b57c516d14d57c23',1,0,'',0,0,'laZT8JJ1SI150U9XHhvSdLFwptQzUHSjsHev13uyHK4B86gp1zQfRYXx7VRecNtA-nQGN-9-fpYX_i5524jNslcW3V_tD0z8F4tfw3ss3KCxFLAHvTsRBVb0WrdVTmH1s4_Hln6V82ROgBBF09zXONkCuTslUcuCFI9dxRDzDMSHLVSKcq-JN4Lc0LMSXUVMtUArNl0kzhySUFO_oJjt1GhGetr-42t0RfaDPcv5XdPkZtmr6DJbqNV2Nu-RTMwfjKjV_fORNcEEWRMI639N9NbAzgiLEgcNioxzdKnQRq4n5BcNtnyg19BUSpA6xlganR3oqM3gPhxoWRdw_cbAZ9vUfWC6o_pO5RqMIsfxAUPX-wcUauFpQkfYKVrRT6cpsutaQzAoAvkQqzH9zl3Qig_4skA97_bjzd6UgXCylj7ZiGxwnwnUGaQ5bDaZAAyHXUOIDM_WYkd3w06JNGnTh73qnXEJ5SeL5xfXlbgNN5mRPcV84ORYvq1JU9pJ2Jo-qE4mXhENz75hR1cQeKJL-FbK4MaEIEVKSspb-DFwmvsdslWMRH2OxhjLD44NIMyfcRgjDd0X9JYVA6fLoF_-lg04QuUK89ZOEY5__2xTZ1fK-6lrG7_MaqE0V2IaECvrNoW7_KB33OWq6XVcgZ9TfJvtSgKc0dAKGz815-hxlwZFA8dPHHZm9sM91T-ncSnTdhvuADBs65ZXgWz1mYFFfCEsJrNCOadFwEHS128Od7hOMmHzgVgB595osQ15iKwiYmvwjIlx-rJt0179WTC7dUvMxMZ_EUK4MKN_Lc6rTiWFxRHpuQ2-9TOGYltZLhWq5318c-xVJDeu_uxtYp2MYmSUDnzWHhoLkUe9hobNHe_oi9CA4kh4ecxEPHAEHe3iuMrHApkhEyeck5yjLsHRSSIgUcFzLg6826RSNeTICKSCZtciWiouVmehDU6CTlXDTMmFjL9KuhoSEfEABRqsqO2xWgfGa-X-4hgmho998xd3sVweU76xlMUh6NrKFrbXmNu3Nc1-rtzCyxdUIHK47tQHTzALvEuHDO47G9u2cFmArRczEjCExMXYVAOxZXAYUznteNjszsYPLXRwWFIOUeGMcvSV5hEW3RzyHnL7kDU-yKqHARgnpqowP5Mb0R6l9f8HESjXGER8T2qXXPWZ5B8sncGTXg3T9FAVUXB1V6WHKEk1PUj96_AYcwbytfVSuW28p3CW9zO_-aYZGYt-bs81tJLO_ZJ2ZaI41XC-tXftmcA6nkb9cATv0DibJh_5VXeLK6_biOnYskOBYZ4hwRT5sQz8Dy8KQ_z_CL2cCotoWJYF8G-EpXp3mTcJodybvYmsuxeg8IIwt-eyucrN8duDiNsMxWswuVPVX8N93_6ft2FeOaPq1YrXITHs74-9nHwlDOXoIlTrYNGmtOmgywvmm5KIxbyPNcok2GezRS-P3KDVsPFWnrWLAmVCpiKTHJGNz163ZRzSoLomJHrJtYDEhL-cS_apQD3TYyvhEgW95V4VEQofMrnH4Jc_prmmGu3SnyVGO1CpQuGYFSXYd31JJKHOZjt59Rc2eGn38Suyq50XIFNPtH3VyOk7KrLu7fzaumPNKEFV7E7Hw4tN8W50UR9ZkYJsAurIVdu1b6cCq5_eh-y3AOUUoazhmNVa97xZjTV_XINkZDIb2-Iqrg..'),('','1366194858','19f5191f777e0a73eb24ecc69dd44513',1,0,'',0,0,'IqReFN8_F9CyAc0SJQNdM1d2ghZJe0P7Q9-Xp8ze9zTvHKs7Hcd7YH99lx6PHqtUTS7x3Pg8eTs8aaJtdiY6HjydpN1pxerbIzx0Ozp-IC3Cnzyj6KbWPOrNoASfpBUyqUFi0p7ZbEAT1eTMuCxXnzW8baPKYPpqgdj0CAVfZ-kyYW3IDLiDPLKPBJmTFf0M8svaPI6c1-GNLSo2jXdBb1MDRtLui0toKl4P_5_7wlu-NyxjR1gp8p4Ov4vKNfed84aNIhJH1TGiMR1CVAYY01J3KsO9AdOaLqLboKC78fz6o5cuWM2cgBRgKxKrS1suc5nYKEUe47jK8bgy2A11hZGEwiiE60YYJ7nThiQsxfcvuGOf0ZcWwbgOb8_8TUzwLr1qquy0j2YLu6f6_ZCrW-xgisz-8Ym51uMEUNuvV1hcjnzejTN9DRzQm5LDVxMJQCEv_j0EFfqUFM7H8bdaiWTI830GCXEnR2crS29eyQ7szqI886VzZ3sQINeac3w0OEDOVwkOx19tGnC-WmzBYkGPwMs2okVHKxaNZfWLlKC1QQ1WeJTWcCm7ZCRU0LXVH_q3BPQSHVEVVi9Qg0CWoXNU_fuMgyxjMaJVkyr01_8H7QWXiPt91FxDEIfCr0bM1lXVuxX95HKhxT4-YSlL5kPtkCahE_-6OPzBPCaUozTwMjcLyhkgvOGTOuo3HFXonXbyzSonIz1CfcH5Rsz2t4XfH7tmjnkEJTr2VkAh3p1nzH_nT9dIGfJetCecFGgR4wUgZuJFDf8hhE9oOP4dv1uDX7miXPPFDJeFLDG2GR2hUp382wLUSFpXeQ52kmyPm1UxxrELrO9qXbCqEo_Q9OLULcF2nwa1ikxNtpeNgfyPYPUyq2VZJkriPem__qNt4WbBGaZ9um8M476qktPSDsKlJHadXpu6SDRav4kxfwTlcTRM-LZSpMoLqZ8k333PuCB5N-1e5_euF3e0qSkGzmGIPk5jq5vwR7eotyfIahzk9XDObDD_rIUI682-gR8ekPlUto5e_4gbEG7OZ_e7vKpGU6JnijSaX-QD_o7xos_1dPAb4YhCozgpncqe0C-5Bt_0IHvUwcj9hiPvLPSda9dIvb4Dkg0X2_TxRWzbAzfPHmShqL4j7KIIg_FmcuDYYo3-or8iQ5ZFcdYq9wEzd9nxbPhIdxt06_k5ntbllOCDIIzgN85N1x6gAuhoBtEedFn2yL5X_V6bvq25zltpeJoxNO8rOuTcJBAmvSlmcGpyQfVs1vqdqsBX1lbh25ngTHP2GUscRLeL8BGAFu--hq5guxqXZaZpExBKateso-KDmNfkCVhkuWMaEDjd7xpFOYQoK4yuAORX4F9sYREuPaRbc3ir3MeHCwaWKCbHZvdotNTX6kt7vzDpJo75sIbYj3U2DU2LolKO8Sn_0MnTUbVQbZeOxZEfGo9kSlvQ5QsemxeAWUYmoGbEqObvepf2m9NH8VlFHxIWdfBw2lK2SOGvs5fWdVuq_N_OVRXEsYj-pVUB1lIShp_Qov3TedcrDMJXAlT93nSlwUzSOTeNIRoxsHOIVTaRhyIhuIB7F0WBNic1OSzKFrRPAR9BWkGw6kw94I5dQysh0JKQAd6vlD3pusMFHZl3D5JfhGfDbtXEpFGJsf-pRf0DyYi1rtPcLeI5ligeLbYk0dnx4sUH6ZSRKX7w7nF93zHEyHboGdtVRHkGvrY3LksxmPhFB_4WUa3ouxtDhO7_vKH81HgzFubBGWXoHZZ1TaFnTPs4ZAH57nKivoCAo-b4cx_5x_LRLLJ91KLJu8b4kxF82hWxXxZiEUznGT9LDzrOy2XIa9yElRZ0InWF-02cgcyEPnSkLlT7mHDBSFh4K5Wfyg3w07GzvC0PZ6RbPBOHBMyKvWXUoIcneWGDm34vcf2Q1P0JrkmbD-kKJXDCEP0FIxIhrT3k8Q_QLupip3hl7dsc9Afnqrxfw4SpEhGWhFQh6Nirm9aUwAws8N6_2cmPICXLxXZ9kpd0WMrwbKt9sCct7G5jZGkmvMKuETEOs1vIQ7aZVW0SluQH8nGCSaLpeYfi7_lRd24RG61G6moA1q-S8gas1UKUZ6deaTaJQKDn-s4P9VG2DMPh5aCJ82meSmLkoHgWWTyGIJ748I0pArOEuJUjj50HzVY4Jsx0aOUhQKKdKGtln_GlGkzwCWmSr-HEUpwfyC04_Q4df0VZjZvjk3xA0Hq3qfABoVvPvT-7JEg1NY38_kPmltS24NpRcCYNzdNjn4yJ0-pe6_l_LW4fmkOulBO5vFnXbMg_FmcHP-yN9qSjnLghFPT3ToSp6zhgyyece1JuOTJjTvOYuIa1ySbyXirmDe23VwF21U8FodbPga62yKi7d0w3djtj2Zb8IdbJD2a3Ug0aLUUDBOvZ-CpUx7dHaam4JkEpuAPGk90aMHDS9Hr299S99McsqMaIFOSI6_IfZ2t-LQwftsMwoGDHUAXZUDwh6B4pWle6R0NbdH_QMizuQPEDEjt4neWhBLda23MpLwU--eITPMO07crQBya-YsuYphrun8cG18mJ-hEJ2PwoQUKKnBlA99f307vi8ttsT1QpI9rFr1W4iaPZnw103HjwcG2mVqb1zn54M2k08Uy3OGKRc4eo1hUpDgyx6vUSqKCbbi6flewZxRAVWNusiBJe7di4OJYy7IVjC5UuMs-Qk_Hk3DLiovNHr0PZ-B5A3_8T281INMWKUj8TlR78gUMyaM-VbOz1fuqQpkvL-XTbva84E7abOZMqH2PF6Jy_LPCfkSJCAio_4okIcjTnkIU1gNk8G3b04W1PA6h64kL34j79vOR51yg4yl4IhY3WbBECwgkKE_Fe_7y0_6iFuJlbKaThnFumFRchvwM-SqidslLPn4f3qT-cFA..');

--
-- Table structure for table `jos_stats_agents`
--

CREATE TABLE `jos_stats_agents` (
  `agent` varchar(255) NOT NULL default '',
  `type` tinyint(1) unsigned NOT NULL default '0',
  `hits` int(11) unsigned NOT NULL default '1'
) ENGINE=MyISAM DEFAULT CHARSET=utf8;

--
-- Dumping data for table `jos_stats_agents`
--


--
-- Table structure for table `jos_templates_menu`
--

CREATE TABLE `jos_templates_menu` (
  `template` varchar(255) NOT NULL default '',
  `menuid` int(11) NOT NULL default '0',
  `client_id` tinyint(4) NOT NULL default '0',
  PRIMARY KEY  (`menuid`,`client_id`,`template`)
) ENGINE=MyISAM DEFAULT CHARSET=utf8;

--
-- Dumping data for table `jos_templates_menu`
--

INSERT INTO `jos_templates_menu` VALUES ('officemeeting',0,0),('khepri',0,1);

--
-- Table structure for table `jos_users`
--

CREATE TABLE `jos_users` (
  `id` int(11) NOT NULL auto_increment,
  `name` varchar(255) NOT NULL default '',
  `username` varchar(150) NOT NULL default '',
  `email` varchar(100) NOT NULL default '',
  `password` varchar(100) NOT NULL default '',
  `usertype` varchar(25) NOT NULL default '',
  `block` tinyint(4) NOT NULL default '0',
  `sendEmail` tinyint(4) default '0',
  `gid` tinyint(3) unsigned NOT NULL default '1',
  `registerDate` datetime NOT NULL default '0000-00-00 00:00:00',
  `lastvisitDate` datetime NOT NULL default '0000-00-00 00:00:00',
  `activation` varchar(100) NOT NULL default '',
  `params` text NOT NULL,
  PRIMARY KEY  (`id`),
  KEY `usertype` (`usertype`),
  KEY `idx_name` (`name`),
  KEY `gid_block` (`gid`,`block`),
  KEY `username` (`username`),
  KEY `email` (`email`)
) ENGINE=MyISAM AUTO_INCREMENT=77 DEFAULT CHARSET=utf8;

--
-- Dumping data for table `jos_users`
--

INSERT INTO `jos_users` VALUES (62,'Michał Kołdras','Admin','ciumek11@poczta.fm','0058bc72778b0b3ec9b471fa7dd721f4','Super Administrator',0,0,25,'2013-01-02 17:17:47','2013-03-27 10:32:16','',''),(63,'User','User','biuro@chemical.com.pl','4f5394f3da913cab03f9cfa3109fe6b2:eRoQSPsGVVxROAcLvw6W1Ide16qLHF2y','Administrator',0,0,24,'2013-01-10 10:57:38','2013-01-10 15:28:47','','language=\ntimezone=0\nadmin_language=\neditor=\nhelpsite=\n\n'),(67,'test','test','michalkoldras@kinoamatorskie.pl','2f5f4dd259a927872415864d583038fe:GZFhUa2c5ofhBHdrTzoLbn8XOkmt8rA2','Registered',0,0,18,'2013-01-18 19:20:21','2013-01-18 19:28:32','','\n'),(68,'tghh','thths','ff4@wp.pl','356ebf31a15ece61f5cfc4d678909f94:AKFHIS5mY9giCknKZ8zPaog1KB3tuO3k','Registered',1,0,18,'2013-01-19 15:13:19','0000-00-00 00:00:00','334b9ea09c28485044f1554e49a3ca87','\n'),(69,'Lolek','Lolek','lolek@matolek.pl','8d5f23bc91865dbe659ebfc648e7635d:ASfuG5zRvaeACLUWooTRn4aeFohnEuIa','Registered',0,0,18,'2013-01-19 17:26:40','2013-01-19 17:27:59','c45475b265b42fe440e48f25da224866','\n'),(70,'Michał Kołdras','Snake','bukovina@interia.eu','637c16472ea1a02c735ca48b952e3dd5:wWswkz2REdBCZOF7q14hpuSAZ5sNmrYu','Registered',1,0,18,'2013-01-22 09:25:23','0000-00-00 00:00:00','ed8d0d78f538a8a42f5a0247e855ca2d','\n'),(71,'michal koldr','Testowy','snake@bikauto.com.pl','33e6b0f204eaa2c7643959ff510ca82d:8BpDcpi7Q8oiYWKKi9KNlHjN61kJQOwr','Registered',0,0,18,'2013-01-23 12:37:43','2013-01-28 10:49:49','','\n'),(72,'Michał Kołdras','test2','procesoryprzyszlosci@poczta.onet.pl','3f1543bfaaae7d4fc53dbe6e32d46a58:zrVjbErUkfAVUmRso1aZUjTtNdUotzdX','Registered',0,0,18,'2013-01-22 22:26:51','2013-01-22 22:26:51','','\n'),(73,'efrf efwf4','chemical1','ds@efw.pl','5385924bbd75b0192152b2e6555cbf40:T5ciuaQvWWssxNlRcAe3efNF71GoZCLV','Registered',0,0,18,'2013-01-24 09:04:14','2013-04-16 20:50:11','','\n'),(74,'tre fred','chemical9','da@we.pl','29a2b420c21e5f1bc11c6b6090c951c8:Y3MkDc86dpT1zHvB0qufCEkkz0nwhajt','Registered',0,0,18,'2013-01-28 08:52:01','2013-01-28 08:52:02','','\n'),(75,'mati nowak','Tester','michalkoldras@dealmedia.pl','534b71d92c60776ae059bb74bc050b92:0ocXgFYJr0FoedHPA9BgxQmTFimrSmJN','Registered',0,0,18,'2013-01-28 10:50:56','2013-01-28 10:51:07','','\n'),(76,'Piotr Grzybek','peterg','piotr@nort.com.pl','70ef2bdccad72521ad7fa7c7389f8ffb:EowypQUyPU1HW908CeBjXclAWzdCIpe3','Registered',0,0,18,'2013-03-07 09:38:48','2013-03-07 09:38:49','','\n');

--
-- Table structure for table `jos_vm_auth_group`
--

CREATE TABLE `jos_vm_auth_group` (
  `group_id` int(11) NOT NULL auto_increment,
  `group_name` varchar(128) default NULL,
  `group_level` int(11) default NULL,
  PRIMARY KEY  (`group_id`)
) ENGINE=MyISAM AUTO_INCREMENT=5 DEFAULT CHARSET=utf8 COMMENT='Holds all the user groups';

--
-- Dumping data for table `jos_vm_auth_group`
--

INSERT INTO `jos_vm_auth_group` VALUES (1,'admin',0),(2,'storeadmin',250),(3,'shopper',500),(4,'demo',750);

--
-- Table structure for table `jos_vm_auth_user_group`
--

CREATE TABLE `jos_vm_auth_user_group` (
  `user_id` int(11) NOT NULL default '0',
  `group_id` int(11) default NULL,
  PRIMARY KEY  (`user_id`)
) ENGINE=MyISAM DEFAULT CHARSET=utf8 COMMENT='Maps the user to user groups';

--
-- Dumping data for table `jos_vm_auth_user_group`
--

INSERT INTO `jos_vm_auth_user_group` VALUES (62,2);

--
-- Table structure for table `jos_vm_auth_user_vendor`
--

CREATE TABLE `jos_vm_auth_user_vendor` (
  `user_id` int(11) default NULL,
  `vendor_id` int(11) default NULL,
  KEY `idx_auth_user_vendor_user_id` (`user_id`),
  KEY `idx_auth_user_vendor_vendor_id` (`vendor_id`)
) ENGINE=MyISAM DEFAULT CHARSET=utf8 COMMENT='Maps a user to a vendor';

--
-- Dumping data for table `jos_vm_auth_user_vendor`
--

INSERT INTO `jos_vm_auth_user_vendor` VALUES (62,1),(70,1),(61,1),(60,1),(59,1),(58,1),(71,1),(72,1),(73,1),(74,1),(75,1),(76,1);

--
-- Table structure for table `jos_vm_cart`
--

CREATE TABLE `jos_vm_cart` (
  `user_id` int(11) NOT NULL,
  `cart_content` text NOT NULL,
  `last_updated` timestamp NOT NULL default CURRENT_TIMESTAMP,
  PRIMARY KEY  (`user_id`)
) ENGINE=MyISAM DEFAULT CHARSET=utf8 COMMENT='Stores the cart contents of a user';

--
-- Dumping data for table `jos_vm_cart`
--

INSERT INTO `jos_vm_cart` VALUES (63,'a:2:{s:3:\"idx\";i:1;i:0;a:5:{s:8:\"quantity\";i:1;s:10:\"product_id\";s:2:\"25\";s:9:\"parent_id\";s:2:\"25\";s:11:\"category_id\";s:1:\"1\";s:11:\"description\";s:0:\"\";}}','2013-01-10 15:29:11'),(62,'a:2:{s:3:\"idx\";i:1;i:0;a:5:{s:8:\"quantity\";i:2;s:10:\"product_id\";s:2:\"97\";s:9:\"parent_id\";s:2:\"97\";s:11:\"category_id\";s:1:\"6\";s:11:\"description\";s:0:\"\";}}','2013-03-27 10:32:21'),(73,'a:1:{s:3:\"idx\";i:0;}','2013-04-16 18:19:57'),(59,'a:1:{s:3:\"idx\";i:0;}','2013-01-22 16:51:03'),(58,'a:1:{s:3:\"idx\";i:0;}','2013-01-22 21:07:40'),(71,'a:3:{s:3:\"idx\";i:2;i:0;a:5:{s:8:\"quantity\";i:2;s:10:\"product_id\";s:2:\"71\";s:9:\"parent_id\";s:2:\"71\";s:11:\"category_id\";s:1:\"3\";s:11:\"description\";s:0:\"\";}i:1;a:5:{s:8:\"quantity\";i:2;s:10:\"product_id\";s:2:\"65\";s:9:\"parent_id\";s:2:\"65\";s:11:\"category_id\";s:1:\"2\";s:11:\"description\";s:0:\"\";}}','2013-01-28 10:47:24'),(74,'a:1:{s:3:\"idx\";i:0;}','2013-01-28 08:57:09'),(76,'a:1:{s:3:\"idx\";i:0;}','2013-03-07 09:43:58');

--
-- Table structure for table `jos_vm_category`
--

CREATE TABLE `jos_vm_category` (
  `category_id` int(11) NOT NULL auto_increment,
  `vendor_id` int(11) NOT NULL default '0',
  `category_name` varchar(128) NOT NULL default '',
  `category_description` text,
  `category_thumb_image` varchar(255) default NULL,
  `category_full_image` varchar(255) default NULL,
  `category_publish` char(1) default NULL,
  `cdate` int(11) default NULL,
  `mdate` int(11) default NULL,
  `category_browsepage` varchar(255) NOT NULL default 'browse_1',
  `products_per_row` tinyint(2) NOT NULL default '1',
  `category_flypage` varchar(255) default NULL,
  `list_order` int(11) default NULL,
  PRIMARY KEY  (`category_id`),
  KEY `idx_category_vendor_id` (`vendor_id`),
  KEY `idx_category_name` (`category_name`)
) ENGINE=MyISAM AUTO_INCREMENT=12 DEFAULT CHARSET=utf8 COMMENT='Product Categories are stored here';

--
-- Dumping data for table `jos_vm_category`
--

INSERT INTO `jos_vm_category` VALUES (1,1,'Środki myjące i czyszczące','Środki myjące i czyszczące','resized/__rodki_myj__ce__50c4db1008cd0_90x90.png','__rodki_myj__ce__50c4db100db00.png','Y',950319905,1355518515,'browse_2',2,'flypage-ask.tpl',1),(2,1,'Środki do zmywarek','Środki do zmywarek','resized/__rodki_do_zmywa_50c4df986039f_90x90.png','__rodki_do_zmywa_50c4df9868b93.png','Y',950319916,1356283265,'browse_2',2,'flypage-ask.tpl',2),(3,1,'Gąbki, ścierki, mopy, worki','Gąbki, ścierki, mopy, worki','resized/G__bki____cierki_50c4e0ddaec76_90x90.png','G__bki____cierki_50c4e0ddb592e.png','Y',950321122,1355079901,'browse_2',2,'flypage-ask.tpl',3),(6,1,'Papier, ręczniki, serwetki','Papier, ręczniki, serwetki','resized/Papier__r__cznik_50c4e258a05e5_90x90.png','Papier__r__cznik_50c4e258a6b73.png','Y',1355080280,1356297407,'browse_2',2,'flypage.tpl',4),(7,1,'Środki do myjni','Środki do myjni','resized/__rodki_do_myjni_50c4e31fe45fc_90x90.png','__rodki_do_myjni_50c4e31fed2b7.png','Y',1355080479,1356541189,'browse_2',2,'flypage.tpl',5),(8,1,'Środki do BHP','Środki do BHP','resized/__rodki_do_BHP_50c4e3f8e7a4e_90x90.png','__rodki_do_BHP_50c4e3f8ebcb2.png','Y',1355080696,1356706751,'browse_2',2,'flypage.tpl',6),(9,1,'Środki piorące','Środki piorące','resized/__rodki_pior__ce_50c4e4b0aaf45_90x90.png','__rodki_pior__ce_50c4e4b0b0167.png','Y',1355080880,1356801967,'browse_2',2,'flypage.tpl',7),(10,1,'Chemia profesjonalna','Chemia profesjonalna','resized/Chemia_profesjon_50c4e59f31228_90x90.png','Chemia_profesjon_50c4e59f3843f.png','Y',1355081119,1357050703,'browse_2',2,'flypage.tpl',8),(11,1,'Chemia budowlana','Chemia budowlana','resized/Chemia_budowlana_50c4e60f4f656_90x90.png','Chemia_budowlana_50c4e60f57ff8.png','Y',1355081231,1357053255,'browse_2',2,'flypage.tpl',9);

--
-- Table structure for table `jos_vm_category_xref`
--

CREATE TABLE `jos_vm_category_xref` (
  `category_parent_id` int(11) NOT NULL default '0',
  `category_child_id` int(11) NOT NULL default '0',
  `category_list` int(11) default NULL,
  PRIMARY KEY  (`category_child_id`),
  KEY `category_xref_category_parent_id` (`category_parent_id`),
  KEY `idx_category_xref_category_list` (`category_list`)
) ENGINE=MyISAM DEFAULT CHARSET=utf8 COMMENT='Category child-parent relation list';

--
-- Dumping data for table `jos_vm_category_xref`
--

INSERT INTO `jos_vm_category_xref` VALUES (0,1,NULL),(0,2,NULL),(0,3,NULL),(0,7,NULL),(0,6,NULL),(0,8,NULL),(0,9,NULL),(0,10,NULL),(0,11,NULL);

--
-- Table structure for table `jos_vm_country`
--

CREATE TABLE `jos_vm_country` (
  `country_id` int(11) NOT NULL auto_increment,
  `zone_id` int(11) NOT NULL default '1',
  `country_name` varchar(64) default NULL,
  `country_3_code` char(3) default NULL,
  `country_2_code` char(2) default NULL,
  PRIMARY KEY  (`country_id`),
  KEY `idx_country_name` (`country_name`)
) ENGINE=MyISAM AUTO_INCREMENT=262 DEFAULT CHARSET=utf8 COMMENT='Country records';

--
-- Dumping data for table `jos_vm_country`
--

INSERT INTO `jos_vm_country` VALUES (261,1,'łódzkie','PLÓ','PÓ'),(260,1,'zachodnio-pomorskie','PLI','PI'),(259,1,'wielkopolskie','PLE','PE'),(258,1,'warmińsko-mazurskie','PLZ','PZ'),(257,1,'świętokrzyskie','PLW','PW'),(256,1,'śląskie','PLŚ','PŚ'),(255,1,'pomorskie','PRP','PR'),(254,1,'podlaskie','PLS','PS'),(253,1,'podkarpackie','PLP','PP'),(252,1,'opolskie','PLO','PO'),(251,1,'małopolskie','PLA','PA'),(250,1,'mazowieckie','PLM','PM'),(249,1,'lubuskie','PLB','PB'),(248,1,'lubelskie','PLL','PU'),(247,1,'kujawsko-pomorskie','PLK','PK'),(246,1,'dolnośląskie','PLD','PD');

--
-- Table structure for table `jos_vm_coupons`
--

CREATE TABLE `jos_vm_coupons` (
  `coupon_id` int(16) NOT NULL auto_increment,
  `coupon_code` varchar(32) NOT NULL default '',
  `percent_or_total` enum('percent','total') NOT NULL default 'percent',
  `coupon_type` enum('gift','permanent') NOT NULL default 'gift',
  `coupon_value` decimal(12,2) NOT NULL default '0.00',
  PRIMARY KEY  (`coupon_id`)
) ENGINE=MyISAM AUTO_INCREMENT=5 DEFAULT CHARSET=utf8 COMMENT='Used to store coupon codes';

--
-- Dumping data for table `jos_vm_coupons`
--

INSERT INTO `jos_vm_coupons` VALUES (1,'test1','total','gift',6.00),(2,'test2','percent','permanent',15.00),(3,'test3','total','permanent',4.00),(4,'test4','total','gift',15.00);

--
-- Table structure for table `jos_vm_creditcard`
--

CREATE TABLE `jos_vm_creditcard` (
  `creditcard_id` int(11) NOT NULL auto_increment,
  `vendor_id` int(11) NOT NULL default '0',
  `creditcard_name` varchar(70) NOT NULL default '',
  `creditcard_code` varchar(30) NOT NULL default '',
  PRIMARY KEY  (`creditcard_id`)
) ENGINE=MyISAM AUTO_INCREMENT=8 DEFAULT CHARSET=utf8 COMMENT='Used to store credit card types';

--
-- Dumping data for table `jos_vm_creditcard`
--

INSERT INTO `jos_vm_creditcard` VALUES (1,1,'Visa','VISA'),(2,1,'MasterCard','MC'),(3,1,'American Express','amex'),(4,1,'Discover Card','discover'),(5,1,'Diners Club','diners'),(6,1,'JCB','jcb'),(7,1,'Australian Bankcard','australian_bc');

--
-- Table structure for table `jos_vm_csv`
--

CREATE TABLE `jos_vm_csv` (
  `field_id` int(11) NOT NULL auto_increment,
  `field_name` varchar(128) NOT NULL default '',
  `field_default_value` text,
  `field_ordering` int(3) NOT NULL default '0',
  `field_required` char(1) default 'N',
  PRIMARY KEY  (`field_id`)
) ENGINE=MyISAM AUTO_INCREMENT=26 DEFAULT CHARSET=utf8 COMMENT='Holds all fields which are used on CVS Ex-/Import';

--
-- Dumping data for table `jos_vm_csv`
--

INSERT INTO `jos_vm_csv` VALUES (1,'product_sku','',1,'Y'),(2,'product_s_desc','',5,'N'),(3,'product_desc','',6,'N'),(4,'product_thumb_image','',7,'N'),(5,'product_full_image','',8,'N'),(6,'product_weight','',9,'N'),(7,'product_weight_uom','KG',10,'N'),(8,'product_length','',11,'N'),(9,'product_width','',12,'N'),(10,'product_height','',13,'N'),(11,'product_lwh_uom','',14,'N'),(12,'product_in_stock','0',15,'N'),(13,'product_available_date','',16,'N'),(14,'product_discount_id','',17,'N'),(15,'product_name','',2,'Y'),(16,'product_price','',4,'N'),(17,'category_path','',3,'Y'),(18,'manufacturer_id','',18,'N'),(19,'product_tax_id','',19,'N'),(20,'product_sales','',20,'N'),(21,'product_parent_id','0',21,'N'),(22,'attribute','',22,'N'),(23,'custom_attribute','',23,'N'),(24,'attributes','',24,'N'),(25,'attribute_values','',25,'N');

--
-- Table structure for table `jos_vm_currency`
--

CREATE TABLE `jos_vm_currency` (
  `currency_id` int(11) NOT NULL auto_increment,
  `currency_name` varchar(64) default NULL,
  `currency_code` char(3) default NULL,
  PRIMARY KEY  (`currency_id`),
  KEY `idx_currency_name` (`currency_name`)
) ENGINE=MyISAM AUTO_INCREMENT=159 DEFAULT CHARSET=utf8 COMMENT='Used to store currencies';

--
-- Dumping data for table `jos_vm_currency`
--

INSERT INTO `jos_vm_currency` VALUES (114,'Polski Złoty','PLN');

--
-- Table structure for table `jos_vm_export`
--

CREATE TABLE `jos_vm_export` (
  `export_id` int(11) NOT NULL auto_increment,
  `vendor_id` int(11) default NULL,
  `export_name` varchar(255) default NULL,
  `export_desc` text NOT NULL,
  `export_class` varchar(50) NOT NULL,
  `export_enabled` char(1) NOT NULL default 'N',
  `export_config` text NOT NULL,
  `iscore` tinyint(3) NOT NULL default '0',
  PRIMARY KEY  (`export_id`)
) ENGINE=MyISAM DEFAULT CHARSET=utf8 COMMENT='Export Modules';

--
-- Dumping data for table `jos_vm_export`
--


--
-- Table structure for table `jos_vm_function`
--

CREATE TABLE `jos_vm_function` (
  `function_id` int(11) NOT NULL auto_increment,
  `module_id` int(11) default NULL,
  `function_name` varchar(32) default NULL,
  `function_class` varchar(32) default NULL,
  `function_method` varchar(32) default NULL,
  `function_description` text,
  `function_perms` varchar(255) default NULL,
  PRIMARY KEY  (`function_id`),
  KEY `idx_function_module_id` (`module_id`),
  KEY `idx_function_name` (`function_name`)
) ENGINE=MyISAM AUTO_INCREMENT=195 DEFAULT CHARSET=utf8 COMMENT='Used to map a function alias to a ''real'' class::function';

--
-- Dumping data for table `jos_vm_function`
--

INSERT INTO `jos_vm_function` VALUES (1,1,'userAdd','ps_user','add','','admin,storeadmin'),(2,1,'userDelete','ps_user','delete','','admin,storeadmin'),(3,1,'userUpdate','ps_user','update','','admin,storeadmin'),(31,2,'productAdd','ps_product','add','','admin,storeadmin'),(6,1,'functionAdd','ps_function','add','','admin'),(7,1,'functionUpdate','ps_function','update','','admin'),(8,1,'functionDelete','ps_function','delete','','admin'),(9,1,'userLogout','ps_user','logout','','none'),(10,1,'userAddressAdd','ps_user_address','add','','admin,storeadmin,shopper,demo'),(11,1,'userAddressUpdate','ps_user_address','update','','admin,storeadmin,shopper'),(12,1,'userAddressDelete','ps_user_address','delete','','admin,storeadmin,shopper'),(13,1,'moduleAdd','ps_module','add','','admin'),(14,1,'moduleUpdate','ps_module','update','','admin'),(15,1,'moduleDelete','ps_module','delete','','admin'),(16,1,'userLogin','ps_user','login','','none'),(17,3,'vendorAdd','ps_vendor','add','','admin'),(18,3,'vendorUpdate','ps_vendor','update','','admin,storeadmin'),(19,3,'vendorDelete','ps_vendor','delete','','admin'),(20,3,'vendorCategoryAdd','ps_vendor_category','add','','admin'),(21,3,'vendorCategoryUpdate','ps_vendor_category','update','','admin'),(22,3,'vendorCategoryDelete','ps_vendor_category','delete','','admin'),(23,4,'shopperAdd','ps_shopper','add','','none'),(24,4,'shopperDelete','ps_shopper','delete','','admin,storeadmin'),(25,4,'shopperUpdate','ps_shopper','update','','admin,storeadmin,shopper'),(26,4,'shopperGroupAdd','ps_shopper_group','add','','admin,storeadmin'),(27,4,'shopperGroupUpdate','ps_shopper_group','update','','admin,storeadmin'),(28,4,'shopperGroupDelete','ps_shopper_group','delete','','admin,storeadmin'),(30,5,'orderStatusSet','ps_order','order_status_update','','admin,storeadmin'),(32,2,'productDelete','ps_product','delete','','admin,storeadmin'),(33,2,'productUpdate','ps_product','update','','admin,storeadmin'),(34,2,'productCategoryAdd','ps_product_category','add','','admin,storeadmin'),(35,2,'productCategoryUpdate','ps_product_category','update','','admin,storeadmin'),(36,2,'productCategoryDelete','ps_product_category','delete','','admin,storeadmin'),(37,2,'productPriceAdd','ps_product_price','add','','admin,storeadmin'),(38,2,'productPriceUpdate','ps_product_price','update','','admin,storeadmin'),(39,2,'productPriceDelete','ps_product_price','delete','','admin,storeadmin'),(40,2,'productAttributeAdd','ps_product_attribute','add','','admin,storeadmin'),(41,2,'productAttributeUpdate','ps_product_attribute','update','','admin,storeadmin'),(42,2,'productAttributeDelete','ps_product_attribute','delete','','admin,storeadmin'),(43,7,'cartAdd','ps_cart','add','','none'),(44,7,'cartUpdate','ps_cart','update','','none'),(45,7,'cartDelete','ps_cart','delete','','none'),(46,10,'checkoutComplete','ps_checkout','add','','shopper,storeadmin,admin'),(48,8,'paymentMethodUpdate','ps_payment_method','update','','admin,storeadmin'),(49,8,'paymentMethodAdd','ps_payment_method','add','','admin,storeadmin'),(50,8,'paymentMethodDelete','ps_payment_method','delete','','admin,storeadmin'),(51,5,'orderDelete','ps_order','delete','','admin,storeadmin'),(52,11,'addTaxRate','ps_tax','add','','admin,storeadmin'),(53,11,'updateTaxRate','ps_tax','update','','admin,storeadmin'),(54,11,'deleteTaxRate','ps_tax','delete','','admin,storeadmin'),(55,10,'checkoutValidateST','ps_checkout','validate_shipto','','none'),(59,5,'orderStatusUpdate','ps_order_status','update','','admin,storeadmin'),(60,5,'orderStatusAdd','ps_order_status','add','','storeadmin,admin'),(61,5,'orderStatusDelete','ps_order_status','delete','','admin,storeadmin'),(62,1,'currencyAdd','ps_currency','add','add a currency','storeadmin,admin'),(63,1,'currencyUpdate','ps_currency','update','        update a currency','storeadmin,admin'),(64,1,'currencyDelete','ps_currency','delete','delete a currency','storeadmin,admin'),(65,1,'countryAdd','ps_country','add','Add a country ','storeadmin,admin'),(66,1,'countryUpdate','ps_country','update','Update a country record','storeadmin,admin'),(67,1,'countryDelete','ps_country','delete','Delete a country record','storeadmin,admin'),(68,2,'product_csv','ps_csv','upload_csv','','admin'),(110,7,'waitingListAdd','zw_waiting_list','add','','none'),(111,13,'addzone','ps_zone','add','This will add a zone','admin,storeadmin'),(112,13,'updatezone','ps_zone','update','This will update a zone','admin,storeadmin'),(113,13,'deletezone','ps_zone','delete','This will delete a zone','admin,storeadmin'),(114,13,'zoneassign','ps_zone','assign','This will assign a country to a zone','admin,storeadmin'),(115,1,'writeConfig','ps_config','writeconfig','This will write the configuration details to virtuemart.cfg.php','admin'),(116,12839,'carrierAdd','ps_shipping','add','','admin,storeadmin'),(117,12839,'carrierDelete','ps_shipping','delete','','admin,storeadmin'),(118,12839,'carrierUpdate','ps_shipping','update','','admin,storeadmin'),(119,12839,'rateAdd','ps_shipping','rate_add','','admin,storeadmin'),(120,12839,'rateUpdate','ps_shipping','rate_update','','admin,shopadmin'),(121,12839,'rateDelete','ps_shipping','rate_delete','','admin,storeadmin'),(122,10,'checkoutProcess','ps_checkout','process','','none'),(123,5,'downloadRequest','ps_order','download_request','This checks if the download request is valid and sends the file to the browser as file download if the request was successful, otherwise echoes an error','none'),(128,99,'manufacturerAdd','ps_manufacturer','add','','admin,storeadmin'),(129,99,'manufacturerUpdate','ps_manufacturer','update','','admin,storeadmin'),(130,99,'manufacturerDelete','ps_manufacturer','delete','','admin,storeadmin'),(131,99,'manufacturercategoryAdd','ps_manufacturer_category','add','','admin,storeadmin'),(132,99,'manufacturercategoryUpdate','ps_manufacturer_category','update','','admin,storeadmin'),(133,99,'manufacturercategoryDelete','ps_manufacturer_category','delete','','admin,storeadmin'),(134,7,'addReview','ps_reviews','process_review','This lets the user add a review and rating to a product.','admin,storeadmin,shopper,demo'),(135,7,'productReviewDelete','ps_reviews','delete_review','This deletes a review and from a product.','admin,storeadmin'),(136,8,'creditcardAdd','ps_creditcard','add','Adds a Credit Card entry.','admin,storeadmin'),(137,8,'creditcardUpdate','ps_creditcard','update','Updates a Credit Card entry.','admin,storeadmin'),(138,8,'creditcardDelete','ps_creditcard','delete','Deletes a Credit Card entry.','admin,storeadmin'),(139,2,'changePublishState','vmAbstractObject.class','handlePublishState','Changes the publish field of an item, so that it can be published or unpublished easily.','admin,storeadmin'),(140,2,'export_csv','ps_csv','export_csv','This function exports all relevant product data to CSV.','admin,storeadmin'),(141,2,'reorder','ps_product_category','reorder','Changes the list order of a category.','admin,storeadmin'),(142,2,'discountAdd','ps_product_discount','add','Adds a discount.','admin,storeadmin'),(143,2,'discountUpdate','ps_product_discount','update','Updates a discount.','admin,storeadmin'),(144,2,'discountDelete','ps_product_discount','delete','Deletes a discount.','admin,storeadmin'),(145,8,'shippingmethodSave','ps_shipping_method','save','','admin,storeadmin'),(146,2,'uploadProductFile','ps_product_files','add','Uploads and Adds a Product Image/File.','admin,storeadmin'),(147,2,'updateProductFile','ps_product_files','update','Updates a Product Image/File.','admin,storeadmin'),(148,2,'deleteProductFile','ps_product_files','delete','Deletes a Product Image/File.','admin,storeadmin'),(149,12843,'couponAdd','ps_coupon','add_coupon_code','Adds a Coupon.','admin,storeadmin'),(150,12843,'couponUpdate','ps_coupon','update_coupon','Updates a Coupon.','admin,storeadmin'),(151,12843,'couponDelete','ps_coupon','remove_coupon_code','Deletes a Coupon.','admin,storeadmin'),(152,12843,'couponProcess','ps_coupon','process_coupon_code','Processes a Coupon.','admin,storeadmin,shopper,demo'),(153,2,'ProductTypeAdd','ps_product_type','add','Function add a Product Type and create new table product_type_<id>.','admin'),(154,2,'ProductTypeUpdate','ps_product_type','update','Update a Product Type.','admin'),(155,2,'ProductTypeDelete','ps_product_type','delete','Delete a Product Type and drop table product_type_<id>.','admin'),(156,2,'ProductTypeReorder','ps_product_type','reorder','Changes the list order of a Product Type.','admin'),(157,2,'ProductTypeAddParam','ps_product_type_parameter','add_parameter','Function add a Parameter into a Product Type and create new column in table product_type_<id>.','admin'),(158,2,'ProductTypeUpdateParam','ps_product_type_parameter','update_parameter','Function update a Parameter in a Product Type and a column in table product_type_<id>.','admin'),(159,2,'ProductTypeDeleteParam','ps_product_type_parameter','delete_parameter','Function delete a Parameter from a Product Type and drop a column in table product_type_<id>.','admin'),(160,2,'ProductTypeReorderParam','ps_product_type_parameter','reorder_parameter','Changes the list order of a Parameter.','admin'),(161,2,'productProductTypeAdd','ps_product_product_type','add','Add a Product into a Product Type.','admin,storeadmin'),(162,2,'productProductTypeDelete','ps_product_product_type','delete','Delete a Product from a Product Type.','admin,storeadmin'),(163,1,'stateAdd','ps_country','addState','Add a State ','storeadmin,admin'),(164,1,'stateUpdate','ps_country','updateState','Update a state record','storeadmin,admin'),(165,1,'stateDelete','ps_country','deleteState','Delete a state record','storeadmin,admin'),(166,2,'csvFieldAdd','ps_csv','add','Add a CSV Field ','storeadmin,admin'),(167,2,'csvFieldUpdate','ps_csv','update','Update a CSV Field','storeadmin,admin'),(168,2,'csvFieldDelete','ps_csv','delete','Delete a CSV Field','storeadmin,admin'),(169,1,'userfieldSave','ps_userfield','savefield','add or edit a user field','admin'),(170,1,'userfieldDelete','ps_userfield','deletefield','','admin'),(171,1,'changeordering','vmAbstractObject.class','handleordering','','admin'),(172,2,'moveProduct','ps_product','move','Move products from one category to another.','admin,storeadmin'),(173,7,'productAsk','ps_communication','mail_question','Lets the customer send a question about a specific product.','none'),(174,7,'recommendProduct','ps_communication','sendRecommendation','Lets the customer send a recommendation about a specific product to a friend.','none'),(175,2,'reviewUpdate','ps_reviews','update','Modify a review about a specific product.','admin'),(176,8,'ExportUpdate','ps_export','update','','admin,storeadmin'),(177,8,'ExportAdd','ps_export','add','','admin,storeadmin'),(178,8,'ExportDelete','ps_export','delete','','admin,storeadmin'),(179,1,'writeThemeConfig','ps_config','writeThemeConfig','Writes a theme configuration file.','admin'),(180,1,'usergroupAdd','usergroup.class','add','Add a new user group','admin'),(181,1,'usergroupUpdate','usergroup.class','update','Update an user group','admin'),(182,1,'usergroupDelete','usergroup.class','delete','Delete an user group','admin'),(183,1,'setModulePermissions','ps_module','update_permissions','','admin'),(184,1,'setFunctionPermissions','ps_function','update_permissions','','admin'),(185,2,'insertDownloadsForProduct','ps_order','insert_downloads_for_product','','admin'),(186,5,'mailDownloadId','ps_order','mail_download_id','','storeadmin,admin'),(187,7,'replaceSavedCart','ps_cart','replaceCart','Replace cart with saved cart','none'),(188,7,'mergeSavedCart','ps_cart','mergeSaved','Merge saved cart with cart','none'),(189,7,'deleteSavedCart','ps_cart','deleteCart','Delete saved cart','none'),(190,7,'savedCartDelete','ps_cart','deleteSaved','Delete items from saved cart','none'),(191,7,'savedCartUpdate','ps_cart','updateSaved','Update saved cart items','none'),(192,1,'getupdatepackage','update.class','getPatchPackage','Retrieves the Patch Package from the virtuemart.net Servers.','admin'),(193,1,'applypatchpackage','update.class','applyPatch','Applies the Patch using the instructions from the update.xml file in the downloaded patch.','admin'),(194,1,'removePatchPackage','update.class','removePackageFile','Removes  a Patch Package File and its extracted contents.','admin');

--
-- Table structure for table `jos_vm_manufacturer`
--

CREATE TABLE `jos_vm_manufacturer` (
  `manufacturer_id` int(11) NOT NULL auto_increment,
  `mf_name` varchar(64) default NULL,
  `mf_email` varchar(255) default NULL,
  `mf_desc` text,
  `mf_category_id` int(11) default NULL,
  `mf_url` varchar(255) NOT NULL default '',
  PRIMARY KEY  (`manufacturer_id`)
) ENGINE=MyISAM AUTO_INCREMENT=2 DEFAULT CHARSET=utf8 COMMENT='Manufacturers are those who create products';

--
-- Dumping data for table `jos_vm_manufacturer`
--

INSERT INTO `jos_vm_manufacturer` VALUES (1,'Producent','info@manufacturer.com','Przykładowy producent',1,'http://www.a-url.com');

--
-- Table structure for table `jos_vm_manufacturer_category`
--

CREATE TABLE `jos_vm_manufacturer_category` (
  `mf_category_id` int(11) NOT NULL auto_increment,
  `mf_category_name` varchar(64) default NULL,
  `mf_category_desc` text,
  PRIMARY KEY  (`mf_category_id`),
  KEY `idx_manufacturer_category_category_name` (`mf_category_name`)
) ENGINE=MyISAM AUTO_INCREMENT=2 DEFAULT CHARSET=utf8 COMMENT='Manufacturers are assigned to these categories';

--
-- Dumping data for table `jos_vm_manufacturer_category`
--

INSERT INTO `jos_vm_manufacturer_category` VALUES (1,'-default-','This is the default manufacturer category');

--
-- Table structure for table `jos_vm_module`
--

CREATE TABLE `jos_vm_module` (
  `module_id` int(11) NOT NULL auto_increment,
  `module_name` varchar(255) default NULL,
  `module_description` text,
  `module_perms` varchar(255) default NULL,
  `module_publish` char(1) default NULL,
  `list_order` int(11) default NULL,
  PRIMARY KEY  (`module_id`),
  KEY `idx_module_name` (`module_name`),
  KEY `idx_module_list_order` (`list_order`)
) ENGINE=MyISAM AUTO_INCREMENT=12844 DEFAULT CHARSET=utf8 COMMENT='VirtueMart Core Modules, not: Joomla modules';

--
-- Dumping data for table `jos_vm_module`
--

INSERT INTO `jos_vm_module` VALUES (1,'admin','<h4>ADMINISTRATIVE USERS ONLY</h4>\r\n\r\n<p>Only used for the following:</p>\r\n<OL>\r\n\r\n<LI>User Maintenance</LI>\r\n<LI>Module Maintenance</LI>\r\n<LI>Function Maintenance</LI>\r\n</OL>\r\n','admin','Y',1),(2,'product','<p>Here you can adminster your online catalog of products.  The Product Administrator allows you to create product categories, create new products, edit product attributes, and add product items for each attribute value.</p>','storeadmin,admin','Y',4),(3,'vendor','<h4>ADMINISTRATIVE USERS ONLY</h4>\r\n<p>Here you can manage the vendors on the phpShop system.</p>','admin','Y',6),(4,'shopper','<p>Manage shoppers in your store.  Allows you to create shopper groups.  Shopper groups can be used when setting the price for a product.  This allows you to create different prices for different types of users.  An example of this would be to have a \'wholesale\' group and a \'retail\' group. </p>','admin,storeadmin','Y',4),(5,'order','<p>View Order and Update Order Status.</p>','admin,storeadmin','Y',5),(6,'msgs','This module is unprotected an used for displaying system messages to users.  We need to have an area that does not require authorization when things go wrong.','none','N',99),(7,'shop','This is the Washupito store module.  This is the demo store included with the phpShop distribution.','none','Y',99),(8,'store','','storeadmin,admin','Y',2),(9,'account','This module allows shoppers to update their account information and view previously placed orders.','shopper,storeadmin,admin,demo','N',99),(10,'checkout','','none','N',99),(11,'tax','The tax module allows you to set tax rates for states or regions within a country.  The rate is set as a decimal figure.  For example, 2 percent tax would be 0.02.','admin,storeadmin','Y',8),(12,'reportbasic','The report basic module allows you to do queries on all orders.','admin,storeadmin','Y',7),(13,'zone','This is the zone-shipping module. Here you can manage your shipping costs according to Zones.','admin,storeadmin','N',9),(12839,'shipping','<h4>Shipping</h4><p>Let this module calculate the shipping fees for your customers.<br>Create carriers for shipping areas and weight groups.</p>','admin,storeadmin','Y',10),(99,'manufacturer','Manage the manufacturers of products in your store.','storeadmin,admin','Y',12),(12842,'help','Help Module','admin,storeadmin','Y',13),(12843,'coupon','Coupon Management','admin,storeadmin','Y',11);

--
-- Table structure for table `jos_vm_order_history`
--

CREATE TABLE `jos_vm_order_history` (
  `order_status_history_id` int(11) NOT NULL auto_increment,
  `order_id` int(11) NOT NULL default '0',
  `order_status_code` char(1) NOT NULL default '0',
  `date_added` datetime NOT NULL default '0000-00-00 00:00:00',
  `customer_notified` int(1) default '0',
  `comments` text,
  PRIMARY KEY  (`order_status_history_id`)
) ENGINE=MyISAM AUTO_INCREMENT=14 DEFAULT CHARSET=utf8 COMMENT='Stores all actions and changes that occur to an order';

--
-- Dumping data for table `jos_vm_order_history`
--

INSERT INTO `jos_vm_order_history` VALUES (5,5,'P','2013-01-10 16:24:52',1,''),(6,6,'P','2013-01-22 16:51:02',1,''),(7,7,'P','2013-01-22 21:07:39',1,''),(8,8,'P','2013-01-23 12:15:46',1,''),(9,9,'P','2013-01-24 09:07:40',1,''),(10,10,'P','2013-01-28 08:57:09',1,''),(11,11,'P','2013-01-28 19:27:06',1,''),(12,12,'P','2013-01-28 20:16:40',1,''),(13,13,'P','2013-03-07 09:44:00',1,'');

--
-- Table structure for table `jos_vm_order_item`
--

CREATE TABLE `jos_vm_order_item` (
  `order_item_id` int(11) NOT NULL auto_increment,
  `order_id` int(11) default NULL,
  `user_info_id` varchar(32) default NULL,
  `vendor_id` int(11) default NULL,
  `product_id` int(11) default NULL,
  `order_item_sku` varchar(64) NOT NULL default '',
  `order_item_name` varchar(64) NOT NULL default '',
  `product_quantity` int(11) default NULL,
  `product_item_price` decimal(15,5) default NULL,
  `product_final_price` decimal(12,2) NOT NULL default '0.00',
  `order_item_currency` varchar(16) default NULL,
  `order_status` char(1) default NULL,
  `cdate` int(11) default NULL,
  `mdate` int(11) default NULL,
  `product_attribute` text,
  PRIMARY KEY  (`order_item_id`),
  KEY `idx_order_item_order_id` (`order_id`),
  KEY `idx_order_item_user_info_id` (`user_info_id`),
  KEY `idx_order_item_vendor_id` (`vendor_id`)
) ENGINE=MyISAM AUTO_INCREMENT=20 DEFAULT CHARSET=utf8 COMMENT='Stores all items (products) which are part of an order';

--
-- Dumping data for table `jos_vm_order_item`
--

INSERT INTO `jos_vm_order_item` VALUES (6,5,'ccd117efc0e0ff2787a8b7115fbbb636',1,65,'A49','[A49] Pasta do czyszczenia i szorowania 0.5kg',1,3.30000,4.06,'PLN','P',1357835092,1357835092,''),(7,6,'eecee599111f36bc16d91b7d1dd77ffc',1,17,'A01','[A01] Płyn do mycia naczyń - koncentrat  (cytryna)',1,70.08000,86.20,'PLN','P',1358873462,1358873462,''),(8,7,'8a514b348ccbc1a33111e989ff8d2ed0',1,63,'A47','[A47] Odświeżacze powietrza do toalet  5l.',2,65.00000,79.95,'PLN','P',1358888859,1358888859,''),(9,7,'8a514b348ccbc1a33111e989ff8d2ed0',1,98,'P02','[P02] Papier toaletowy VELVET zapachowy 40 szt.',11,36.90000,45.39,'PLN','P',1358888859,1358888859,''),(10,8,'31a4d63663efd3d4238624b2c59cad6a',1,71,'C01','[C01] Zmywaki z gąbki MAXI 5szt.',2,1.75000,2.15,'PLN','P',1358943346,1358943346,''),(11,8,'31a4d63663efd3d4238624b2c59cad6a',1,18,'A02','[A02] Płyn do mycia szyb',1,3.50000,4.31,'PLN','P',1358943346,1358943346,''),(12,9,'c769e331b811ec7b81b81c0d6da83fff',1,18,'A02','[A02] Płyn do mycia szyb',1,3.50000,4.31,'PLN','P',1359018460,1359018460,''),(13,9,'c769e331b811ec7b81b81c0d6da83fff',1,197,'PR02','[PR02] Turbo-cleaner profesjonalny płyn do czyszczenia podłóg 1k',1,9.00000,11.07,'PLN','P',1359018460,1359018460,''),(14,9,'c769e331b811ec7b81b81c0d6da83fff',1,196,'PR01','[PR01] Cleaner profesjonalny płyn do czyszczenia podłóg 1kg.',1,4.50000,5.54,'PLN','P',1359018460,1359018460,''),(15,10,'53aaab31004f1ae259fe80a5f40e2bc4',1,17,'A01','[A01] Płyn do mycia naczyń - koncentrat  (cytryna)',12,70.08000,86.20,'PLN','P',1359363429,1359363429,''),(16,11,'c769e331b811ec7b81b81c0d6da83fff',1,17,'A01','[A01] Płyn do mycia naczyń - koncentrat  (cytryna)',1,70.08000,86.20,'PLN','P',1359401226,1359401226,''),(17,12,'ccd117efc0e0ff2787a8b7115fbbb636',1,71,'C01','[C01] Zmywaki z gąbki MAXI 5szt.',1,1.75000,2.15,'PLN','P',1359404200,1359404200,''),(18,12,'ccd117efc0e0ff2787a8b7115fbbb636',1,97,'P01','[P01] Papier toaletowy VELVET 40 szt.',1,33.50000,41.21,'PLN','P',1359404200,1359404200,''),(19,13,'ae1b318be549298f7d8dcbc81549449d',1,190,'S31','[S31] Wybielacz bezchlorowy 32l.',2,114.88000,141.30,'PLN','P',1362649440,1362649440,'');

--
-- Table structure for table `jos_vm_order_payment`
--

CREATE TABLE `jos_vm_order_payment` (
  `order_id` int(11) NOT NULL default '0',
  `payment_method_id` int(11) default NULL,
  `order_payment_code` varchar(30) NOT NULL default '',
  `order_payment_number` blob,
  `order_payment_expire` int(11) default NULL,
  `order_payment_name` varchar(255) default NULL,
  `order_payment_log` text,
  `order_payment_trans_id` text NOT NULL,
  KEY `idx_order_payment_order_id` (`order_id`),
  KEY `idx_order_payment_method_id` (`payment_method_id`)
) ENGINE=MyISAM DEFAULT CHARSET=utf8 COMMENT='The payment method that was chosen for a specific order';

--
-- Dumping data for table `jos_vm_order_payment`
--

INSERT INTO `jos_vm_order_payment` VALUES (5,2,'',NULL,NULL,NULL,'',''),(6,1,'',NULL,NULL,NULL,'',''),(7,2,'',NULL,NULL,NULL,'',''),(8,1,'',NULL,NULL,NULL,'',''),(9,2,'',NULL,NULL,NULL,'',''),(10,1,'',NULL,NULL,NULL,'',''),(11,1,'',NULL,NULL,NULL,'',''),(12,1,'',NULL,NULL,NULL,'',''),(13,2,'',NULL,NULL,NULL,'','');

--
-- Table structure for table `jos_vm_order_status`
--

CREATE TABLE `jos_vm_order_status` (
  `order_status_id` int(11) NOT NULL auto_increment,
  `order_status_code` char(1) NOT NULL default '',
  `order_status_name` varchar(64) default NULL,
  `order_status_description` text NOT NULL,
  `list_order` int(11) default NULL,
  `vendor_id` int(11) default NULL,
  PRIMARY KEY  (`order_status_id`),
  KEY `idx_order_status_list_order` (`list_order`),
  KEY `idx_order_status_vendor_id` (`vendor_id`)
) ENGINE=MyISAM AUTO_INCREMENT=6 DEFAULT CHARSET=utf8 COMMENT='All available order statuses';

--
-- Dumping data for table `jos_vm_order_status`
--

INSERT INTO `jos_vm_order_status` VALUES (1,'P','Oczekuje','',1,1),(2,'C','Potwierdzone','',2,1),(3,'X','Anulowane','',3,1),(4,'R','Zwrot','',4,1),(5,'S','Wysłane','',5,1);

--
-- Table structure for table `jos_vm_order_user_info`
--

CREATE TABLE `jos_vm_order_user_info` (
  `order_info_id` int(11) NOT NULL auto_increment,
  `order_id` int(11) NOT NULL default '0',
  `user_id` int(11) NOT NULL default '0',
  `address_type` char(2) default NULL,
  `address_type_name` varchar(32) default NULL,
  `company` varchar(64) default NULL,
  `title` varchar(32) default NULL,
  `last_name` varchar(32) default NULL,
  `first_name` varchar(32) default NULL,
  `middle_name` varchar(32) default NULL,
  `phone_1` varchar(32) default NULL,
  `phone_2` varchar(32) default NULL,
  `fax` varchar(255) default NULL,
  `address_1` varchar(255) default NULL,
  `address_2` varchar(64) default NULL,
  `city` varchar(32) NOT NULL default '',
  `state` varchar(32) NOT NULL default '',
  `country` varchar(255) default NULL,
  `zip` varchar(32) NOT NULL default '',
  `user_email` varchar(255) default NULL,
  `extra_field_1` varchar(255) default NULL,
  `extra_field_2` varchar(255) default NULL,
  `extra_field_3` varchar(255) default NULL,
  `extra_field_4` char(1) default NULL,
  `extra_field_5` char(1) default NULL,
  `bank_account_nr` varchar(32) NOT NULL default '',
  `bank_name` varchar(32) NOT NULL default '',
  `bank_sort_code` varchar(16) NOT NULL default '',
  `bank_iban` varchar(64) NOT NULL default '',
  `bank_account_holder` varchar(48) NOT NULL default '',
  `bank_account_type` enum('Checking','Business Checking','Savings') NOT NULL default 'Checking',
  PRIMARY KEY  (`order_info_id`),
  KEY `idx_order_info_order_id` (`order_id`)
) ENGINE=MyISAM AUTO_INCREMENT=21 DEFAULT CHARSET=utf8 COMMENT='Stores the BillTo and ShipTo Information at order time';

--
-- Dumping data for table `jos_vm_order_user_info`
--

INSERT INTO `jos_vm_order_user_info` VALUES (7,5,62,'BT',NULL,'Kinoamatorskie.pl',NULL,'Kołdras','Michał',NULL,'509 225 706',NULL,NULL,'ul. Kazimierza Wielkiego 37/37',NULL,'','','PLP','','ciumek11@poczta.fm','8681878221',NULL,NULL,NULL,NULL,'','','','','','Checking'),(8,6,59,'BT',NULL,'chemical1',NULL,'madejowicz','robert',NULL,'3456789',NULL,NULL,'ogrodniki 9/1 kraków 30-421',NULL,'','','PLA','','biuro@chemical.com.pl','6791800785',NULL,NULL,NULL,NULL,'','','','','','Checking'),(9,6,59,'ST',NULL,'chemical1',NULL,NULL,NULL,NULL,NULL,NULL,NULL,'janowskiego12 kraków 30-440',NULL,'','','PLA','',NULL,NULL,NULL,NULL,NULL,NULL,'','','','','','Checking'),(10,7,58,'BT',NULL,'er4fd',NULL,'frfd','efd',NULL,'efcfre',NULL,NULL,'4f5f',NULL,'','','PLA','','sfdw2d@wp.pl','4r4',NULL,NULL,NULL,NULL,'','','','','','Checking'),(11,7,58,'ST',NULL,'rfrf',NULL,NULL,NULL,NULL,NULL,NULL,NULL,'rfrfr5f',NULL,'','','PLA','',NULL,NULL,NULL,NULL,NULL,NULL,'','','','','','Checking'),(12,8,71,'BT',NULL,'dealmedi',NULL,'koldr','michal',NULL,'444442222',NULL,NULL,'kazimierza',NULL,'','','PLK','','snake@bikauto.com.pl','8484848',NULL,NULL,NULL,NULL,'','','','','','Checking'),(13,9,73,'BT',NULL,'fghjk',NULL,'efwf4','efrf',NULL,'44444',NULL,NULL,'f43f4fw4',NULL,'','','PLA','','ds@efw.pl','4wfw4dw4w4',NULL,NULL,NULL,NULL,'','','','','','Checking'),(14,9,73,'ST',NULL,'rfc',NULL,NULL,NULL,NULL,NULL,NULL,NULL,'rfefre',NULL,'','','PLA','',NULL,NULL,NULL,NULL,NULL,NULL,'','','','','','Checking'),(15,10,74,'BT',NULL,'chemical',NULL,'fred','tre',NULL,'4543',NULL,NULL,'rg4',NULL,'','','PLA','','da@we.pl','',NULL,NULL,NULL,NULL,'','','','','','Checking'),(16,10,74,'ST',NULL,'rfft',NULL,NULL,NULL,NULL,NULL,NULL,NULL,'rfrefgft',NULL,'','','PLA','',NULL,NULL,NULL,NULL,NULL,NULL,'','','','','','Checking'),(17,11,73,'BT',NULL,'fghjk',NULL,'efwf4','efrf',NULL,'44444',NULL,NULL,'f43f4fw4',NULL,'','','PLA','','ds@efw.pl','4wfw4dw4w4',NULL,NULL,NULL,NULL,'','','','','','Checking'),(18,11,73,'ST',NULL,'rfc',NULL,NULL,NULL,NULL,NULL,NULL,NULL,'rfefre',NULL,'','','PLA','',NULL,NULL,NULL,NULL,NULL,NULL,'','','','','','Checking'),(19,12,62,'BT',NULL,'Kinoamatorskie.pl',NULL,'Kołdras','Michał',NULL,'509 225 706',NULL,NULL,'ul. Kazimierza Wielkiego 37/37',NULL,'','','PLP','','ciumek11@poczta.fm','8681878221',NULL,NULL,NULL,NULL,'','','','','','Checking'),(20,13,76,'BT',NULL,'PPU NORT Sp. z o.o.',NULL,'','',NULL,'502043634',NULL,NULL,'Lipowa 13, 82-224 Szymankowo',NULL,'','','PRP','','piotr@nort.com.pl','593-010-09-22',NULL,NULL,NULL,NULL,'','','','','','Checking');

--
-- Table structure for table `jos_vm_orders`
--

CREATE TABLE `jos_vm_orders` (
  `order_id` int(11) NOT NULL auto_increment,
  `user_id` int(11) NOT NULL default '0',
  `vendor_id` int(11) NOT NULL default '0',
  `order_number` varchar(32) default NULL,
  `user_info_id` varchar(32) default NULL,
  `order_total` decimal(15,5) NOT NULL default '0.00000',
  `order_subtotal` decimal(15,5) default NULL,
  `order_tax` decimal(10,2) default NULL,
  `order_tax_details` text NOT NULL,
  `order_shipping` decimal(10,2) default NULL,
  `order_shipping_tax` decimal(10,2) default NULL,
  `coupon_discount` decimal(12,2) NOT NULL default '0.00',
  `coupon_code` varchar(32) default NULL,
  `order_discount` decimal(12,2) NOT NULL default '0.00',
  `order_currency` varchar(16) default NULL,
  `order_status` char(1) default NULL,
  `cdate` int(11) default NULL,
  `mdate` int(11) default NULL,
  `ship_method_id` varchar(255) default NULL,
  `customer_note` text NOT NULL,
  `ip_address` varchar(15) NOT NULL default '',
  PRIMARY KEY  (`order_id`),
  KEY `idx_orders_user_id` (`user_id`),
  KEY `idx_orders_vendor_id` (`vendor_id`),
  KEY `idx_orders_order_number` (`order_number`),
  KEY `idx_orders_user_info_id` (`user_info_id`),
  KEY `idx_orders_ship_method_id` (`ship_method_id`)
) ENGINE=MyISAM AUTO_INCREMENT=14 DEFAULT CHARSET=utf8 COMMENT='Used to store all orders';

--
-- Dumping data for table `jos_vm_orders`
--

INSERT INTO `jos_vm_orders` VALUES (5,62,1,'62_8821670a7462d65e15d753be59568','ccd117efc0e0ff2787a8b7115fbbb636',4.06000,3.30081,0.76,'a:0:{}',0.00,0.00,0.00,'',0.00,'PLN','P',1357835092,1357835092,'standard_shipping|Poczta Polska|Wysyłka gratis|0.00|2','','178.43.194.61'),(6,59,1,'59_4a0612da91692704c3b6d05944144','eecee599111f36bc16d91b7d1dd77ffc',86.20000,70.08130,16.12,'a:0:{}',0.00,0.00,0.00,'',0.00,'PLN','P',1358873462,1358873462,'standard_shipping|Poczta Polska|Wysyłka gratis|0.00|2','','91.189.20.10'),(7,58,1,'58_f20c2ab6909a0d72477b922c24cf5','8a514b348ccbc1a33111e989ff8d2ed0',659.19000,535.92683,123.26,'a:0:{}',0.00,0.00,0.00,'',0.00,'PLN','P',1358888859,1358888859,'standard_shipping|Poczta Polska|Wysyłka gratis|0.00|2','','91.189.20.10'),(8,71,1,'71_b3ed7682fdf65bd9cacb5c8eda72c','31a4d63663efd3d4238624b2c59cad6a',27.06000,7.00000,1.61,'a:1:{s:7:\"0.23000\";d:3.449999999999999289457264239899814128875732421875;}',15.00,3.45,0.00,'',0.00,'PLN','P',1358943346,1358943346,'standard_shipping|Przesyłka kurierska|Przesyłka kurierska paczka do 30kg|18.45|1','','178.43.134.161'),(9,73,1,'73_fe9f8e389dbf74061203b9c2a5440','c769e331b811ec7b81b81c0d6da83fff',20.92000,17.00813,3.91,'a:0:{}',0.00,0.00,0.00,'',0.00,'PLN','P',1359018460,1359018460,'standard_shipping|Przesyłka kurierska|dostawa gratis na terenie woj. małopolskiego śląskiego, świetokrzyskiego i podkarpackiego  w terminie uzgodnionym z firmą chemical|0.00|2','','91.189.20.10'),(10,74,1,'74_8696e985093a68202762b7c74d91c','53aaab31004f1ae259fe80a5f40e2bc4',1034.40000,840.97561,193.42,'a:0:{}',0.00,0.00,0.00,'',0.00,'PLN','P',1359363429,1359363429,'standard_shipping|Przesyłka kurierska|dostawa gratis na terenie woj. małopolskiego śląskiego, świetokrzyskiego i podkarpackiego  w terminie uzgodnionym z firmą chemical|0.00|2','fref4rfe','91.189.20.10'),(11,73,1,'73_4acc4870a7f8fe18924d88341a369','c769e331b811ec7b81b81c0d6da83fff',86.20000,70.08130,16.12,'a:0:{}',0.00,0.00,0.00,'',0.00,'PLN','P',1359401226,1359401226,'standard_shipping|Przesyłka kurierska|dostawa gratis na terenie woj. małopolskiego śląskiego, świetokrzyskiego i podkarpackiego  w terminie uzgodnionym z firmą chemical|0.00|2','','91.189.20.10'),(12,62,1,'62_1cef760ccac5a04f652ed46f520bc','ccd117efc0e0ff2787a8b7115fbbb636',61.81000,35.25203,8.11,'a:1:{s:7:\"0.23000\";d:3.449999999999999289457264239899814128875732421875;}',15.00,3.45,0.00,'',0.00,'PLN','P',1359404200,1359404200,'standard_shipping|Przesyłka kurierska|Przesyłka kurierska paczka do 30kg|18.45|1','','178.43.118.230'),(13,76,1,'76_e0ab314028d53a95bdc3ece307cad','ae1b318be549298f7d8dcbc81549449d',319.50000,229.75610,52.84,'a:1:{s:7:\"0.23000\";d:6.89999999999999857891452847979962825775146484375;}',30.00,6.90,0.00,'',0.00,'PLN','P',1362649440,1362649440,'standard_shipping|Przesyłka kurierska|Przesyłka kurierska paczka do 60kg|36.90|22','','77.253.207.138');

--
-- Table structure for table `jos_vm_payment_method`
--

CREATE TABLE `jos_vm_payment_method` (
  `payment_method_id` int(11) NOT NULL auto_increment,
  `vendor_id` int(11) default NULL,
  `payment_method_name` varchar(255) default NULL,
  `payment_class` varchar(50) NOT NULL default '',
  `shopper_group_id` int(11) default NULL,
  `payment_method_discount` decimal(12,2) default NULL,
  `payment_method_discount_is_percent` tinyint(1) NOT NULL,
  `payment_method_discount_max_amount` decimal(10,2) NOT NULL,
  `payment_method_discount_min_amount` decimal(10,2) NOT NULL,
  `list_order` int(11) default NULL,
  `payment_method_code` varchar(8) default NULL,
  `enable_processor` char(1) default NULL,
  `is_creditcard` tinyint(1) NOT NULL default '0',
  `payment_enabled` char(1) NOT NULL default 'N',
  `accepted_creditcards` varchar(128) NOT NULL default '',
  `payment_extrainfo` text NOT NULL,
  `payment_passkey` blob NOT NULL,
  PRIMARY KEY  (`payment_method_id`),
  KEY `idx_payment_method_vendor_id` (`vendor_id`),
  KEY `idx_payment_method_name` (`payment_method_name`),
  KEY `idx_payment_method_list_order` (`list_order`),
  KEY `idx_payment_method_shopper_group_id` (`shopper_group_id`)
) ENGINE=MyISAM AUTO_INCREMENT=18 DEFAULT CHARSET=utf8 COMMENT='The payment methods of your store';

--
-- Dumping data for table `jos_vm_payment_method`
--

INSERT INTO `jos_vm_payment_method` VALUES (1,1,'Za pobraniem','ps_payment',5,0.00,0,0.00,0.00,2,'PO','N',0,'Y','','',''),(2,1,'Przelew','ps_payment',5,0.00,0,0.00,0.00,1,'COD','N',0,'Y','','',''),(3,1,'Credit Card','ps_authorize',5,0.00,0,0.00,0.00,0,'AN','Y',0,'N','1,2,6,7,','',''),(4,1,'PayPal','ps_paypal',5,0.00,0,0.00,0.00,0,'PP','P',0,'N','','<?php\r\n$db1 = new ps_DB();\r\n$q = \"SELECT country_2_code FROM #__vm_country WHERE country_3_code=\'\".$user->country.\"\' ORDER BY country_2_code ASC\";\r\n$db1->query($q);\r\n\r\n$url = \"https://www.paypal.com/cgi-bin/webscr\";\r\n$tax_total = $db->f(\"order_tax\") + $db->f(\"order_shipping_tax\");\r\n$discount_total = $db->f(\"coupon_discount\") + $db->f(\"order_discount\");\r\n$post_variables = Array(\r\n\"cmd\" => \"_ext-enter\",\r\n\"redirect_cmd\" => \"_xclick\",\r\n\"upload\" => \"1\",\r\n\"business\" => PAYPAL_EMAIL,\r\n\"receiver_email\" => PAYPAL_EMAIL,\r\n\"item_name\" => $VM_LANG->_(\'PHPSHOP_ORDER_PRINT_PO_NUMBER\').\": \". $db->f(\"order_id\"),\r\n\"order_id\" => $db->f(\"order_id\"),\r\n\"invoice\" => $db->f(\"order_number\"),\r\n\"amount\" => round( $db->f(\"order_subtotal\")+$tax_total-$discount_total, 2),\r\n\"shipping\" => sprintf(\"%.2f\", $db->f(\"order_shipping\")),\r\n\"currency_code\" => $_SESSION[\'vendor_currency\'],\r\n\r\n\"address_override\" => \"1\",\r\n\"first_name\" => $dbbt->f(\'first_name\'),\r\n\"last_name\" => $dbbt->f(\'last_name\'),\r\n\"address1\" => $dbbt->f(\'address_1\'),\r\n\"address2\" => $dbbt->f(\'address_2\'),\r\n\"zip\" => $dbbt->f(\'zip\'),\r\n\"city\" => $dbbt->f(\'city\'),\r\n\"state\" => $dbbt->f(\'state\'),\r\n\"country\" => $db1->f(\'country_2_code\'),\r\n\"email\" => $dbbt->f(\'user_email\'),\r\n\"night_phone_b\" => $dbbt->f(\'phone_1\'),\r\n\"cpp_header_image\" => $vendor_image_url,\r\n\r\n\"return\" => SECUREURL .\"index.php?option=com_virtuemart&page=checkout.result&order_id=\".$db->f(\"order_id\"),\r\n\"notify_url\" => SECUREURL .\"administrator/components/com_virtuemart/notify.php\",\r\n\"cancel_return\" => SECUREURL .\"index.php\",\r\n\"undefined_quantity\" => \"0\",\r\n\r\n\"test_ipn\" => PAYPAL_DEBUG,\r\n\"pal\" => \"NRUBJXESJTY24\",\r\n\"no_shipping\" => \"1\",\r\n\"no_note\" => \"1\"\r\n);\r\nif( $page == \"checkout.thankyou\" ) {\r\n$query_string = \"?\";\r\nforeach( $post_variables as $name => $value ) {\r\n$query_string .= $name. \"=\" . urlencode($value) .\"&\";\r\n}\r\nvmRedirect( $url . $query_string );\r\n} else {\r\necho \'<form action=\"\'.$url.\'\" method=\"post\" target=\"_blank\">\';\r\necho \'<input type=\"image\" name=\"submit\" src=\"https://www.paypal.com/en_US/i/btn/x-click-but6.gif\" alt=\"Click to pay with PayPal - it is fast, free and secure!\" />\';\r\n\r\nforeach( $post_variables as $name => $value ) {\r\necho \'<input type=\"hidden\" name=\"\'.$name.\'\" value=\"\'.htmlspecialchars($value).\'\" />\';\r\n}\r\necho \'</form>\';\r\n\r\n}\r\n?>',''),(5,1,'PayMate','ps_paymate',5,0.00,0,0.00,0.00,0,'PM','P',0,'N','','<script type=\"text/javascript\" language=\"javascript\">\n  function openExpress(){\n      var url = \'https://www.paymate.com/PayMate/ExpressPayment?mid=<?php echo PAYMATE_USERNAME.\n          \"&amt=\".$db->f(\"order_total\").\n   \"&currency=\".$_SESSION[\'vendor_currency\'].\n       \"&ref=\".$db->f(\"order_id\").\n      \"&pmt_sender_email=\".$user->email.\n         \"&pmt_contact_firstname=\".$user->first_name.\n       \"&pmt_contact_surname=\".$user->last_name.\n          \"&regindi_address1=\".$user->address_1.\n     \"&regindi_address2=\".$user->address_2.\n     \"&regindi_sub=\".$user->city.\n       \"&regindi_pcode=\".$user->zip;?>\'\n        var newWin = window.open(url, \'wizard\', \'height=640,width=500,scrollbars=0,toolbar=no\');\n  self.name = \'parent\';\n       newWin.focus();\n  }\n  </script>\n  <div align=\"center\">\n  <p>\n  <a href=\"javascript:openExpress();\">\n  <img src=\"https://www.paymate.com/homepage/images/butt_PayNow.gif\" border=\"0\" alt=\"Pay with Paymate Express\">\n  <br />click here to pay your account</a>\n  </p>\n  </div>',''),(6,1,'WorldPay','ps_worldpay',5,0.00,0,0.00,0.00,0,'WP','P',0,'N','','<form action=\"https://select.worldpay.com/wcc/purchase\" method=\"post\">\n                                                <input type=hidden name=\"testMode\" value=\"100\"> \n                                                  <input type=\"hidden\" name=\"instId\" value=\"<?php echo WORLDPAY_INST_ID ?>\" />\n                                            <input type=\"hidden\" name=\"cartId\" value=\"<?php echo $db->f(\"order_id\") ?>\" />\n                                               <input type=\"hidden\" name=\"amount\" value=\"<?php echo $db->f(\"order_total\") ?>\" />\n                                            <input type=\"hidden\" name=\"currency\" value=\"<?php echo $_SESSION[\'vendor_currency\'] ?>\" />\n                                           <input type=\"hidden\" name=\"desc\" value=\"Products\" />\n                                            <input type=\"hidden\" name=\"email\" value=\"<?php echo $user->email?>\" />\n                                                 <input type=\"hidden\" name=\"address\" value=\"<?php echo $user->address_1?>&#10<?php echo $user->address_2?>&#10<?php echo\n                                                $user->city?>&#10<?php echo $user->state?>\" />\n                                             <input type=\"hidden\" name=\"name\" value=\"<?php echo $user->title?><?php echo $user->first_name?>. <?php echo $user->middle_name?><?php echo $user->last_name?>\" />\n                                           <input type=\"hidden\" name=\"country\" value=\"<?php echo $user->country?>\"/>\n                                              <input type=\"hidden\" name=\"postcode\" value=\"<?php echo $user->zip?>\" />\n                                                <input type=\"hidden\" name=\"tel\"  value=\"<?php echo $user->phone_1?>\">\n                                                  <input type=\"hidden\" name=\"withDelivery\"  value=\"true\">\n                                                 <br />\n                                                <input type=\"submit\" value =\"PROCEED TO PAYMENT PAGE\" />\n                                                  </form>',''),(7,1,'2Checkout','ps_twocheckout',5,0.00,0,0.00,0.00,0,'2CO','P',0,'N','','<?php\n      $q  = \"SELECT * FROM #__users WHERE user_info_id=\'\".$db->f(\"user_info_id\").\"\'\"; \n    $dbbt = new ps_DB;\n   $dbbt->setQuery($q);\n        $dbbt->query();\n      $dbbt->next_record(); \n       // Get ship_to information\n    if( $db->f(\"user_info_id\") != $dbbt->f(\"user_info_id\")) {\n         $q2  = \"SELECT * FROM #__vm_user_info WHERE user_info_id=\'\".$db->f(\"user_info_id\").\"\'\"; \n    $dbst = new ps_DB;\n   $dbst->setQuery($q2);\n       $dbst->query();\n      $dbst->next_record();\n      }\n     else  {\n         $dbst = $dbbt;\n    }\n                     \n      //Authnet vars to send\n        $formdata = array (\n   \'x_login\' => TWOCO_LOGIN,\n   \'x_email_merchant\' => ((TWOCO_MERCHANT_EMAIL == \'True\') ? \'TRUE\' : \'FALSE\'),\n                  \n      // Customer Name and Billing Address\n  \'x_first_name\' => $dbbt->f(\"first_name\"),\n        \'x_last_name\' => $dbbt->f(\"last_name\"),\n  \'x_company\' => $dbbt->f(\"company\"),\n      \'x_address\' => $dbbt->f(\"address_1\"),\n    \'x_city\' => $dbbt->f(\"city\"),\n    \'x_state\' => $dbbt->f(\"state\"),\n  \'x_zip\' => $dbbt->f(\"zip\"),\n      \'x_country\' => $dbbt->f(\"country\"),\n      \'x_phone\' => $dbbt->f(\"phone_1\"),\n        \'x_fax\' => $dbbt->f(\"fax\"),\n      \'x_email\' => $dbbt->f(\"email\"),\n \n       // Customer Shipping Address\n  \'x_ship_to_first_name\' => $dbst->f(\"first_name\"),\n        \'x_ship_to_last_name\' => $dbst->f(\"last_name\"),\n  \'x_ship_to_company\' => $dbst->f(\"company\"),\n      \'x_ship_to_address\' => $dbst->f(\"address_1\"),\n    \'x_ship_to_city\' => $dbst->f(\"city\"),\n    \'x_ship_to_state\' => $dbst->f(\"state\"),\n  \'x_ship_to_zip\' => $dbst->f(\"zip\"),\n      \'x_ship_to_country\' => $dbst->f(\"country\"),\n     \n       \'x_invoice_num\' => $db->f(\"order_number\"),\n       \'x_receipt_link_url\' => SECUREURL.\"2checkout_notify.php\"\n  );\n    \n     if( TWOCO_TESTMODE == \"Y\" )\n   $formdata[\'demo\'] = \"Y\";\n       \n       $version = \"2\";\n    $url = \"https://www2.2checkout.com/2co/buyer/purchase\";\n    $formdata[\'x_amount\'] = number_format($db->f(\"order_total\"), 2, \'.\', \'\');\n \n       //build the post string\n       $poststring = \'\';\n  foreach($formdata AS $key => $val){\n          $poststring .= \"<input type=\'hidden\' name=\'$key\' value=\'$val\' />\n \";\n    }\n    \n      ?>\n    <form action=\"<?php echo $url ?>\" method=\"post\" target=\"_blank\">\n       <?php echo $poststring ?>\n    <p>Click on the Image below to pay...</p>\n     <input type=\"image\" name=\"submit\" src=\"https://www.2checkout.com/images/buy_logo.gif\" border=\"0\" alt=\"Make payments with 2Checkout, it\'s fast and secure!\" title=\"Pay your Order with 2Checkout, it\'s fast and secure!\" />\n      </form>',''),(8,1,'NoChex','ps_nochex',5,0.00,0,0.00,0.00,0,'NOCHEX','P',0,'N','','<form action=\"https://www.nochex.com/nochex.dll/checkout\" method=post target=\"_blank\"> \n                                                                                     <input type=\"hidden\" name=\"email\" value=\"<?php echo NOCHEX_EMAIL ?>\" />\n                                                                                 <input type=\"hidden\" name=\"amount\" value=\"<?php printf(\"%.2f\", $db->f(\"order_total\"))?>\" />\n                                                                                        <input type=\"hidden\" name=\"ordernumber\" value=\"<?php $db->p(\"order_id\") ?>\" />\n                                                                                       <input type=\"hidden\" name=\"logo\" value=\"<?php echo $vendor_image_url ?>\" />\n                                                                                    <input type=\"hidden\" name=\"returnurl\" value=\"<?php echo SECUREURL .\"index.php?option=com_virtuemart&amp;page=checkout.result&amp;order_id=\".$db->f(\"order_id\") ?>\" />\n                                                                                      <input type=\"image\" name=\"submit\" src=\"http://www.nochex.com/web/images/paymeanimated.gif\"> \n                                                                                    </form>',''),(9,1,'Credit Card (PayMeNow)','ps_paymenow',5,0.00,0,0.00,0.00,0,'PN','Y',0,'N','1,2,3,','',''),(10,1,'eWay','ps_eway',5,0.00,0,0.00,0.00,0,'EWAY','Y',0,'N','','',''),(11,1,'eCheck.net','ps_echeck',5,0.00,0,0.00,0.00,0,'ECK','B',0,'N','','',''),(12,1,'Credit Card (eProcessingNetwork)','ps_epn',5,0.00,0,0.00,0.00,0,'EPN','Y',0,'N','1,2,3,','',''),(13,1,'iKobo','',5,0.00,0,0.00,0.00,0,'IK','P',0,'N','','<form action=\"https://www.iKobo.com/store/index.php\" method=\"post\"> \n  <input type=\"hidden\" name=\"cmd\" value=\"cart\" />Click on the image below to Pay with iKobo\n  <input type=\"image\" src=\"https://www.ikobo.com/merchant/buttons/ikobo_pay1.gif\" name=\"submit\" alt=\"Pay with iKobo\" /> \n  <input type=\"hidden\" name=\"poid\" value=\"USER_ID\" /> \n  <input type=\"hidden\" name=\"item\" value=\"Order: <?php $db->p(\"order_id\") ?>\" /> \n  <input type=\"hidden\" name=\"price\" value=\"<?php printf(\"%.2f\", $db->f(\"order_total\"))?>\" /> \n  <input type=\"hidden\" name=\"firstname\" value=\"<?php echo $user->first_name?>\" /> \n  <input type=\"hidden\" name=\"lastname\" value=\"<?php echo $user->last_name?>\" /> \n  <input type=\"hidden\" name=\"address\" value=\"<?php echo $user->address_1?>&#10<?php echo $user->address_2?>\" /> \n  <input type=\"hidden\" name=\"city\" value=\"<?php echo $user->city?>\" /> \n  <input type=\"hidden\" name=\"state\" value=\"<?php echo $user->state?>\" /> \n  <input type=\"hidden\" name=\"zip\" value=\"<?php echo $user->zip?>\" /> \n  <input type=\"hidden\" name=\"phone\" value=\"<?php echo $user->phone_1?>\" /> \n  <input type=\"hidden\" name=\"email\" value=\"<?php echo $user->email?>\" /> \n  </form> >',''),(14,1,'iTransact','',5,0.00,0,0.00,0.00,0,'ITR','P',0,'N','','<?php\n  //your iTransact account details\n  $vendorID = \"XXXXX\";\n  global $vendor_name;\n  $mername = $vendor_name;\n  \n  //order details\n  $total = $db->f(\"order_total\");$first_name = $user->first_name;$last_name = $user->last_name;$address = $user->address_1;$city = $user->city;$state = $user->state;$zip = $user->zip;$country = $user->country;$email = $user->email;$phone = $user->phone_1;$home_page = $mosConfig_live_site.\"/index.php\";$ret_addr = $mosConfig_live_site.\"/index.php\";$cc_payment_image = $mosConfig_live_site.\"/components/com_virtuemart/shop_image/ps_image/cc_payment.jpg\";\n  ?>\n  <form action=\"https://secure.paymentclearing.com/cgi-bin/mas/split.cgi\" method=\"POST\"> \n                <input type=\"hidden\" name=\"vendor_id\" value=\"<?php echo $vendorID; ?>\" />\n              <input type=\"hidden\" name=\"home_page\" value=\"<?php echo $home_page; ?>\" />\n             <input type=\"hidden\" name=\"ret_addr\" value=\"<?php echo $ret_addr; ?>\" />\n               <input type=\"hidden\" name=\"mername\" value=\"<?php echo $mername; ?>\" />\n         <!--Enter text in the next value that should appear on the bottom of the order form.-->\n               <INPUT type=\"hidden\" name=\"mertext\" value=\"\" />\n         <!--If you are accepting checks, enter the number 1 in the next value.  Enter the number 0 if you are not accepting checks.-->\n                <INPUT type=\"hidden\" name=\"acceptchecks\" value=\"0\" />\n           <!--Enter the number 1 in the next value if you want to allow pre-registered customers to pay with a check.  Enter the number 0 if not.-->\n            <INPUT type=\"hidden\" name=\"allowreg\" value=\"0\" />\n               <!--If you are set up with Check Guarantee, enter the number 1 in the next value.  Enter the number 0 if not.-->\n              <INPUT type=\"hidden\" name=\"checkguar\" value=\"0\" />\n              <!--Enter the number 1 in the next value if you are accepting credit card payments.  Enter the number zero if not.-->\n         <INPUT type=\"hidden\" name=\"acceptcards\" value=\"1\">\n              <!--Enter the number 1 in the next value if you want to allow a separate mailing address for credit card orders.  Enter the number 0 if not.-->\n               <INPUT type=\"hidden\" name=\"altaddr\" value=\"0\" />\n                <!--Enter the number 1 in the next value if you want the customer to enter the CVV number for card orders.  Enter the number 0 if not.-->\n             <INPUT type=\"hidden\" name=\"showcvv\" value=\"1\" />\n                \n              <input type=\"hidden\" name=\"1-desc\" value=\"Order Total\" />\n               <input type=\"hidden\" name=\"1-cost\" value=\"<?php echo $total; ?>\" />\n            <input type=\"hidden\" name=\"1-qty\" value=\"1\" />\n          <input type=\"hidden\" name=\"total\" value=\"<?php echo $total; ?>\" />\n             <input type=\"hidden\" name=\"first_name\" value=\"<?php echo $first_name; ?>\" />\n           <input type=\"hidden\" name=\"last_name\" value=\"<?php echo $last_name; ?>\" />\n             <input type=\"hidden\" name=\"address\" value=\"<?php echo $address; ?>\" />\n         <input type=\"hidden\" name=\"city\" value=\"<?php echo $city; ?>\" />\n               <input type=\"hidden\" name=\"state\" value=\"<?php echo $state; ?>\" />\n             <input type=\"hidden\" name=\"zip\" value=\"<?php echo $zip; ?>\" />\n         <input type=\"hidden\" name=\"country\" value=\"<?php echo $country; ?>\" />\n         <input type=\"hidden\" name=\"phone\" value=\"<?php echo $phone; ?>\" />\n             <input type=\"hidden\" name=\"email\" value=\"<?php echo $email; ?>\" />\n             <p><input type=\"image\" alt=\"Process Secure Credit Card Transaction using iTransact\" border=\"0\" height=\"60\" width=\"210\" src=\"<?php echo $cc_payment_image; ?>\" /> </p>\n            </form>',''),(15,1,'Verisign PayFlow Pro','payflow_pro',5,0.00,0,0.00,0.00,0,'PFP','Y',0,'N','1,2,6,7,','',''),(16,1,'Dankort/PBS via ePay','ps_epay',5,0.00,0,0.00,0.00,0,'EPAY','P',0,'N','','<?php\r\nrequire_once(CLASSPATH .\"payment/ps_epay.cfg.php\");\r\n$url=basename($mosConfig_live_site);\r\nfunction get_iso_code($code) {\r\nswitch ($code) {\r\ncase \"ADP\": return \"020\"; break;\r\ncase \"AED\": return \"784\"; break;\r\ncase \"AFA\": return \"004\"; break;\r\ncase \"ALL\": return \"008\"; break;\r\ncase \"AMD\": return \"051\"; break;\r\ncase \"ANG\": return \"532\"; break;\r\ncase \"AOA\": return \"973\"; break;\r\ncase \"ARS\": return \"032\"; break;\r\ncase \"AUD\": return \"036\"; break;\r\ncase \"AWG\": return \"533\"; break;\r\ncase \"AZM\": return \"031\"; break;\r\ncase \"BAM\": return \"977\"; break;\r\ncase \"BBD\": return \"052\"; break;\r\ncase \"BDT\": return \"050\"; break;\r\ncase \"BGL\": return \"100\"; break;\r\ncase \"BGN\": return \"975\"; break;\r\ncase \"BHD\": return \"048\"; break;\r\ncase \"BIF\": return \"108\"; break;\r\ncase \"BMD\": return \"060\"; break;\r\ncase \"BND\": return \"096\"; break;\r\ncase \"BOB\": return \"068\"; break;\r\ncase \"BOV\": return \"984\"; break;\r\ncase \"BRL\": return \"986\"; break;\r\ncase \"BSD\": return \"044\"; break;\r\ncase \"BTN\": return \"064\"; break;\r\ncase \"BWP\": return \"072\"; break;\r\ncase \"BYR\": return \"974\"; break;\r\ncase \"BZD\": return \"084\"; break;\r\ncase \"CAD\": return \"124\"; break;\r\ncase \"CDF\": return \"976\"; break;\r\ncase \"CHF\": return \"756\"; break;\r\ncase \"CLF\": return \"990\"; break;\r\ncase \"CLP\": return \"152\"; break;\r\ncase \"CNY\": return \"156\"; break;\r\ncase \"COP\": return \"170\"; break;\r\ncase \"CRC\": return \"188\"; break;\r\ncase \"CUP\": return \"192\"; break;\r\ncase \"CVE\": return \"132\"; break;\r\ncase \"CYP\": return \"196\"; break;\r\ncase \"CZK\": return \"203\"; break;\r\ncase \"DJF\": return \"262\"; break;\r\ncase \"DKK\": return \"208\"; break;\r\ncase \"DOP\": return \"214\"; break;\r\ncase \"DZD\": return \"012\"; break;\r\ncase \"ECS\": return \"218\"; break;\r\ncase \"ECV\": return \"983\"; break;\r\ncase \"EEK\": return \"233\"; break;\r\ncase \"EGP\": return \"818\"; break;\r\ncase \"ERN\": return \"232\"; break;\r\ncase \"ETB\": return \"230\"; break;\r\ncase \"EUR\": return \"978\"; break;\r\ncase \"FJD\": return \"242\"; break;\r\ncase \"FKP\": return \"238\"; break;\r\ncase \"GBP\": return \"826\"; break;\r\ncase \"GEL\": return \"981\"; break;\r\ncase \"GHC\": return \"288\"; break;\r\ncase \"GIP\": return \"292\"; break;\r\ncase \"GMD\": return \"270\"; break;\r\ncase \"GNF\": return \"324\"; break;\r\ncase \"GTQ\": return \"320\"; break;\r\ncase \"GWP\": return \"624\"; break;\r\ncase \"GYD\": return \"328\"; break;\r\ncase \"HKD\": return \"344\"; break;\r\ncase \"HNL\": return \"340\"; break;\r\ncase \"HRK\": return \"191\"; break;\r\ncase \"HTG\": return \"332\"; break;\r\ncase \"HUF\": return \"348\"; break;\r\ncase \"IDR\": return \"360\"; break;\r\ncase \"ILS\": return \"376\"; break;\r\ncase \"INR\": return \"356\"; break;\r\ncase \"IQD\": return \"368\"; break;\r\ncase \"IRR\": return \"364\"; break;\r\ncase \"ISK\": return \"352\"; break;\r\ncase \"JMD\": return \"388\"; break;\r\ncase \"JOD\": return \"400\"; break;\r\ncase \"JPY\": return \"392\"; break;\r\ncase \"KES\": return \"404\"; break;\r\ncase \"KGS\": return \"417\"; break;\r\ncase \"KHR\": return \"116\"; break;\r\ncase \"KMF\": return \"174\"; break;\r\ncase \"KPW\": return \"408\"; break;\r\ncase \"KRW\": return \"410\"; break;\r\ncase \"KWD\": return \"414\"; break;\r\ncase \"KYD\": return \"136\"; break;\r\ncase \"KZT\": return \"398\"; break;\r\ncase \"LAK\": return \"418\"; break;\r\ncase \"LBP\": return \"422\"; break;\r\ncase \"LKR\": return \"144\"; break;\r\ncase \"LRD\": return \"430\"; break;\r\ncase \"LSL\": return \"426\"; break;\r\ncase \"LTL\": return \"440\"; break;\r\ncase \"LVL\": return \"428\"; break;\r\ncase \"LYD\": return \"434\"; break;\r\ncase \"MAD\": return \"504\"; break;\r\ncase \"MDL\": return \"498\"; break;\r\ncase \"MGF\": return \"450\"; break;\r\ncase \"MKD\": return \"807\"; break;\r\ncase \"MMK\": return \"104\"; break;\r\ncase \"MNT\": return \"496\"; break;\r\ncase \"MOP\": return \"446\"; break;\r\ncase \"MRO\": return \"478\"; break;\r\ncase \"MTL\": return \"470\"; break;\r\ncase \"MUR\": return \"480\"; break;\r\ncase \"MVR\": return \"462\"; break;\r\ncase \"MWK\": return \"454\"; break;\r\ncase \"MXN\": return \"484\"; break;\r\ncase \"MXV\": return \"979\"; break;\r\ncase \"MYR\": return \"458\"; break;\r\ncase \"MZM\": return \"508\"; break;\r\ncase \"NAD\": return \"516\"; break;\r\ncase \"NGN\": return \"566\"; break;\r\ncase \"NIO\": return \"558\"; break;\r\ncase \"NOK\": return \"578\"; break;\r\ncase \"NPR\": return \"524\"; break;\r\ncase \"NZD\": return \"554\"; break;\r\ncase \"OMR\": return \"512\"; break;\r\ncase \"PAB\": return \"590\"; break;\r\ncase \"PEN\": return \"604\"; break;\r\ncase \"PGK\": return \"598\"; break;\r\ncase \"PHP\": return \"608\"; break;\r\ncase \"PKR\": return \"586\"; break;\r\ncase \"PLN\": return \"985\"; break;\r\ncase \"PYG\": return \"600\"; break;\r\ncase \"QAR\": return \"634\"; break;\r\ncase \"ROL\": return \"642\"; break;\r\ncase \"RUB\": return \"643\"; break;\r\ncase \"RUR\": return \"810\"; break;\r\ncase \"RWF\": return \"646\"; break;\r\ncase \"SAR\": return \"682\"; break;\r\ncase \"SBD\": return \"090\"; break;\r\ncase \"SCR\": return \"690\"; break;\r\ncase \"SDD\": return \"736\"; break;\r\ncase \"SEK\": return \"752\"; break;\r\ncase \"SGD\": return \"702\"; break;\r\ncase \"SHP\": return \"654\"; break;\r\ncase \"SIT\": return \"705\"; break;\r\ncase \"SKK\": return \"703\"; break;\r\ncase \"SLL\": return \"694\"; break;\r\ncase \"SOS\": return \"706\"; break;\r\ncase \"SRG\": return \"740\"; break;\r\ncase \"STD\": return \"678\"; break;\r\ncase \"SVC\": return \"222\"; break;\r\ncase \"SYP\": return \"760\"; break;\r\ncase \"SZL\": return \"748\"; break;\r\ncase \"THB\": return \"764\"; break;\r\ncase \"TJS\": return \"972\"; break;\r\ncase \"TMM\": return \"795\"; break;\r\ncase \"TND\": return \"788\"; break;\r\ncase \"TOP\": return \"776\"; break;\r\ncase \"TPE\": return \"626\"; break;\r\ncase \"TRL\": return \"792\"; break;\r\ncase \"TRY\": return \"949\"; break;\r\ncase \"TTD\": return \"780\"; break;\r\ncase \"TWD\": return \"901\"; break;\r\ncase \"TZS\": return \"834\"; break;\r\ncase \"UAH\": return \"980\"; break;\r\ncase \"UGX\": return \"800\"; break;\r\ncase \"USD\": return \"840\"; break;\r\ncase \"UYU\": return \"858\"; break;\r\ncase \"UZS\": return \"860\"; break;\r\ncase \"VEB\": return \"862\"; break;\r\ncase \"VND\": return \"704\"; break;\r\ncase \"VUV\": return \"548\"; break;\r\ncase \"XAF\": return \"950\"; break;\r\ncase \"XCD\": return \"951\"; break;\r\ncase \"XOF\": return \"952\"; break;\r\ncase \"XPF\": return \"953\"; break;\r\ncase \"YER\": return \"886\"; break;\r\ncase \"YUM\": return \"891\"; break;\r\ncase \"ZAR\": return \"710\"; break;\r\ncase \"ZMK\": return \"894\"; break;\r\ncase \"ZWD\": return \"716\"; break;\r\n}\r\nreturn \"XXX\"; // return invalid code if the currency is not found \r\n}\r\n\r\nfunction calculateePayCurrency($order_id)\r\n{\r\n$db = new ps_DB;\r\n$currency_code = \"208\";\r\n$q = \"SELECT order_currency FROM #__vm_orders where order_id = \" . $order_id;\r\n$db->query($q);\r\nif ($db->next_record()) {\r\n	$currency_code = get_iso_code($db->f(\"order_currency\"));\r\n}\r\nreturn $currency_code;\r\n}\r\n echo $VM_LANG->_(\'VM_CHECKOUT_EPAY_PAYMENT_CHECKOUT_HEADER\');\r\n?>\r\n<script type=\"text/javascript\" src=\"http://www.epay.dk/js/standardwindow.js\"></script>\r\n<script type=\"text/javascript\">\r\nfunction printCard(cardId)\r\n{\r\ndocument.write (\"<table border=0 cellspacing=10 cellpadding=10>\");\r\nswitch (cardId) {\r\ncase 1: document.write (\"<input type=hidden name=cardtype value=1>\"); break;\r\ncase 2: document.write (\"<input type=hidden name=cardtype value=2>\"); break;\r\ncase 3: document.write (\"<input type=hidden name=cardtype value=3>\"); break;\r\ncase 4: document.write (\"<input type=hidden name=cardtype value=4>\"); break;\r\ncase 5: document.write (\"<input type=hidden name=cardtype value=5>\"); break;\r\ncase 6: document.write (\"<input type=hidden name=cardtype value=6>\"); break;\r\ncase 7: document.write (\"<input type=hidden name=cardtype value=7>\"); break;\r\ncase 8: document.write (\"<input type=hidden name=cardtype value=8>\"); break;\r\ncase 9: document.write (\"<input type=hidden name=cardtype value=9>\"); break;\r\ncase 10: document.write (\"<input type=hidden name=cardtype value=10>\"); break;\r\ncase 12: document.write (\"<input type=hidden name=cardtype value=12>\"); break;\r\ncase 13: document.write (\"<input type=hidden name=cardtype value=13>\"); break;\r\ncase 14: document.write (\"<input type=hidden name=cardtype value=14>\"); break;\r\ncase 15: document.write (\"<input type=hidden name=cardtype value=15>\"); break;\r\ncase 16: document.write (\"<input type=hidden name=cardtype value=16>\"); break;\r\ncase 17: document.write (\"<input type=hidden name=cardtype value=17>\"); break;\r\ncase 18: document.write (\"<input type=hidden name=cardtype value=18>\"); break;\r\ncase 19: document.write (\"<input type=hidden name=cardtype value=19>\"); break;\r\ncase 21: document.write (\"<input type=hidden name=cardtype value=21>\"); break;\r\ncase 22: document.write (\"<input type=hidden name=cardtype value=22>\"); break;\r\n}\r\ndocument.write (\"</table>\");\r\n}\r\n</script>\r\n<form action=\"https://ssl.ditonlinebetalingssystem.dk/popup/default.asp\" method=\"post\" name=\"ePay\" target=\"ePay_window\" id=\"ePay\">\r\n<input type=\"hidden\" name=\"merchantnumber\" value=\"<?php echo EPAY_MERCHANTNUMBER ?>\">\r\n<input type=\"hidden\" name=\"amount\" value=\"<?php echo round($db->f(\"order_total\")*100, 2 ) ?>\">\r\n<input type=\"hidden\" name=\"currency\" value=\"<?php echo calculateePayCurrency($order_id)?>\">\r\n<input type=\"hidden\" name=\"orderid\" value=\"<?php echo $order_id ?>\">\r\n<input type=\"hidden\" name=\"ordretext\" value=\"\">\r\n<?php \r\nif (EPAY_CALLBACK == \"1\")\r\n{\r\n	echo \'<input type=\"hidden\" name=\"callbackurl\" value=\"\' . $mosConfig_live_site . \'/index.php?page=checkout.epay_result&accept=1&sessionid=\' . $sessionid . \'&option=com_virtuemart&Itemid=1\">\';\r\n}\r\n?>\r\n<input type=\"hidden\" name=\"accepturl\" value=\"<?php echo $mosConfig_live_site ?>/index.php?page=checkout.epay_result&accept=1&sessionid=<?php echo $sessionid ?>&option=com_virtuemart&Itemid=1\">\r\n<input type=\"hidden\" name=\"declineurl\" value=\"<?php echo $mosConfig_live_site ?>/index.php?page=checkout.epay_result&accept=0&sessionid=<?php echo $sessionid ?>&option=com_virtuemart&Itemid=1\">\r\n<input type=\"hidden\" name=\"group\" value=\"<?php echo EPAY_GROUP ?>\">\r\n<input type=\"hidden\" name=\"instant\" value=\"<?php echo EPAY_INSTANT_CAPTURE ?>\">\r\n<input type=\"hidden\" name=\"language\" value=\"<?php echo EPAY_LANGUAGE ?>\">\r\n<input type=\"hidden\" name=\"authsms\" value=\"<?php echo EPAY_AUTH_SMS ?>\">\r\n<input type=\"hidden\" name=\"authmail\" value=\"<?php echo EPAY_AUTH_MAIL . (strlen(EPAY_AUTH_MAIL) > 0 && EPAY_AUTHEMAILCUSTOMER == 1 ? \";\" : \"\") . (EPAY_AUTHEMAILCUSTOMER == 1 ? $user->user_email : \"\"); ?>\">\r\n<input type=\"hidden\" name=\"windowstate\" value=\"<?php echo EPAY_WINDOW_STATE ?>\">\r\n<input type=\"hidden\" name=\"use3D\" value=\"<?php echo EPAY_3DSECURE ?>\">\r\n<input type=\"hidden\" name=\"addfee\" value=\"<?php echo EPAY_ADDFEE ?>\">\r\n<input type=\"hidden\" name=\"subscription\" value=\"<?php echo EPAY_SUBSCRIPTION ?>\">\r\n<input type=\"hidden\" name=\"MD5Key\" value=\"<?php if (EPAY_MD5_TYPE == 2) echo md5( calculateePayCurrency($order_id) . round($db->f(\"order_total\")*100, 2 ) . $order_id  . EPAY_MD5_KEY)?>\">\r\n<?php\r\nif (EPAY_CARDTYPES_1 == \"1\" && EPAY_CARDTYPES_0 != \"1\") echo \"<script>printCard(1)</script>\";\r\nif (EPAY_CARDTYPES_2 == \"1\" && EPAY_CARDTYPES_0 != \"1\") echo \"<script>printCard(2)</script>\";\r\nif (EPAY_CARDTYPES_3 == \"1\" && EPAY_CARDTYPES_0 != \"1\") echo \"<script>printCard(3)</script>\";\r\nif (EPAY_CARDTYPES_4 == \"1\" && EPAY_CARDTYPES_0 != \"1\") echo \"<script>printCard(4)</script>\";\r\nif (EPAY_CARDTYPES_5 == \"1\" && EPAY_CARDTYPES_0 != \"1\") echo \"<script>printCard(5)</script>\";\r\nif (EPAY_CARDTYPES_6 == \"1\" && EPAY_CARDTYPES_0 != \"1\") echo \"<script>printCard(6)</script>\";\r\nif (EPAY_CARDTYPES_7 == \"1\" && EPAY_CARDTYPES_0 != \"1\") echo \"<script>printCard(7)</script>\";\r\nif (EPAY_CARDTYPES_8 == \"1\" && EPAY_CARDTYPES_0 != \"1\") echo \"<script>printCard(8)</script>\";\r\nif (EPAY_CARDTYPES_9 == \"1\" && EPAY_CARDTYPES_0 != \"1\") echo \"<script>printCard(9)</script>\";\r\nif (EPAY_CARDTYPES_10 == \"1\" && EPAY_CARDTYPES_0 != \"1\") echo \"<script>printCard(10)</script>\";\r\nif (EPAY_CARDTYPES_11 == \"1\" && EPAY_CARDTYPES_0 != \"1\") echo \"<script>printCard(11)</script>\";\r\nif (EPAY_CARDTYPES_12 == \"1\" && EPAY_CARDTYPES_0 != \"1\") echo \"<script>printCard(12)</script>\";\r\nif (EPAY_CARDTYPES_14 == \"1\" && EPAY_CARDTYPES_0 != \"1\") echo \"<script>printCard(14)</script>\";\r\nif (EPAY_CARDTYPES_15 == \"1\" && EPAY_CARDTYPES_0 != \"1\") echo \"<script>printCard(15)</script>\";\r\nif (EPAY_CARDTYPES_16 == \"1\" && EPAY_CARDTYPES_0 != \"1\") echo \"<script>printCard(16)</script>\";\r\nif (EPAY_CARDTYPES_17 == \"1\" && EPAY_CARDTYPES_0 != \"1\") echo \"<script>printCard(17)</script>\";\r\nif (EPAY_CARDTYPES_18 == \"1\" && EPAY_CARDTYPES_0 != \"1\") echo \"<script>printCard(18)</script>\";\r\nif (EPAY_CARDTYPES_19 == \"1\" && EPAY_CARDTYPES_0 != \"1\") echo \"<script>printCard(19)</script>\";\r\nif (EPAY_CARDTYPES_21 == \"1\" && EPAY_CARDTYPES_0 != \"1\") echo \"<script>printCard(21)</script>\";\r\nif (EPAY_CARDTYPES_22 == \"1\" && EPAY_CARDTYPES_0 != \"1\") echo \"<script>printCard(22)</script>\";;\r\n?>\r\n</form>\r\n<script>open_ePay_window();</script>\r\n<br>\r\n<table border=\"0\" width=\"100%\"><tr><td><input type=\"button\" onClick=\"open_ePay_window()\" value=\"<?php echo $VM_LANG->_(\'VM_CHECKOUT_EPAY_BUTTON_OPEN_WINDOW\') ?>\"></td><td width=\"100%\" id=\"flashLoader\"></td></tr></table><br><br><br>\r\n<?php echo $VM_LANG->_(\'VM_CHECKOUT_EPAY_PAYMENT_CHECKOUT_FOOTER\') ?>\r\n<br><br>\r\n<img src=\"components/com_virtuemart/shop_image/ps_image/epay_images/epay_logo.gif\" border=\"0\">&nbsp;&nbsp;&nbsp;\r\n<img src=\"components/com_virtuemart/shop_image/ps_image/epay_images/mastercard_securecode.gif\" border=\"0\">&nbsp;&nbsp;&nbsp;\r\n<img src=\"components/com_virtuemart/shop_image/ps_image/epay_images/pci.gif\" border=\"0\">&nbsp;&nbsp;&nbsp;\r\n<img src=\"components/com_virtuemart/shop_image/ps_image/epay_images/verisign_secure.gif\" border=\"0\">&nbsp;&nbsp;&nbsp;\r\n<img src=\"components/com_virtuemart/shop_image/ps_image/epay_images/visa_secure.gif\" border=\"0\">&nbsp;&nbsp;&nbsp;;',''),(17,1,'PaySbuy','ps_paysbuy',5,0.00,0,0.00,0.00,0,'PSB','P',0,'N','','','');

--
-- Table structure for table `jos_vm_product`
--

CREATE TABLE `jos_vm_product` (
  `product_id` int(11) NOT NULL auto_increment,
  `vendor_id` int(11) NOT NULL default '0',
  `product_parent_id` int(11) NOT NULL default '0',
  `product_sku` varchar(64) NOT NULL default '',
  `product_s_desc` varchar(255) default NULL,
  `product_desc` text,
  `product_thumb_image` varchar(255) default NULL,
  `product_full_image` varchar(255) default NULL,
  `product_publish` char(1) default NULL,
  `product_weight` decimal(10,4) default NULL,
  `product_weight_uom` varchar(32) default 'pounds.',
  `product_length` decimal(10,4) default NULL,
  `product_width` decimal(10,4) default NULL,
  `product_height` decimal(10,4) default NULL,
  `product_lwh_uom` varchar(32) default 'inches',
  `product_url` varchar(255) default NULL,
  `product_in_stock` int(11) NOT NULL default '0',
  `product_available_date` int(11) default NULL,
  `product_availability` varchar(56) NOT NULL default '',
  `product_special` char(1) default NULL,
  `product_discount_id` int(11) default NULL,
  `ship_code_id` int(11) default NULL,
  `cdate` int(11) default NULL,
  `mdate` int(11) default NULL,
  `product_name` varchar(64) default NULL,
  `product_sales` int(11) NOT NULL default '0',
  `attribute` text,
  `custom_attribute` text NOT NULL,
  `product_tax_id` int(11) default NULL,
  `product_unit` varchar(32) default NULL,
  `product_packaging` int(11) default NULL,
  `child_options` varchar(45) default NULL,
  `quantity_options` varchar(45) default NULL,
  `child_option_ids` varchar(45) default NULL,
  `product_order_levels` varchar(45) default NULL,
  PRIMARY KEY  (`product_id`),
  KEY `idx_product_vendor_id` (`vendor_id`),
  KEY `idx_product_product_parent_id` (`product_parent_id`),
  KEY `idx_product_sku` (`product_sku`),
  KEY `idx_product_ship_code_id` (`ship_code_id`),
  KEY `idx_product_name` (`product_name`)
) ENGINE=MyISAM AUTO_INCREMENT=213 DEFAULT CHARSET=utf8 COMMENT='All products are stored here.';

--
-- Dumping data for table `jos_vm_product`
--

INSERT INTO `jos_vm_product` VALUES (17,1,0,'A01','Płyn do mycia naczyń (cytryna) 32l.\r\n<br />koncentrat z lanoliną i gliceryną - chroni ręce\r\n<br /><B />Cena netto za litr:</b> 2 zł 39 gr.\r\n<br /><b>Cena brutto:</b> 86 zł 20 gr.','Płyn do mycia naczyń (cytryna) 32l.\r\n<br />koncentrat z lanoliną i gliceryną - chroni ręce\r\n<br /><B />Cena netto za litr:</b> 2 zł 39 gr.\r\n<br /><b>Cena brutto:</b> 86 zł 20 gr.','resized/_A01__P__yn_do_m_50d2256bd47d6_120x120.png','_A01__P__yn_do_m_50d2256bdec25.png','Y',0.0000,'kg',0.0000,0.0000,0.0000,'cm','',-17,1355011200,'','N',0,NULL,1355089675,1358803568,'[A01] Płyn do mycia naczyń - koncentrat  (cytryna)',17,'','',3,'szt.',0,'N,N,N,N,N,Y,20%,10%,','none,0,0,1','','0,0'),(18,1,0,'A02','z atomizerem 0,75 l\r\n<br /><B />Cena brutto:</b> 4 zł 31 gr.','z atomizerem 0,75 l\r\n<br /><B />Cena brutto:</b> 4 zł 31 gr.','resized/_A02__P__yn_do_m_50d2261191fc9_120x120.png','_A02__P__yn_do_m_50d2261198bbd.png','Y',0.0000,'kg',0.0000,0.0000,0.0000,'cm','',-3,1355011200,'','N',0,NULL,1355091841,1355949585,'[A02] Płyn do mycia szyb',3,'','',3,'szt.',0,'N,N,N,N,N,Y,20%,10%,','none,0,0,1','','0,0'),(19,1,0,'A03','Opakowanie 5 l.\r\n<br /><B />Cena brutto:</b> 15 zł 38 gr.','[A3] Płyn do mycia szyb\r\n<br />Opakowanie 5 l.\r\n<br /><B />Cena brutto:</b> 15 zł 38 gr.','resized/_A03__P__yn_do_m_50d22668b6047_120x120.png','_A03__P__yn_do_m_50d22668be51e.png','Y',0.0000,'kg',0.0000,0.0000,0.0000,'cm','',0,1355011200,'','N',0,NULL,1355091918,1355949672,'[A03] Płyn do mycia szyb',0,'','',3,'szt.',0,'N,N,N,N,N,Y,20%,10%,','none,0,0,1','','0,0'),(20,1,0,'A04','Płyn do mycia szyb kanister 32 l.\r\n<br /><B>Cena netto za litr:</b> 2 zł 19 gr.\r\n<br /><B>Cena brutto:</B> 86 zł 20 gr.','Płyn do mycia szyb kanister 32 l.\r\n<br /><B>Cena netto za litr:</b> 2 zł 19 gr.\r\n<br /><B>Cena brutto:</B> 86 zł 20 gr.','resized/_A04__P__yn_do_m_50d226b58ff7a_120x120.png','_A04__P__yn_do_m_50d226b59a379.png','Y',0.0000,'kg',0.0000,0.0000,0.0000,'cm','',0,1355011200,'','N',0,NULL,1355092045,1357831412,'[A04] Płyn do mycia szyb kanister 32 l.',0,'','',3,'szt.',0,'N,N,N,N,N,Y,20%,10%,','none,0,0,1','','0,0'),(21,1,0,'A05','uniwersalny niskopieniący\r\n<br />do podłóg, glazury, terakoty, ścian, zlewozmywaków itp.\r\n<br />cytryna 1l.\r\n<br />możliwe inne zapachy\r\n<br /><B />Cena brutto:</b> 4 zł 55 gr.','uniwersalny niskopieniący\r\n<br />do podłóg, glazury, terakoty, ścian, zlewozmywaków itp.\r\n<br />cytryna 1l.\r\n<br />możliwe inne zapachy\r\n<br /><B />Cena brutto:</b> 4 zł 55 gr.','resized/_A05__P__yn_czys_50d6f0207f8d2_120x120.png','_A05__P__yn_czys_50d6f020875d4.png','Y',0.0000,'kg',0.0000,0.0000,0.0000,'cm','',0,1355184000,'','N',0,NULL,1355253517,1357895844,'[A05] Płyn uniwersalny czyszczący 1l.',0,'','',3,'szt.',0,'N,N,N,N,N,Y,20%,10%,','none,0,0,1','','0,0'),(22,1,0,'A06','uniwersalny niskopieniący\r\n<br />do podłóg, glazury, terakoty, ścian, zlewozmywaków itp. \r\n<br />cytryna 5l. \r\n<br />możliwe inne zapachy\r\n<br /><B />Cena brutto:</b> 14 zł 64 gr.','uniwersalny niskopieniący\r\n<br />do podłóg, glazury, terakoty, ścian, zlewozmywaków itp. \r\n<br />cytryna 5l. \r\n<br />możliwe inne zapachy\r\n<br /><B />Cena brutto:</b> 14 zł 64 gr.','resized/_A06__P__yn_uniw_510044711fbb1_120x120.png','_A06__P__yn_uniw_510044712a348.png','Y',0.0000,'kg',0.0000,0.0000,0.0000,'cm','',0,1355184000,'','N',0,NULL,1355254080,1358972017,'[A06] Płyn uniwersalny czyszczący 5l.',0,'','',3,'szt.',0,'N,N,N,N,N,Y,20%,10%,','none,0,0,1','','0,0'),(23,1,0,'A07','uniwersalny niskopieniący\r\n<br />do podłóg, glazury, terakoty, ścian, zlewozmywaków itp. \r\n<br />opakowanie 32 l.\r\n<br />możliwe inne zapachy \r\n<br /><B>Cena netto za 1l.:</B> 2 zł 15 gr\r\n<br /><B>Cena brutto:</B> 84 zł 62 gr.','uniwersalny niskopieniący\r\n<br />do podłóg, glazury, terakoty, ścian, zlewozmywaków itp. \r\n<br />opakowanie 32 l.\r\n<br />możliwe inne zapachy \r\n<br /><B>Cena netto za 1l.:</B> 2 zł 19 gr\r\n<br /><B>Cena brutto:</B> 84 zł 62 gr.','resized/_A07__P__yn_czys_50d6f14cc899e_120x120.png','_A07__P__yn_czys_50d6f14cd2dc9.png','Y',0.0000,'kg',0.0000,0.0000,0.0000,'cm','',0,1355184000,'','N',0,NULL,1355254931,1357895898,'[A07] Płyn uniwersalny czyszczący 32 l.',0,'','',3,'szt.',0,'N,N,N,N,N,Y,20%,10%,','none,0,0,1','','0,0'),(24,1,0,'A08','[A8] Płyn do mycia szyb z amoniakiem 0,75l\r\n<br /><B>Cena brutto:</B> 5 zł 52 gr.','[A8] Płyn do mycia szyb z amoniakiem 0,75l\r\n\r\n<br /><B>Cena brutto:</B> 5 zł 52 gr.','resized/_A08__P__yn_do_m_50d6f1af7e15a_120x120.png','_A08__P__yn_do_m_50d6f1af852a5.png','Y',0.0000,'kg',0.0000,0.0000,0.0000,'cm','',0,1355184000,'','N',0,NULL,1355255247,1356263855,'[A08] Płyn do mycia szyb z amoniakiem 0,75l',0,'','',3,'szt.',0,'N,N,N,N,N,Y,20%,10%,','none,0,0,1','','0,0'),(25,1,0,'A09','[A9] Płyn do mycia szyb z amoniakiem 5l.\r\n<br /><B>Cena brutto:</B> 17 zł 1 gr.','[A9] Płyn do mycia szyb z amoniakiem 5l.\r\n\r\n<br /><B>Cena brutto:</B> 17 zł 1 gr.','resized/_A09__P__yn_do_m_50d6f2a5376fb_120x120.png','_A09__P__yn_do_m_50d6f2a53f7b9.png','Y',0.0000,'kg',0.0000,0.0000,0.0000,'cm','',0,1355184000,'','N',0,NULL,1355255677,1356264101,'[A09] Płyn do mycia szyb z amoniakiem 5l.',0,'','',3,'szt.',0,'N,N,N,N,N,Y,20%,10%,','none,0,0,1','','0,0'),(26,1,0,'A10','Płyn do mycia szyb z amoniakiem 32l.\r\n<br /><B>Cena netto za 1 litr:</B> 2 zł 79 gr\r\n<br /><B />Cena brutto:</b> 109 zł 81 gr.','Płyn do mycia szyb z amoniakiem 32l.\r\n<br /><B>Cena netto za 1 litr:</B> 2 zł 79 gr\r\n<br /><B />Cena brutto:</b> 109 zł 81 gr.','resized/_A10__P__yn_do_m_50d6f2f826445_120x120.png','_A10__P__yn_do_m_50d6f2f8304a5.png','Y',0.0000,'kg',0.0000,0.0000,0.0000,'cm','',0,1355184000,'','N',0,NULL,1355256902,1356264184,'[A10] Płyn do mycia szyb z amoniakiem 32l.',0,'','',3,'szt.',0,'N,N,N,N,N,Y,20%,10%,','none,0,0,1','','0,0'),(27,1,0,'A11','Mleczko do czyszczenia 880 g.\r\n<br />z aktywnym wybielaczem\r\n<br /><B />Cena brutto:</b> 5 zł 54 gr.','Mleczko do czyszczenia 880 g.\r\n<br />z aktywnym wybielaczem\r\n\r\n<br /><B />Cena brutto:</b> 5 zł 54 gr.','resized/_A11__Mleczko_do_50d6f344d4686_120x120.png','_A11__Mleczko_do_50d6f344db78f.png','Y',0.0000,'kg',0.0000,0.0000,0.0000,'cm','',0,1355184000,'','N',0,NULL,1355257325,1356264260,'[A11] Mleczko do czyszczenia 880 g.',0,'','',3,'szt.',0,'N,N,N,N,N,Y,20%,10%,','none,0,0,1','','0,0'),(28,1,0,'A12','[A12]  Mleczko do czyszczenia 6 kg.\r\n<br /><B />Cena brutto:</b> 29 zł 52 gr.','[A12]  Mleczko do czyszczenia 6 kg.\r\n<br /><B />Cena brutto:</b> 29 zł 52 gr.','resized/_A12___Mleczko_d_50d6f390e7fcf_120x120.png','_A12___Mleczko_d_50d6f390eed41.png','Y',0.0000,'kg',0.0000,0.0000,0.0000,'cm','',0,1355184000,'','N',0,NULL,1355257522,1356264336,'[A12]  Mleczko do czyszczenia 6 kg.',0,'','',3,'szt.',0,'N,N,N,N,N,Y,20%,10%,','none,0,0,1','','0,0'),(29,1,0,'A13','Pianka do mycia szyb z atomizerem 0.75l\r\n<br />szybko odparowuje\r\n<br /><B />Cena brutto:</b> 6 zł 77 gr.','Pianka do mycia szyb z atomizerem 0.75l\r\n<br />szybko odparowuje\r\n\r\n<br /><B />Cena brutto:</b> 6 zł 77 gr.','resized/_A13__Pianka_do__50d6f3d52ceb7_120x120.png','_A13__Pianka_do__50d6f3d533025.png','Y',0.0000,'kg',0.0000,0.0000,0.0000,'cm','',0,1355875200,'','N',0,NULL,1355920082,1356264405,'[A13] Pianka do mycia szyb z atomizerem 0.75l',0,'','',3,'szt.',0,'N,N,N,N,N,Y,20%,10%,','none,0,0,1','','0,0'),(30,1,0,'A14','Pianka do szyb 5l\r\n<br />szybko odparowuje\r\n<br /><B>Cena brutto:</B> 20 zł 79 gr.','Pianka do szyb 5l\r\n<br />szybko odparowuje\r\n\r\n<br /><B>Cena brutto:</B> 20 zł 79 gr.','resized/_A14__Pianka_do__50d6f4219d061_120x120.png','_A14__Pianka_do__50d6f421a5155.png','Y',0.0000,'kg',0.0000,0.0000,0.0000,'cm','',0,1355875200,'','N',0,NULL,1355922264,1356264481,'[A14] Pianka do mycia szyb 5l',0,'','',3,'szt.',0,'N,N,N,N,N,Y,20%,10%,','none,0,0,1','','0,0'),(31,1,0,'A15','Pianka do mycia szyb 32l.\r\n<br />szybko odparowuje\r\n<br /><B>Cena netto za litr:</B> 3 zł\r\n<br /><B>Cena brutto:</B> 118 zł 8 gr.','Pianka do mycia szyb 32l.\r\n<br />szybko odparowuje\r\n<br /><B>Cena netto za litr:</B> 3 zł\r\n<br /><B>Cena brutto:</B> 118 zł 8 gr.','resized/_A15__Pianka_do__50d6f47901622_120x120.png','_A15__Pianka_do__50d6f4790b25c.png','Y',0.0000,'kg',0.0000,0.0000,0.0000,'cm','',0,1355875200,'','N',0,NULL,1355922545,1356264569,'[A15] Pianka do mycia szyb 32l.',0,'','',3,'szt.',0,'N,N,N,N,N,Y,20%,10%,','none,0,0,1','','0,0'),(32,1,0,'A16','Mleczko do czyszczenia powierzchni kuchennych 880g.\r\n<br /><B>Cena brutto:</B> 4 zł 67 gr.','Mleczko do czyszczenia powierzchni kuchennych 880g.\r\n\r\n<br /><B>Cena brutto:</B> 4 zł 67 gr.','resized/_A16__Mleczko_do_50d6f4c45cbf4_120x120.png','_A16__Mleczko_do_50d6f4c463950.png','Y',0.0000,'kg',0.0000,0.0000,0.0000,'cm','',0,1355875200,'','N',0,NULL,1355922787,1356264644,'[A16] Mleczko do czyszczenia 880g.',0,'','',3,'szt.',0,'N,N,N,N,N,Y,20%,10%,','none,0,0,1','','0,0'),(33,1,0,'A17','Mleczko do czyszczenia powierzchni kuchennych 6kg.\r\n<br /><B />Cena brutto:</b> 24 zł 60 gr.','Mleczko do czyszczenia powierzchni kuchennych 6kg.\r\n<br /><B />Cena brutto:</b> 24 zł 60 gr.','resized/_A17__Mleczko_do_50d6f51045df8_120x120.png','_A17__Mleczko_do_50d6f5104d329.png','Y',0.0000,'kg',0.0000,0.0000,0.0000,'cm','',0,1355875200,'','N',0,NULL,1355923073,1356264720,'[A17] Mleczko do czyszczenia 6kg.',0,'','',3,'szt.',0,'N,N,N,N,N,Y,20%,10%,','none,0,0,1','','0,0'),(34,1,0,'A18','Proszek do czyszczenia i szorowania 0,6kg\r\n<Br />2 zapachy\r\n<br /><B />Cena brutto:</b> 3 zł 57 gr.','Proszek do czyszczenia i szorowania 0,6kg\r\n<Br />2 zapachy\r\n\r\n<br /><B />Cena brutto:</b> 3 zł 57 gr.','resized/_A18__Proszek_do_50d6f56586b46_120x120.png','_A18__Proszek_do_50d6f5658f011.png','Y',0.0000,'kg',0.0000,0.0000,0.0000,'cm','',0,1355875200,'','N',0,NULL,1355923376,1356264805,'[A18] Proszek do czyszczenia i szorowania 0,6kg',0,'','',3,'szt.',0,'N,N,N,N,N,Y,20%,10%,','none,0,0,1','','0,0'),(35,1,0,'A19','Proszek do czyszczenia i szorowania 6kg.\r\n<br />2 zapachy\r\n<br /><B />Cena brutto:</b> 24 zł 48 gr.','Proszek do czyszczenia i szorowania 6kg.\r\n<br />2 zapachy\r\n<br /><B />Cena brutto:</b> 24 zł 48 gr.','resized/_A19__Proszek_do_50d6f5bb243dc_120x120.png','_A19__Proszek_do_50d6f5bb2dfcf.png','Y',0.0000,'kg',0.0000,0.0000,0.0000,'cm','',0,1355875200,'','N',0,NULL,1355923728,1356264891,'[A19] Proszek do czyszczenia i szorowania 6kg.',0,'','',3,'szt.',0,'N,N,N,N,N,Y,20%,10%,','none,0,0,1','','0,0'),(36,1,0,'A20','Żel do czyszczenia łazienek 880g.\r\n<br />usuwa kamień i rdzę\r\n<br /><B />Cena brutto:</b> 5 zł 17 gr.','Żel do czyszczenia łazienek 880g.\r\n<br />usuwa kamień i rdzę\r\n<br /><B />Cena brutto:</b> 5 zł 17 gr.','resized/_A20____el_do_cz_50d6f60dda91f_120x120.png','_A20____el_do_cz_50d6f60de0eaa.png','Y',0.0000,'kg',0.0000,0.0000,0.0000,'cm','',0,1355875200,'','N',0,NULL,1355924152,1356264973,'[A20] Żel do czyszczenia łazienek 880g.',0,'','',3,'szt.',0,'N,N,N,N,N,Y,20%,10%,','none,0,0,1','','0,0'),(37,1,0,'A21','Żel do czyszczenia łazienek 5l.\r\n<br />usuwa kamień i rdzę\r\n<br /><B>Cena brutto:</B> 22 zł 14 gr.','Żel do czyszczenia łazienek 5l.\r\n<br />usuwa kamień i rdzę\r\n<br /><B>Cena brutto:</B> 22 zł 14 gr.','resized/_A21____el_do_cz_50d6f65be0b26_120x120.png','_A21____el_do_cz_50d6f65be9f50.png','Y',0.0000,'kg',0.0000,0.0000,0.0000,'cm','',0,1355875200,'','N',0,NULL,1355925577,1356265051,'[A21] Żel do czyszczenia łazienek 5l.',0,'','',3,'szt.',0,'N,N,N,N,N,Y,20%,10%,','none,0,0,1','','0,0'),(38,1,0,'A22','Płyn do czyszczenia kabin prysznicowych 0,75l.\r\n<br />usuwa kamień i rdzę\r\n<br /><B />Cena brutto:</b> 5 zł 77 gr.','Płyn do czyszczenia kabin prysznicowych 0,75l.\r\n<br />usuwa kamień i rdzę\r\n<br /><B />Cena brutto:</b> 5 zł 77 gr.','resized/_A22__P__yn_do_c_50d6f69ecf482_120x120.png','_A22__P__yn_do_c_50d6f69ed564c.png','Y',0.0000,'kg',0.0000,0.0000,0.0000,'cm','',0,1355875200,'','N',0,NULL,1355926016,1356265118,'[A22] Płyn do czyszczenia kabin prysznicowych 0,75l.',0,'','',3,'szt.',0,'N,N,N,N,N,Y,20%,10%,','none,0,0,1','','0,0'),(39,1,0,'A23','Płyn do czyszczenia kabin prysznicowych 5l.\r\n<br />usuwa kamień i rdzę\r\n<B>Cena brutto:</B> 23 zł 37 gr.','Płyn do czyszczenia kabin prysznicowych 5l.\r\n<br />usuwa kamień i rdzę\r\n<B>Cena brutto:</B> 23 zł 37 gr.','resized/_A23__P__yn_do_c_50d6f6e813e72_120x120.png','_A23__P__yn_do_c_50d6f6e81b76e.png','Y',0.0000,'kg',0.0000,0.0000,0.0000,'cm','',0,1355875200,'','N',0,NULL,1355926354,1356265192,'[A23] Płyn do czyszczenia kabin prysznicowych 5l.',0,'','',3,'szt.',0,'N,N,N,N,N,Y,20%,10%,','none,0,0,1','','0,0'),(40,1,0,'A24','Tłusty bród 0,75l.\r\n<br />zlewy, blaty kuchenne, szafki, ściany, okapy. kuchenki, itp. - PH zasadowe\r\n<br /><B>Cena brutto:</B> 7 zł 26 gr.','Tłusty bród\r\n<br />zlewy, blaty kuchenne, szafki, ściany, okapy. kuchenki, itp. - PH zasadowe\r\n\r\n<br /><B>Cena brutto:</B> 7 zł 26 gr.','resized/_A24__T__usty_br_50d6f7275567d_120x120.png','_A24__T__usty_br_50d6f7275bee4.png','Y',0.0000,'kg',0.0000,0.0000,0.0000,'cm','',0,1355875200,'','N',0,NULL,1355926884,1356265255,'[A24] Tłusty bród 0,75l.',0,'','',3,'szt.',0,'N,N,N,N,N,Y,20%,10%,','none,0,0,1','','0,0'),(41,1,0,'A25','Tłusty bród 5l.\r\n<br />zlewy, blaty kuchenne, szafki, ściany, okapy. kuchenki, itp. - PH zasadowe\r\n<br /><B>Cena brutto:</B> 24 zł 48 gr.','Tłusty bród 5l.\r\n<br />zlewy, blaty kuchenne, szafki, ściany, okapy. kuchenki, itp. - PH zasadowe\r\n<br /><B>Cena brutto:</B> 24 zł 48 gr.','resized/_A25__T__usty_br_50d6f76b16c45_120x120.png','_A25__T__usty_br_50d6f76b1ed2b.png','Y',0.0000,'kg',0.0000,0.0000,0.0000,'cm','',0,1355875200,'','N',0,NULL,1355927290,1356265323,'[A25] Tłusty bród 5l.',0,'','',3,'szt.',0,'N,N,N,N,N,Y,20%,10%,','none,0,0,1','','0,0'),(42,1,0,'A26','Środek do czyszczenia piekarników, grilli, kominków 0,75l.\r\n<br />zasadowy, bardzo mocny\r\n<br /><B>Cena brutto:</B> 15 zł 38 gr.','Środek do czyszczenia piekarników, grilli, kominków 0,75l.\r\n<br />zasadowy, bardzo mocny\r\n<br /><B>Cena brutto:</B> 15 zł 38 gr.','resized/_A26____rodek_do_50d6f7c3cf333_120x120.png','_A26____rodek_do_50d6f7c3d54ed.png','Y',0.0000,'kg',0.0000,0.0000,0.0000,'cm','',0,1355875200,'','N',0,NULL,1355927592,1359194990,'[A26] Środek do czyszczenia piekarników, grilli, kominków 0,75l.',0,'','',3,'szt.',0,'N,N,N,N,N,Y,20%,10%,','none,0,0,1','','0,0'),(43,1,0,'A27','Środek do czyszczenia piekarników, grilli i kominków kanister 6kg.\r\n<br />zasadowy, bardzo mocny\r\n<br /><B />Cena brutto:</b> 73 zł 80 gr.','Środek do czyszczenia piekarników, grilli i kominków kanister 6kg.\r\n<br />zasadowy, bardzo mocny\r\n<br /><B />Cena brutto:</b> 73 zł 80 gr.','resized/_A27____rodek_do_50d6fb80bf4e7_120x120.png','_A27____rodek_do_50d6fb80c8a96.png','Y',0.0000,'kg',0.0000,0.0000,0.0000,'cm','',0,1355875200,'','N',0,NULL,1355928086,1359195020,'[A27] Środek do czyszczenia piekarników, grilli i kominków 6kg b',0,'','',3,'szt.',0,'N,N,N,N,N,Y,20%,10%,','none,0,0,1','','0,0'),(44,1,0,'A29','Płyn myjąco-dezynfekujący 1l. \r\n<br />do kuchni, łazienek i pomieszczeń gospodarczych (odpowiednik DOMESTOSA)\r\n<br /><B>Cena brutto:</B> 5 zł 54 gr.','Płyn myjąco-dezynfekujący 1l. \r\n<br />do kuchni, łazienek i pomieszczeń gospodarczych (odpowiednik DOMESTOSA)\r\n<br /><B>Cena brutto:</B> 5 zł 54 gr.','resized/_A29__P__yn_myj__50d6fc0b143d4_120x120.png','_A29__P__yn_myj__50d6fc0b1c3a0.png','Y',0.0000,'kg',0.0000,0.0000,0.0000,'cm','',0,1355875200,'','N',0,NULL,1355928502,1356266507,'[A29] Płyn myjąco-dezynfekujący 1l.',0,'','',3,'szt.',0,'N,N,N,N,N,Y,20%,10%,','none,0,0,1','','0,0'),(45,1,0,'A28','Płyn myjąco-dezynfekujący 5l.\r\n<br />do kuchni, łazienek i pomieszczeń gospodarczych (odpowiednik DOMESTOSA)\r\n<br /><B>Cena brutto:</B> 19 zł 68 gr.','Płyn myjąco-dezynfekujący 5l.\r\n<br />do kuchni, łazienek i pomieszczeń gospodarczych (odpowiednik DOMESTOSA)\r\n<br /><B>Cena brutto:</B> 19 zł 68 gr.','resized/_A28__P__yn_myj__50d6fbc01a866_120x120.png','_A28__P__yn_myj__50d6fbc022959.png','Y',0.0000,'kg',0.0000,0.0000,0.0000,'cm','',0,1355875200,'','N',0,NULL,1355932582,1356266432,'[A28] Płyn myjąco-dezynfekujący 5l.',0,'','',3,'szt.',0,'N,N,N,N,N,Y,20%,10%,','none,0,0,1','','0,0'),(46,1,0,'A30','Żel do mycia i dezynfekcji WC 5l.\r\n<br />usuwa kamień i rdzę\r\n<br /><B />Cena brutto:</b> 22 zł 14 gr.','Żel do mycia i dezynfekcji WC 5l.\r\n<br />usuwa kamień i rdzę\r\n<br /><B />Cena brutto:</b> 22 zł 14 gr.','resized/_A30____el_do_my_50d6fc5e2c5a1_120x120.png','_A30____el_do_my_50d6fc5e34fe5.png','Y',0.0000,'kg',0.0000,0.0000,0.0000,'cm','',0,1355875200,'','N',0,NULL,1355933593,1356266590,'[A30] Żel do mycia i dezynfekcji WC 5l.',0,'','',3,'szt.',0,'N,N,N,N,N,Y,20%,10%,','none,0,0,1','','0,0'),(47,1,0,'A31','Żel do mycia i dezynfekcji WC 1l.\r\n<br />usuwa kamień i rdzę\r\n<br /><B />Cena brutto:</b> 4 zł 92 gr.','Żel do mycia i dezynfekcji WC 1l.\r\n<br />usuwa kamień i rdzę\r\n<br /><B />Cena brutto:</b> 4 zł 92 gr.','resized/_A31____el_do_my_50d6fc9f526a0_120x120.png','_A31____el_do_my_50d6fc9f58c20.png','Y',0.0000,'kg',0.0000,0.0000,0.0000,'cm','',0,1355875200,'','N',0,NULL,1355933935,1356266655,'[A31] Żel do mycia i dezynfekcji WC 1l.',0,'','',3,'szt.',0,'N,N,N,N,N,Y,20%,10%,','none,0,0,1','','0,0'),(48,1,0,'A32','Granulki do udrażniania i dezynfekcji rur, odpływów 6kg.\r\n<br />(odpowiednik kreta)\r\n<br /><B />Cena brutto:</b> 46 zł 74 gr.','Granulki do udrażniania i dezynfekcji rur, odpływów 6kg.\r\n<br />(odpowiednik kreta)\r\n<br /><B />Cena brutto:</b> 46 zł 74 gr.','resized/_A32__Granulki_d_50eaf6a56bdbe_120x120.png','_A32__Granulki_d_50eaf6a57a44f.png','Y',0.0000,'kg',0.0000,0.0000,0.0000,'cm','',0,1355875200,'','N',0,NULL,1355934492,1357575845,'[A32] Granulki do udrażniania i dezynfekcji rur, odpływów 6kg.',0,'','',3,'szt.',0,'N,N,N,N,N,Y,20%,10%,','none,0,0,1','','0,0'),(49,1,0,'A33','Granulki do udrażniania i dezynfekcji rur, odpływów 1kg.\r\n<br />(odpowiednik kreta)\r\n<br /><B />Cena brutto:</b> 8 zł 49 gr.','Granulki do udrażniania i dezynfekcji rur, odpływów 1kg.\r\n<br />(odpowiednik kreta)\r\n<br /><B />Cena brutto:</b> 8 zł 49 gr.','resized/_A33__Granulki_d_50eaf6ea345cc_120x120.png','_A33__Granulki_d_50eaf6ea3c2f7.png','Y',0.0000,'kg',0.0000,0.0000,0.0000,'cm','',0,1355875200,'','N',0,NULL,1355934616,1357575914,'[A33] Granulki do udrażniania i dezynfekcji rur, odpływów 1kg.',0,'','',3,'szt.',0,'N,N,N,N,N,Y,20%,10%,','none,0,0,1','','0,0'),(50,1,0,'A34','Żel do udrażniania i dezynfekcji rur, odpływów 5l.\r\n<br />(odpowiednik kreta)\r\n<br /><B />Cena brutto:</b> 35 zł 06 gr.','Żel do udrażniania i dezynfekcji rur, odpływów 5l.\r\n<br />(odpowiednik kreta)\r\n<br /><B />Cena brutto:</b> 35 zł 06 gr.','resized/_A34____el_do_ud_5152ce2d68d2f_120x120.png','_A34____el_do_ud_5152ce2d711f5.png','Y',0.0000,'kg',0.0000,0.0000,0.0000,'cm','',0,1356220800,'','N',0,NULL,1356267030,1364381346,'[A34] Żel do udrażniania i dezynfekcji rur, odpływów 5l.',0,'','',3,'szt.',0,'N,N,N,N,N,Y,20%,10%,','none,0,0,1','','0,0'),(51,1,0,'A35','Żel do udrażniania i dezynfekcji rur, odpływów 1l.\r\n<br />(odpowiednik kreta)\r\n<br /><B />Cena brutto:</b> 8 zł 12 gr.','Żel do udrażniania i dezynfekcji rur, odpływów 1l.\r\n<br />(odpowiednik kreta)\r\n<br /><B />Cena brutto:</b> 8 zł 12 gr.','resized/_A35____el_do_ud_5152cecec17d0_120x120.png','_A35____el_do_ud_5152cecec856e.png','Y',0.0000,'kg',0.0000,0.0000,0.0000,'cm','',0,1356220800,'','N',0,NULL,1356267210,1364381390,'[A35] Żel do udrażniania i dezynfekcji rur, odpływów 1l.',0,'','',3,'szt.',0,'N,N,N,N,N,Y,20%,10%,','none,0,0,1','','0,0'),(52,1,0,'A36','Kostka WC 1 szt.\r\n<br />do spłuczki barwiąca wodę, usuwająca kamień i dająca zapach\r\n<br /><B />Cena brutto:</b> 2 zł 21 gr.','Kostka WC 1 szt.\r\n<br />do spłuczki barwiąca wodę, usuwająca kamień i dająca zapach\r\n<br /><B />Cena brutto:</b> 2 zł 21 gr.','resized/_A36__Kostka_WC__50d6ffa2ed549_120x120.png','_A36__Kostka_WC__50d6ffa300456.png','Y',0.0000,'kg',0.0000,0.0000,0.0000,'cm','',0,1356220800,'','N',0,NULL,1356267427,1356267427,'[A36] Kostka WC 1 szt.',0,'','',3,'szt.',0,'N,N,N,N,N,N,20%,10%,','none,0,0,1','','0,0'),(53,1,0,'A37','Kostka sanitarna WC 1 szt.\r\n<br />różne zapachy\r\n<br /><B />Cena brutto:</b> 1 zł 10 gr.','Kostka sanitarna WC 1 szt.\r\n<br />różne zapachy\r\n<br /><B />Cena brutto:</b> 1 zł 10 gr.','resized/_A37__Kostka_san_50d700852e607_120x120.png','_A37__Kostka_san_50d7008534b80.png','Y',0.0000,'kg',0.0000,0.0000,0.0000,'cm','',0,1356220800,'','N',0,NULL,1356267653,1356267653,'[A37] Kostka sanitarna WC 1 szt.',0,'','',3,'szt.',0,'N,N,N,N,N,N,20%,10%,','none,0,0,1','','0,0'),(54,1,0,'A38','Mydło hotelowe 20 g.\r\n<br />migdałowe\r\n<br /><B />Cena brutto:</b> 0 zł 56 gr.','Mydło hotelowe 20 g.\r\n<br />migdałowe\r\n<br /><B />Cena brutto:</b> 0 zł 56 gr.','resized/_A38__Myd__o_hot_50d7016484c93_120x120.png','_A38__Myd__o_hot_50d701648ba11.png','Y',0.0000,'kg',0.0000,0.0000,0.0000,'cm','',0,1356220800,'','N',0,NULL,1356267876,1356267876,'[A38] Mydło hotelowe 20 g.',0,'','',3,'szt.',0,'N,N,N,N,N,N,20%,10%,','none,0,0,1','','0,0'),(55,1,0,'A39','Mydło toaletowe 100 g.\r\n<br />zwykłe\r\n<br /><B>Cena brutto:</B> 1 zł 17 gr.','Mydło toaletowe 100 g.\r\n<br />zwykłe\r\n<br /><B>Cena brutto:</B> 1 zł 17 gr.','resized/_A39__Myd__o_toa_50d70383e2fc4_120x120.png','_A39__Myd__o_toa_50d70383ea4f1.png','Y',0.0000,'kg',0.0000,0.0000,0.0000,'cm','',0,1356220800,'','N',0,NULL,1356268419,1356268419,'[A39] Mydło toaletowe 100 g.',0,'','',3,'szt.',0,'N,N,N,N,N,N,20%,10%,','none,0,0,1','','0,0'),(56,1,0,'A40','Mydło w płynie 5l.\r\n<br />pomarańcza\r\n<br /><B />Cena brutto:</b> 12 zł 29 gr.','Mydło w płynie 5l.\r\n<br />pomarańcza\r\n<br /><B />Cena brutto:</b> 12 zł 29 gr.','resized/_A40__Myd__o_w_p_50d70460d0b7b_120x120.png','_A40__Myd__o_w_p_50d70460d93e8.png','Y',0.0000,'kg',0.0000,0.0000,0.0000,'cm','',0,1356220800,'','N',0,NULL,1356268640,1356268640,'[A40] Mydło w płynie 5l.',0,'','',3,'szt.',0,'N,N,N,N,N,N,20%,10%,','none,0,0,1','','0,0'),(57,1,0,'A41','Mydło antybakteryjne 5l.\r\n<br />bezzapachowe\r\n<br /><B />Cena brutto:</b> 20 zł 91 gr.','Mydło antybakteryjne 5l.\r\n<br />bezzapachowe\r\n<br /><B />Cena brutto:</b> 20 zł 91 gr.','resized/_A41__Myd__o_ant_50d72f00acf23_120x120.png','_A41__Myd__o_ant_50d72f00b5064.png','Y',0.0000,'kg',0.0000,0.0000,0.0000,'cm','',0,1356220800,'','N',0,NULL,1356279552,1356279552,'[A41] Mydło antybakteryjne 5l.',0,'','',3,'szt.',0,'N,N,N,N,N,N,20%,10%,','none,0,0,1','','0,0'),(58,1,0,'A42','Odświeżacze powietrza z atomizerem 750ml\r\n<br />do pomieszczeń\r\n<br />różne zapachy\r\n<br /><B />Cena brutto:</b> 13 zł 41 gr.','Odświeżacze powietrza z atomizerem 750ml\r\n<br />do pomieszczeń\r\n<br />różne zapachy\r\n<br /><B />Cena brutto:</b> 13 zł 41 gr.','resized/_A42__Od__wie__a_50d7308693346_120x120.png','_A42__Od__wie__a_50d7308699cc0.png','Y',0.0000,'kg',0.0000,0.0000,0.0000,'cm','',0,1356220800,'','N',0,NULL,1356279942,1356279942,'[A42] Odświeżacze powietrza 750ml',0,'','',3,'szt.',0,'N,N,N,N,N,N,20%,10%,','none,0,0,1','','0,0'),(59,1,0,'A43','Odświeżacz powietrza 5l.\r\n<br />do pomieszczeń\r\n<br />różne zapachy\r\n<br /><B />Cena brutto:</b> 57 zł 81 gr.','Odświeżacz powietrza 5l.\r\n<br />do pomieszczeń\r\n<br />różne zapachy\r\n<br /><B />Cena brutto:</b> 57 zł 81 gr.','resized/_A43__Od__wie__a_50d7318e0344b_120x120.png','_A43__Od__wie__a_50d7318e0e06f.png','Y',0.0000,'kg',0.0000,0.0000,0.0000,'cm','',0,1356220800,'','N',0,NULL,1356280206,1356280206,'[A43] Odświeżacz powietrza 5l.',0,'','',3,'szt.',0,'N,N,N,N,N,N,20%,10%,','none,0,0,1','','0,0'),(60,1,0,'A44','Odświeżacze powietrza ANTI TABAC z atomizerem 750ml\r\n<br />likwiduje zapach tytoniu\r\n<br /><B />Cena brutto:</b> 22 zł 2 gr.','Odświeżacze powietrza ANTI TABAC z atomizerem 750ml\r\n<br />likwiduje zapach tytoniu\r\n<br /><B />Cena brutto:</b> 22 zł 2 gr.','resized/_A44__Od__wie__a_50d7327ba1bed_120x120.png','_A44__Od__wie__a_50d7327ba79a0.png','Y',0.0000,'kg',0.0000,0.0000,0.0000,'cm','',0,1356220800,'','N',0,NULL,1356280443,1356280443,'[A44] Odświeżacze powietrza ANTI TABAC 750ml',0,'','',3,'szt.',0,'N,N,N,N,N,N,20%,10%,','none,0,0,1','','0,0'),(61,1,0,'A45','Odświeżacze powietrza ANTI TABAC 5l.\r\n<Br />likwiduje zapach tytoniu\r\n<br /><B />Cena brutto:</b> 97 zł 17 gr.','Odświeżacze powietrza ANTI TABAC 5l.\r\n<Br />likwiduje zapach tytoniu\r\n<br /><B />Cena brutto:</b> 97 zł 17 gr.','resized/_A45__Od__wie__a_50d7363884a89_120x120.png','_A45__Od__wie__a_50d736388c7be.png','Y',0.0000,'kg',0.0000,0.0000,0.0000,'cm','',0,1356220800,'','N',0,NULL,1356281400,1356281400,'[A45] Odświeżacze powietrza ANTI TABAC 5l.',0,'','',3,'szt.',0,'N,N,N,N,N,N,20%,10%,','none,0,0,1','','0,0'),(62,1,0,'A46','Odświeżacze powietrza 750ml. z atomizerem\r\n<br />do toalet\r\n<br />likwiduje przykre zapachy\r\n<br />(różne zapachy)\r\n<br /><B />Cena brutto:</b> 18 zł 33 gr.','Odświeżacze powietrza 750ml. z atomizerem\r\n<br />do toalet\r\n<br />likwiduje przykre zapachy\r\n<br />(różne zapachy)\r\n<br /><B />Cena brutto:</b> 18 zł 33 gr.','resized/_A46__Od__wie__a_50d7378b3b584_120x120.png','_A46__Od__wie__a_50d7378b41345.png','Y',0.0000,'kg',0.0000,0.0000,0.0000,'cm','',0,1356220800,'','N',0,NULL,1356281739,1357895917,'[A46] Odświeżacze powietrza do toalet  750ml.',0,'','',3,'szt.',0,'N,N,N,N,N,Y,20%,10%,','none,0,0,1','','0,0'),(63,1,0,'A47','Odświeżacze powietrza 5l.\r\n<br />do toalet\r\n<br />likwiduje przykre zapachy\r\n<br />(różne zapachy)\r\n<br /><B />Cena brutto:</b> 79 zł 95 gr.','Odświeżacze powietrza 5l.\r\n<br />do toalet\r\n<br />likwiduje przykre zapachy\r\n<br />(różne zapachy)\r\n<br /><B />Cena brutto:</b> 79 zł 95 gr.','resized/_A47__Od__wie__a_50d7390a0347c_120x120.png','_A47__Od__wie__a_50d7390a0b94e.png','Y',0.0000,'kg',0.0000,0.0000,0.0000,'cm','',-2,1356220800,'','N',0,NULL,1356282122,1357895931,'[A47] Odświeżacze powietrza do toalet  5l.',2,'','',3,'szt.',0,'N,N,N,N,N,Y,20%,10%,','none,0,0,1','','0,0'),(64,1,0,'A48','Proszek do czyszczenia wykładzin, dywanów, tapicerek 10kg.\r\n<br /><B />Cena brutto:</b> 110 zł 70 gr.','Proszek do czyszczenia wykładzin, dywanów, tapicerek 10kg.\r\n<br /><B />Cena brutto:</b> 110 zł 70 gr.','resized/_A48__Proszek_do_50d73a1ba9bc9_120x120.png','_A48__Proszek_do_50d73a1bb247d.png','Y',0.0000,'kg',0.0000,0.0000,0.0000,'cm','',0,1356220800,'','N',0,NULL,1356282395,1356282395,'[A48] Proszek do czyszczenia wykładzin, dywanów, tapicerek 10kg.',0,'','',3,'szt.',0,'N,N,N,N,N,N,20%,10%,','none,0,0,1','','0,0'),(65,1,0,'A49','Pasta do czyszczenia i szorowania 0.5kg\r\n<Br />super czystość\r\n<br /><B>Cena brutto:</B> 4 zł 6 gr.','Pasta do czyszczenia i szorowania 0.5kg\r\n<Br />super czystość\r\n<br /><B>Cena brutto:</B> 4 zł 6 gr.','resized/_A49__Pasta_do_c_50d73b6b65d79_120x120.png','_A49__Pasta_do_c_50d73b6b6da44.png','Y',0.0000,'kg',0.0000,0.0000,0.0000,'cm','',-1,1356220800,'','N',0,NULL,1356282731,1356282736,'[A49] Pasta do czyszczenia i szorowania 0.5kg',1,'','',3,'szt.',0,'N,N,N,N,N,Y,20%,10%,','none,0,0,1','','0,0'),(66,1,0,'B01','Płyn nabłyszczający do zmywarek 10l.\r\n<br /><B />Cena brutto:</b> 104 zł 55 gr.','Płyn nabłyszczający do zmywarek 10l.\r\n<br /><B />Cena brutto:</b> 104 zł 55 gr.','resized/_B01__P__yn_nab__50d73cae0786a_120x120.png','_B01__P__yn_nab__50d73cae0f1bb.png','Y',0.0000,'kg',0.0000,0.0000,0.0000,'cm','',0,1356220800,'','N',0,NULL,1356283054,1356283054,'[B01] Płyn nabłyszczający do zmywarek 10l.',0,'','',3,'szt.',0,'N,N,N,N,N,N,20%,10%,','none,0,0,1','','0,0'),(67,1,0,'B02','Płyn nabłyszczający do zmywarek 25l.\r\n<Br /><B />Cena brutto:</b> 252 zł 15 gr.','Płyn nabłyszczający do zmywarek 25l.\r\n<Br /><B />Cena brutto:</b> 252 zł 15 gr.','resized/_B02__P__yn_nab__50d73d4f17df2_120x120.png','_B02__P__yn_nab__50d73d4f2163e.png','Y',0.0000,'kg',0.0000,0.0000,0.0000,'cm','',0,1356220800,'','N',0,NULL,1356283215,1356283215,'[B02] Płyn nabłyszczający do zmywarek 25l.',0,'','',3,'szt.',0,'N,N,N,N,N,N,20%,10%,','none,0,0,1','','0,0'),(68,1,0,'B03','Płyn myjący do zmywarek 10kg.\r\n<br /><B />Cena brutto:</b> 104 zł 55 gr.','Płyn myjący do zmywarek 10kg.\r\n<br /><B />Cena brutto:</b> 104 zł 55 gr.','resized/_B02__P__yn_myj__50d73de8111e9_120x120.png','_B02__P__yn_myj__50d73de818aef.png','Y',0.0000,'kg',0.0000,0.0000,0.0000,'cm','',0,1356220800,'','N',0,NULL,1356283368,1356283379,'[B03] Płyn myjący do zmywarek 10kg.',0,'','',3,'szt.',0,'N,N,N,N,N,Y,20%,10%,','none,0,0,1','','0,0'),(69,1,0,'B04','Płyn myjący do zmywarek 25kg.\r\n<br /><B>Cena brutto:</B> 233 zł 70 gr.','Płyn myjący do zmywarek 25kg.\r\n<br /><B>Cena brutto:</B> 233 zł 70 gr.','resized/_B04__P__yn_myj__50d73e9b97548_120x120.png','_B04__P__yn_myj__50d73e9b9dea6.png','Y',0.0000,'kg',0.0000,0.0000,0.0000,'cm','',0,1356220800,'','N',0,NULL,1356283547,1356283547,'[B04] Płyn myjący do zmywarek 25kg.',0,'','',3,'szt.',0,'N,N,N,N,N,N,20%,10%,','none,0,0,1','','0,0'),(70,1,0,'B05','Proszek do mycia naczyń w zmywarkach 10kg.\r\n<br /><B />Cena brutto:</b> 98 zł 40 gr.','Proszek do mycia naczyń w zmywarkach 10kg.\r\n<br /><B />Cena brutto:</b> 98 zł 40 gr.','resized/_B05__Proszek_do_50d73fd14956e_120x120.png','_B05__Proszek_do_50d73fd1525f4.png','Y',0.0000,'kg',0.0000,0.0000,0.0000,'cm','',0,1356220800,'','N',0,NULL,1356283857,1356283857,'[B05] Proszek do mycia naczyń w zmywarkach 10kg.',0,'','',3,'szt.',0,'N,N,N,N,N,N,20%,10%,','none,0,0,1','','0,0'),(71,1,0,'C01','Zmywaki z gąbki MAXI 5szt.\r\n<br /><B>Cena brutto:</B> 2 zł 15 gr.','Zmywaki z gąbki MAXI 5szt.\r\n<br /><B>Cena brutto:</B> 2 zł 15 gr.','resized/_C01__Zmywaki_z__50d740a175fe3_120x120.png','_C01__Zmywaki_z__50d740a17e0fb.png','Y',0.0000,'kg',0.0000,0.0000,0.0000,'cm','',-4,1356220800,'','N',0,NULL,1356284065,1356284065,'[C01] Zmywaki z gąbki MAXI 5szt.',4,'','',3,'szt.',0,'N,N,N,N,N,N,20%,10%,','none,0,0,1','','0,0'),(72,1,0,'C02','Zmywaki z gąbki MAXI 5 szt.\r\n<br /><B />Cena brutto:</b> 2 zł 40 gr.','Zmywaki z gąbki MAXI 5 szt.\r\n<br /><B />Cena brutto:</b> 2 zł 40 gr.','resized/_C02__Zmywaki_z__50d7422c21d0b_120x120.png','_C02__Zmywaki_z__50d7422c299da.png','Y',0.0000,'kg',0.0000,0.0000,0.0000,'cm','',0,1356220800,'','N',0,NULL,1356284460,1356284460,'[C02] Zmywaki z gąbki MAXI 5 szt.',0,'','',3,'szt.',0,'N,N,N,N,N,N,20%,10%,','none,0,0,1','','0,0'),(73,1,0,'C03','Ściereczki gąbczaste 3 szt.\r\n<br /><B />Cena brutto:</b> 2 zł 34 gr.','Ściereczki gąbczaste 3 szt.\r\n<br /><B />Cena brutto:</b> 2 zł 34 gr.','resized/_C03____ciereczk_50d742ea6b4d9_120x120.png','_C03____ciereczk_50d742ea7b2e1.png','Y',0.0000,'kg',0.0000,0.0000,0.0000,'cm','',0,1356220800,'','N',0,NULL,1356284650,1356284650,'[C03] Ściereczki gąbczaste 3 szt.',0,'','',3,'szt.',0,'N,N,N,N,N,N,20%,10%,','none,0,0,1','','0,0'),(74,1,0,'C04','Druciak metalowy kuchenny 3 szt.\r\n<br /><B />Cena brutto:</b> 2 zł 28 gr.','Druciak metalowy kuchenny 3 szt.\r\n<br /><B />Cena brutto:</b> 2 zł 28 gr.','resized/_C04__Druciak_me_50d743ade3dee_120x120.png','_C04__Druciak_me_50d743adeab4b.png','Y',0.0000,'kg',0.0000,0.0000,0.0000,'cm','',0,1356220800,'','N',0,NULL,1356284845,1356284845,'[C04] Druciak metalowy kuchenny 3 szt.',0,'','',3,'szt.',0,'N,N,N,N,N,N,20%,10%,','none,0,0,1','','0,0'),(75,1,0,'C05','Mop do podłóg 1 szt.\r\n<br />średni, bawełniany\r\n<Br /><B />Cena brutto:</b> 4 zł 43 gr.','Mop do podłóg 1 szt.\r\n<br />średni, bawełniany\r\n<Br /><B />Cena brutto:</b> 4 zł 43 gr.','resized/_C05__Mop_do_pod_50d744947850b_120x120.png','_C05__Mop_do_pod_50d744947f267.png','Y',0.0000,'kg',0.0000,0.0000,0.0000,'cm','',0,1356220800,'','N',0,NULL,1356285076,1356285076,'[C05] Mop do podłóg 1 szt.',0,'','',3,'szt.',0,'N,N,N,N,N,N,20%,10%,','none,0,0,1','','0,0'),(76,1,0,'C06','Mop do podłóg 1 szt. XXL\r\n<br />bawełniany\r\n<Br /><B />Cena brutto:</b> 5 zł 28 gr.','Mop do podłóg 1 szt. XXL\r\n<br />bawełniany\r\n<Br /><B />Cena brutto:</b> 5 zł 28 gr.','resized/_C06__Mop_do_pod_50d7485d4f54a_120x120.png','_C06__Mop_do_pod_50d7485d562d5.png','Y',0.0000,'kg',0.0000,0.0000,0.0000,'cm','',0,1356220800,'','N',0,NULL,1356286045,1356286045,'[C06] Mop do podłóg 1 szt.',0,'','',3,'szt.',0,'N,N,N,N,N,N,20%,10%,','none,0,0,1','','0,0'),(77,1,0,'C07','Mop płaski \r\n<Br />bawełniany\r\n<br /><B>Cena brutto:</B> 9 zł 83 gr.','Mop płaski \r\n<Br />bawełniany\r\n<br /><B>Cena brutto:</B> 9 zł 83 gr.','resized/_C07__Mop_p__ask_50d74964d20db_120x120.png','_C07__Mop_p__ask_50d74964d8a63.png','Y',0.0000,'kg',0.0000,0.0000,0.0000,'cm','',0,1356220800,'','N',0,NULL,1356286308,1356286308,'[C07] Mop płaski',0,'','',3,'szt.',0,'N,N,N,N,N,N,20%,10%,','none,0,0,1','','0,0'),(78,1,0,'C08','Ścierki do podłogi szare 10 szt\r\n<Br /><B />Cena netto 1 szt.:</b> 1 zł 10 gr.\r\n<br /><B />Cena brutto:</b> 13 zł 53 gr.','Ścierki do podłogi szare 10 szt\r\n<Br /><B />Cena netto 1 szt.:</b> 1 zł 10 gr.\r\n<br /><B />Cena brutto:</b> 13 zł 53 gr.','resized/_C08____cierki_d_50d74a6b09f97_120x120.png','_C08____cierki_d_50d74a6b10140.png','Y',0.0000,'kg',0.0000,0.0000,0.0000,'cm','',0,1356220800,'','N',0,NULL,1356286571,1356286571,'[C08] Ścierki do podłogi szare 10 szt.',0,'','',3,'szt.',0,'N,N,N,N,N,N,20%,10%,','none,0,0,1','','0,0'),(79,1,0,'C09','Ścierki do podłogi białe 10 szt.\r\n<br />przeszywane, 70 x 60 cm\r\n<br /><B />Cenna netto 1 szt.:</b> 1 zł 66 gr.\r\n<br /><B />Cena brutto:</b> 20 zł 42 gr.','Ścierki do podłogi białe 10 szt.\r\n<br />przeszywane, 70 x 60 cm\r\n<br /><B />Cenna netto 1 szt.:</b> 1 zł 66 gr.\r\n<br /><B />Cena brutto:</b> 20 zł 42 gr.','resized/_C09____cierki_d_50ef03271d23d_120x120.png','_C09____cierki_d_50ef032724fa3.png','Y',0.0000,'kg',0.0000,0.0000,0.0000,'cm','',0,1356220800,'','N',0,NULL,1356286760,1357841191,'[C09] Ścierki do podłogi białe 10 szt.',0,'','',3,'szt.',0,'N,N,N,N,N,Y,20%,10%,','none,0,0,1','','0,0'),(80,1,0,'C10','Ścierki do podłogi z tetry 10 szt.\r\n<Br />obszywane 80 x 60 cm\r\n<br /><B />Cena netto 1 szt.:</b> 1 zł 99 gr.\r\n<br /><B />Cena brutto:</b> 24 zł 48 gr.','Ścierki do podłogi z tetry 10 szt.\r\n<Br />obszywane 80 x 60 cm\r\n<br /><B />Cena netto 1 szt.:</b> 1 zł 99 gr.\r\n<br /><B />Cena brutto:</b> 24 zł 48 gr.','resized/_C10____cierki_d_50ef03764eb9f_120x120.png','_C10____cierki_d_50ef037655ce0.png','Y',0.0000,'kg',0.0000,0.0000,0.0000,'cm','',0,1356220800,'','N',0,NULL,1356286967,1357841270,'[C10] Ścierki do podłogi z tetry 10 szt.',0,'','',3,'szt.',0,'N,N,N,N,N,Y,20%,10%,','none,0,0,1','','0,0'),(81,1,0,'C11','Rękawice gospodarcze 3 szt.\r\n<br />rozmiar M\r\n<br /><B />Cena netto 1 szt.:</b> 1 zł 20 gr.\r\n<br /><B />Cena brutto:</b> 4 zł 43 gr.','Rękawice gospodarcze 3 szt.\r\n<br />rozmiar M\r\n<br /><B />Cena netto 1 szt.:</b> 1 zł 20 gr.\r\n<br /><B />Cena brutto:</b> 4 zł 43 gr.','resized/_C11__R__kawice__50eefeb244dd0_120x120.png','_C11__R__kawice__50eefeb24bf2a.png','Y',0.0000,'kg',0.0000,0.0000,0.0000,'cm','',0,1356220800,'','N',0,NULL,1356287185,1357840050,'[C11] Rękawice gospodarcze 3 szt.',0,'','',3,'szt.',0,'N,N,N,N,N,Y,20%,10%,','none,0,0,1','','0,0'),(82,1,0,'C12','Rękawice gospodarcze 3 szt.\r\n<br />rozmiar L\r\n<br /><B />Cena netto 1szt.:</b> 1 zł 20 gr.\r\n<br /><B />Cena brutto:</b> 4 zł 43 gr.','Rękawice gospodarcze 3 szt.\r\n<br />rozmiar L\r\n<br /><B />Cena netto 1szt.:</b> 1 zł 20 gr.\r\n<br /><B />Cena brutto:</b> 4 zł 43 gr.','resized/_C12__R__kawice__50eefeda33e9d_120x120.png','_C12__R__kawice__50eefeda3aff0.png','Y',0.0000,'kg',0.0000,0.0000,0.0000,'cm','',0,1356220800,'','N',0,NULL,1356287304,1357840090,'[C12] Rękawice gospodarcze 3 szt.',0,'','',3,'szt.',0,'N,N,N,N,N,Y,20%,10%,','none,0,0,1','','0,0'),(83,1,0,'C13','Rękawice lateksowe 100 szt.\r\n<br />rozmiar M\r\n<br /><B />Cena brutto:</b> 22 zł 2 gr.','Rękawice lateksowe 100 szt.\r\n<br />rozmiar M\r\n<br /><B />Cena brutto:</b> 22 zł 2 gr.','resized/_C13__R__kawice__50d74ddee0369_120x120.png','_C13__R__kawice__50d74ddee8c46.png','Y',0.0000,'kg',0.0000,0.0000,0.0000,'cm','',0,1356220800,'','N',0,NULL,1356287454,1356287454,'[C13] Rękawice lateksowe 100 szt.',0,'','',3,'szt.',0,'N,N,N,N,N,N,20%,10%,','none,0,0,1','','0,0'),(84,1,0,'C14','Rękawice lateksowe 100 szt.\r\n<Br />rozmiar L\r\n<br /><B>Cena brutto:</B> 22 zł 2 gr.','Rękawice lateksowe 100 szt.\r\n<Br />rozmiar L\r\n<br /><B>Cena brutto:</B> 22 zł 2 gr.','resized/_C14__R__kawice__50d74e1aae395_120x120.png','_C14__R__kawice__50d74e1ab686e.png','Y',0.0000,'kg',0.0000,0.0000,0.0000,'cm','',0,1356220800,'','N',0,NULL,1356287514,1356287514,'[C14] Rękawice lateksowe 100 szt.',0,'','',3,'szt.',0,'N,N,N,N,N,N,20%,10%,','none,0,0,1','','0,0'),(85,1,0,'W01','Worki HD - cienkie 50 szt./ 35l.\r\n<Br /><B />Cena brutto:</b> 2 zł 34 gr.','Worki HD - cienkie 50 szt./ 35l.\r\n<Br /><B />Cena brutto:</b> 2 zł 34 gr.','resized/_W01__Worki_HD___50d76cd527ee6_120x120.png','_W01__Worki_HD___50d76cd52d8cb.png','Y',0.0000,'kg',0.0000,0.0000,0.0000,'cm','',0,1356220800,'','N',0,NULL,1356295381,1356296081,'[W01] Worki HD - cienkie 50 szt./35l.',0,'','',3,'szt.',0,'N,N,N,N,N,Y,20%,10%,','none,0,0,1','','0,0'),(86,1,0,'W02','Worki HD - cienkie 50 szt. / 60l.\r\n<br /><B />Cena brutto:</b> 4 zł 18 gr.','Worki HD - cienkie 50 szt. / 60l.\r\n<br /><B />Cena brutto:</b> 4 zł 18 gr.','resized/_W02__Worki_HD___50d76d4445f74_120x120.png','_W02__Worki_HD___50d76d444bd2f.png','Y',0.0000,'kg',0.0000,0.0000,0.0000,'cm','',0,1356220800,'','N',0,NULL,1356295492,1356296094,'[W02] Worki HD - cienkie 50 szt./60l.',0,'','',3,'szt.',0,'N,N,N,N,N,Y,20%,10%,','none,0,0,1','','0,0'),(87,1,0,'W04','Worki LD - grube 10 szt./60l.\r\n<Br /><B />Cena brutto:</b> 2 zł 21 gr.','Worki LD - grube 10 szt./60l.\r\n<Br /><B />Cena brutto:</b> 2 zł 21 gr.','resized/_W04__Worki_LD___50d76defb1ebb_120x120.png','_W04__Worki_LD___50d76defb7c73.png','Y',0.0000,'kg',0.0000,0.0000,0.0000,'cm','',0,1356220800,'','N',0,NULL,1356295663,1356296108,'[W04] Worki LD - grube 10 szt./60l.',0,'','',3,'szt.',0,'N,N,N,N,N,Y,20%,10%,','none,0,0,1','','0,0'),(88,1,0,'W05','Worki LD - grube 10 szt./120 l.\r\n<br /><B />Cena brutto:</b> 3 zł 81 gr.','Worki LD - grube 10 szt./120 l.\r\n<br /><B />Cena brutto:</b> 3 zł 81 gr.','resized/_W05__Worki_LD___50d76e52b5c5c_120x120.png','_W05__Worki_LD___50d76e52bba1a.png','Y',0.0000,'kg',0.0000,0.0000,0.0000,'cm','',0,1356220800,'','N',0,NULL,1356295762,1356296118,'[W05] Worki LD - grube 10 szt./120l.',0,'','',3,'szt.',0,'N,N,N,N,N,Y,20%,10%,','none,0,0,1','','0,0'),(89,1,0,'W06','Worki LD - grube 10 szt./160l.\r\n<br /><B />Cena brutto:</b> 5 zł 78 gr.','Worki LD - grube 10 szt./160l.\r\n<br /><B />Cena brutto:</b> 5 zł 78 gr.','resized/_W06__Worki_LD___50d76eb07e262_120x120.png','_W06__Worki_LD___50d76eb08402a.png','Y',0.0000,'kg',0.0000,0.0000,0.0000,'cm','',0,1356220800,'','N',0,NULL,1356295856,1356296129,'[W06] Worki LD - grube 10 szt./160l.',0,'','',3,'szt.',0,'N,N,N,N,N,Y,20%,10%,','none,0,0,1','','0,0'),(90,1,0,'W07','Worki LD - grube 10 szt./240l.\r\n<br /><B />Cena brutto:</b> 11 zł 81 gr.','Worki LD - grube 10 szt./240l.\r\n<br /><B />Cena brutto:</b> 11 zł 81 gr.','resized/_W07__Worki_LD___50d76f1329204_120x120.png','_W07__Worki_LD___50d76f1330f02.png','Y',0.0000,'kg',0.0000,0.0000,0.0000,'cm','',0,1356220800,'','N',0,NULL,1356295955,1356296140,'[W07] Worki LD - grube 10 szt./240l.',0,'','',3,'szt.',0,'N,N,N,N,N,Y,20%,10%,','none,0,0,1','','0,0'),(91,1,0,'W08','Worki LD - grube 10 szt./300l.\r\n<br /><B />Cena brutto:</b> 15 zł 99 gr.','Worki LD - grube 10 szt./300l.\r\n<br /><B />Cena brutto:</b> 15 zł 99 gr.','resized/_W08__Worki_LD___50d76f6d2fbf1_120x120.png','_W08__Worki_LD___50d76f6d3cfc4.png','Y',0.0000,'kg',0.0000,0.0000,0.0000,'cm','',0,1356220800,'','N',0,NULL,1356296045,1356296045,'[W08] Worki LD - grube 10 szt./300l.',0,'','',3,'szt.',0,'N,N,N,N,N,N,20%,10%,','none,0,0,1','','0,0'),(92,1,0,'W10','Worki LD - grube kolor 10 szt./60l.\r\n<Br /><B />Cena brutto:</b> 2 zł 40 gr.','Worki LD - grube kolor 10 szt./60l.\r\n<Br /><B />Cena brutto:</b> 2 zł 40 gr.','resized/_W10__Worki_LD___50d770d1535d6_120x120.png','_W10__Worki_LD___50d770d15aaeb.png','Y',0.0000,'kg',0.0000,0.0000,0.0000,'cm','',0,1356220800,'','N',0,NULL,1356296401,1356296401,'[W10] Worki LD - grube kolor 10 szt./60l.',0,'','',3,'szt.',0,'N,N,N,N,N,N,20%,10%,','none,0,0,1','','0,0'),(93,1,0,'W11','Worki LD kolor - grube 10 szt./120l.\r\n<Br /><B>Cena brutto:</B> 4 zł 17 gr.','Worki LD - grube 10 szt./120l.\r\n<Br /><B>Cena brutto:</B> 4 zł 17 gr.','resized/_W11__Worki_LD___50d7715b9cece_120x120.png','_W11__Worki_LD___50d7715ba347f.png','Y',0.0000,'kg',0.0000,0.0000,0.0000,'cm','',0,1356220800,'','N',0,NULL,1356296539,1356297029,'[W11] Worki LD kolor - grube 10 szt./120l.',0,'','',3,'szt.',0,'N,N,N,N,N,Y,20%,10%,','none,0,0,1','','0,0'),(94,1,0,'W12','Worki LD - grube kolor 10 szt./160l.\r\n<Br /><B />Cena brutto:</b> 6 zł 40 gr.','Worki LD - grube kolor 10 szt./160l.\r\n<Br /><B />Cena brutto:</b> 6 zł 40 gr.','resized/_W12__Worki_LD___50d771dd5614d_120x120.png','_W12__Worki_LD___50d771dd5cad7.png','Y',0.0000,'kg',0.0000,0.0000,0.0000,'cm','',0,1356220800,'','N',0,NULL,1356296669,1356296669,'[W12] Worki LD - grube kolor 10 szt./160l.',0,'','',3,'szt.',0,'N,N,N,N,N,N,20%,10%,','none,0,0,1','','0,0'),(95,1,0,'W13','Worki LD kolor - grube 10 szt./240l.\r\n<br /><B />Cena brutto:</b> 13 zł 04 gr.','Worki LD kolor - grube 10 szt./240l.\r\n<br /><B />Cena brutto:</b> 13 zł 04 gr.','resized/_W13__Worki_LD_k_50d772b48f174_120x120.png','_W13__Worki_LD_k_50d772b495717.png','Y',0.0000,'kg',0.0000,0.0000,0.0000,'cm','',0,1356220800,'','N',0,NULL,1356296884,1356296884,'[W13] Worki LD kolor - grube 10 szt./240l.',0,'','',3,'szt.',0,'N,N,N,N,N,N,20%,10%,','none,0,0,1','','0,0'),(96,1,0,'W14','Worki LD kolor - grube 10szt./300l.\r\n<Br /><B />Cena brutto:</b> 18 zł 8 gr.','Worki LD kolor - grube 10szt./300l.\r\n<Br /><B />Cena brutto:</b> 18 zł 8 gr.','resized/_W14__Worki_LD_k_50d7732a1a09d_120x120.png','_W14__Worki_LD_k_50d7732a20623.png','Y',0.0000,'kg',0.0000,0.0000,0.0000,'cm','',0,1356220800,'','N',0,NULL,1356297002,1356297002,'[W14] Worki LD kolor - grube 10szt./300l.',0,'','',3,'szt.',0,'N,N,N,N,N,N,20%,10%,','none,0,0,1','','0,0'),(97,1,0,'P01','Papier toaletowy VELVET 40 szt.\r\n<Br />celulozowy\r\n<br />biały, 2-warstwowy\r\n<br /><B />Cena brutto:</b> 41 zł 21 gr.','Papier toaletowy VELVET 40 szt.\r\n<Br />celulozowy\r\n<br />biały, 2-warstwowy\r\n<br /><B />Cena brutto:</b> 41 zł 21 gr.','resized/_P01__Papier_toa_50d7757914e02_120x120.png','_P01__Papier_toa_50d775791fcbe.png','Y',0.0000,'kg',0.0000,0.0000,0.0000,'cm','',-3,1356220800,'','N',0,NULL,1356297593,1356297593,'[P01] Papier toaletowy VELVET 40 szt.',3,'','',3,'szt.',0,'N,N,N,N,N,N,20%,10%,','none,0,0,1','','0,0'),(98,1,0,'P02','Papier toaletowy VELVET zapachowy 40 szt.\r\n<Br />celulozowy\r\n<br />różne kolory\r\n<br /><B />Cena brutto:</b> 45 zł 39 gr.','Papier toaletowy VELVET zapachowy 40 szt.\r\n<Br />celulozowy\r\n<br />różne kolory\r\n<br /><B />Cena brutto:</b> 45 zł 39 gr.','resized/_P02__Papier_toa_50d7761e42331_120x120.png','_P02__Papier_toa_50d7761e4c390.png','Y',0.0000,'kg',0.0000,0.0000,0.0000,'cm','',-11,1356220800,'','N',0,NULL,1356297758,1356297758,'[P02] Papier toaletowy VELVET zapachowy 40 szt.',11,'','',3,'szt.',0,'N,N,N,N,N,N,20%,10%,','none,0,0,1','','0,0'),(99,1,0,'P03','Papier toaletowy 64 szt.\r\n<br />mała rolka\r\n<br />szary, 1-warstwowy\r\n<br /><B />Cena netto 1 szt.:</b> 0 zł 26 gr.\r\n<br /><B />Cena brutto:</b> 21 zł 36 gr.','Papier toaletowy 64 szt.\r\n<br />mała rolka\r\n<br />szary, 1-warstwowy\r\n<br /><B />Cena netto 1 szt.:</b> 0 zł 26 gr.\r\n<br /><B />Cena brutto:</b> 21 zł 36 gr.','resized/_P03__Papier_toa_50d7771551f40_120x120.png','_P03__Papier_toa_50d7771558c91.png','Y',0.0000,'kg',0.0000,0.0000,0.0000,'cm','',0,1356220800,'','N',0,NULL,1356298005,1356298005,'[P03] Papier toaletowy 64 szt.',0,'','',3,'szt.',0,'N,N,N,N,N,N,20%,10%,','none,0,0,1','','0,0'),(100,1,0,'P04','Papier toaletowy celulozowy 64 szt.\r\n<br />mała rolka\r\n<br />2-warstwowy\r\n<br /><B />Cena netto 1 szt.:</b> 0 zł 59 gr.\r\n<Br /><B />Cena brutto:</b> 46 zł 74 gr.','Papier toaletowy celulozowy 64 szt.\r\n<br />mała rolka\r\n<br />2-warstwowy\r\n<br /><B />Cena netto 1 szt.:</b> 0 zł 59 gr.\r\n<Br /><B />Cena brutto:</b> 46 zł 74 gr.','resized/_P04__Papier_toa_50d778db6619b_120x120.png','_P04__Papier_toa_50d778db6de90.png','Y',0.0000,'kg',0.0000,0.0000,0.0000,'cm','',0,1356220800,'','N',0,NULL,1356298459,1356298459,'[P04] Papier toaletowy celulozowy 64 szt.',0,'','',3,'szt.',0,'N,N,N,N,N,N,20%,10%,','none,0,0,1','','0,0'),(101,1,0,'P05','Papier toaletowy 64 szt.\r\n<br />mała rolka\r\n<br />zapachowy, wzorzysty\r\n<br /><B>Cena netto 1 szt.:</B> 0 zł 67 gr.\r\n<br /><B />Cena brutto:</b> 52 zł 89 gr.','Papier toaletowy 64 szt.\r\n<br />mała rolka\r\n<br />zapachowy, wzorzysty\r\n<br /><B>Cena netto 1 szt.:</B> 0 zł 67 gr.\r\n<br /><B />Cena brutto:</b> 52 zł 89 gr.','resized/_P05__Papier_toa_50d77a06d0914_120x120.png','_P05__Papier_toa_50d77a06d7a5a.png','Y',0.0000,'kg',0.0000,0.0000,0.0000,'cm','',0,1356220800,'','N',0,NULL,1356298758,1356298758,'[P05] Papier toaletowy 64 szt.',0,'','',3,'szt.',0,'N,N,N,N,N,N,20%,10%,','none,0,0,1','','0,0'),(102,1,0,'P07','Papier toaletowy 12 szt.\r\n<br />jumbo, szary\r\n<br />1-warstwowy\r\n<br /><B>Cena netto za 1 szt.:</B> 1 zł 58 gr.\r\n<br /><B />Cena brutto:</b> 23 zł 25 gr.','Papier toaletowy 12 szt.\r\n<br />jumbo, szary\r\n<br />1-warstwowy\r\n<br /><B>Cena netto za 1 szt.:</B> 1 zł 58 gr.\r\n<br /><B />Cena brutto:</b> 23 zł 25 gr.','resized/_P07__Papier_toa_50d77b4b668b8_120x120.png','_P07__Papier_toa_50d77b4b73b8d.png','Y',0.0000,'kg',0.0000,0.0000,0.0000,'cm','',0,1356220800,'','N',0,NULL,1356299083,1356299083,'[P07] Papier toaletowy 12 szt.',0,'','',3,'szt.',0,'N,N,N,N,N,N,20%,10%,','none,0,0,1','','0,0'),(103,1,0,'P08','Papier toaletowy 12 szt.\r\n<br />jumbo, biały\r\n<br />2-warstwowy\r\n<br /><B>Cena netto za 1 szt.:</b> 2 zł 80 gr.\r\n<br /><B>Cena brutto:</B> 41 zł 33 gr.','Papier toaletowy 12 szt.\r\n<br />jumbo, biały\r\n<br />2-warstwowy\r\n<br /><B>Cena netto za 1 szt.:</b> 2 zł 80 gr.\r\n<br /><B>Cena brutto:</B> 41 zł 33 gr.','resized/_P08__Papier_toa_50d77bfacf05e_120x120.png','_P08__Papier_toa_50d77bfad658d.png','Y',0.0000,'kg',0.0000,0.0000,0.0000,'cm','',0,1356220800,'','N',0,NULL,1356299258,1356299258,'[P08] Papier toaletowy 12 szt.',0,'','',3,'szt.',0,'N,N,N,N,N,N,20%,10%,','none,0,0,1','','0,0'),(104,1,0,'P09','Papier toaletowy 12 szt.\r\n<br />jumbo, biały, celulozowy\r\n<br />2-warstwowy\r\n<Br /><B>Cena netto 1 szt.:</B> 3 zł 33 gr.\r\n<br /><B />Cena brutto:</b> 49 zł 8 gr.','Papier toaletowy 12 szt.\r\n<br />jumbo, biały, celulozowy\r\n<br />2-warstwowy\r\n<Br /><B>Cena netto 1 szt.:</B> 3 zł 33 gr.\r\n<br /><B />Cena brutto:</b> 49 zł 8 gr.','resized/_P09__Papier_toa_50d77c898eeff_120x120.png','_P09__Papier_toa_50d77c8996618.png','Y',0.0000,'kg',0.0000,0.0000,0.0000,'cm','',0,1356220800,'','N',0,NULL,1356299401,1356299401,'[P09] Papier toaletowy 12 szt.',0,'','',3,'szt.',0,'N,N,N,N,N,N,20%,10%,','none,0,0,1','','0,0'),(105,1,0,'P10','Serwetki gastronomiczne 500 szt.\r\n<br />białe, gładkie 15x15 cm\r\n<br /><B />Cena brutto:</b> 2 zł 33 gr.','Serwetki gastronomiczne 500 szt.\r\n<br />białe, gładkie 15x15 cm\r\n<br /><B />Cena brutto:</b> 2 zł 33 gr.','resized/_P10__Serwetki_g_50db0c718c3ca_120x120.png','_P10__Serwetki_g_50db0c719411b.png','Y',0.0000,'kg',0.0000,0.0000,0.0000,'cm','',0,1356480000,'','N',0,NULL,1356532849,1356532849,'[P10] Serwetki gastronomiczne 500 szt.',0,'','',3,'szt.',0,'N,N,N,N,N,N,20%,10%,','none,0,0,1','','0,0'),(106,1,0,'P12','Serwetki gastronomiczne 400 szt.\r\n<br />białe, celulozowe 33x33 cm\r\n<br /><B>cena brutto:</B> 10 zł 58 gr.','Serwetki gastronomiczne 400 szt.\r\n<br />białe, celulozowe 33x33 cm\r\n<br /><B>cena brutto:</B> 10 zł 58 gr.','resized/_P12__Serwetki_g_50db0e91383db_120x120.png','_P12__Serwetki_g_50db0e913fce0.png','Y',0.0000,'kg',0.0000,0.0000,0.0000,'cm','',0,1356480000,'','N',0,NULL,1356533393,1356533393,'[P12] Serwetki gastronomiczne 400 szt.',0,'','',3,'szt.',0,'N,N,N,N,N,N,20%,10%,','none,0,0,1','','0,0'),(107,1,0,'P14','Ręczniki kuchenne 48 rolek\r\n<br />24 zgrzewki po 2 rolki\r\n<br /><B>Cena netto 1 szt.:</b> 2 zł 10 gr.\r\n<br /><B>Cena brutto:</B> 61 zł 99 gr.','Ręczniki kuchenne 48 rolek\r\n<br />24 zgrzewki po 2 rolki\r\n<br /><B>Cena netto 1 szt.:</b> 2 zł 10 gr.\r\n<br /><B>Cena brutto:</B> 61 zł 99 gr.','resized/_P14__R__czniki__50db103cd8aa0_120x120.png','_P14__R__czniki__50db103ce0b79.png','Y',0.0000,'kg',0.0000,0.0000,0.0000,'cm','',0,1356480000,'','N',0,NULL,1356533820,1356533820,'[P14] Ręczniki kuchenne 48 rolek',0,'','',3,'szt.',0,'N,N,N,N,N,N,20%,10%,','none,0,0,1','','0,0'),(108,1,0,'P15','Ręcznik składany ZZ biały 4000 szt.\r\n<br />celuloza\r\n<br /><B />Cena brutto:</b> 65 zł 19 gr.','Ręcznik składany ZZ biały 4000 szt.\r\n<br />celuloza\r\n<br /><B />Cena brutto:</b> 65 zł 19 gr.','resized/_P15__R__cznik_s_50db116b729e0_120x120.png','_P15__R__cznik_s_50db116b79b34.png','Y',0.0000,'kg',0.0000,0.0000,0.0000,'cm','',0,1356480000,'','N',0,NULL,1356534123,1356534123,'[P15] Ręcznik składany ZZ biały 4000 szt.',0,'','',3,'szt.',0,'N,N,N,N,N,N,20%,10%,','none,0,0,1','','0,0'),(109,1,0,'P16','Ręcznik składany ZZ zielony 4000 szt.\r\n<br /><B />Cena brutto:</b> 36 zł 29 gr.','Ręcznik składany ZZ zielony 4000 szt.\r\n<br /><B />Cena brutto:</b> 36 zł 29 gr.','resized/_P16__R__cznik_s_50db12534d9ae_120x120.png','_P16__R__cznik_s_50db1253552ca.png','Y',0.0000,'kg',0.0000,0.0000,0.0000,'cm','',0,1356480000,'','N',0,NULL,1356534355,1356534355,'[P16] Ręcznik składany ZZ zielony 4000 szt.',0,'','',3,'szt.',0,'N,N,N,N,N,N,20%,10%,','none,0,0,1','','0,0'),(110,1,0,'P17','Ręcznik składany ZZ celuloza 3000 szt.\r\n<br />2-warstwowy\r\n<br /><B>Cena brutto:</B> 65 zł 19 gr.','Ręcznik składany ZZ celuloza 3000 szt.\r\n<br />2-warstwowy\r\n<br /><B>Cena brutto:</B> 65 zł 19 gr.','resized/_P17__R__cznik_s_50db13a1a5fb2_120x120.png','_P17__R__cznik_s_50db13a1acd0d.png','Y',0.0000,'kg',0.0000,0.0000,0.0000,'cm','',0,1356480000,'','N',0,NULL,1356534689,1356534689,'[P17] Ręcznik składany ZZ celuloza 3000 szt.',0,'','',3,'szt.',0,'N,N,N,N,N,N,20%,10%,','none,0,0,1','','0,0'),(111,1,0,'P18','Ręcznik rola biały 6 szt.\r\n<br />celulozowy, 2-warstwowy\r\n<br /><B>Cena netto 1 szt.:</B> 6 zł\r\n<br /><B />Cena brutto:</b> 44 zł 28 gr.','Ręcznik rola biały 6 szt.\r\n<br />celulozowy, 2-warstwowy\r\n<br /><B>Cena netto 1 szt.:</B> 6 zł\r\n<br /><B />Cena brutto:</b> 44 zł 28 gr.','resized/_P18__R__cznik_r_50db2a14a6bb8_120x120.png','_P18__R__cznik_r_50db2a14af43e.png','Y',0.0000,'kg',0.0000,0.0000,0.0000,'cm','',0,1356480000,'','N',0,NULL,1356540436,1356540436,'[P18] Ręcznik rola biały 6 szt.',0,'','',3,'szt.',0,'N,N,N,N,N,N,20%,10%,','none,0,0,1','','0,0'),(112,1,0,'P`9','Ręcznik rola zielony 6 szt.\r\n<br /><B />Cena netto 1 szt.:</b> 3 zł 50 gr.\r\n<br /><B />Cena brutto:</b> 25 zł 83 gr.','Ręcznik rola zielony 6 szt.\r\n<br /><B />Cena netto 1 szt.:</b> 3 zł 50 gr.\r\n<br /><B />Cena brutto:</b> 25 zł 83 gr.','resized/_P19__R__cznik_r_50db2ac5cdc01_120x120.png','_P19__R__cznik_r_50db2ac5d706e.png','Y',0.0000,'kg',0.0000,0.0000,0.0000,'cm','',0,1356480000,'','N',0,NULL,1356540613,1356540613,'[P19] Ręcznik rola zielony 6 szt.',0,'','',3,'szt.',0,'N,N,N,N,N,N,20%,10%,','none,0,0,1','','0,0'),(113,1,0,'P20','Ręcznik rola biały 6 szt.\r\n<Br />2-warstwowy\r\n<br /><B />Cena netto 1 szt.:</b> 5 zł 67 gr.\r\n<br /><B />Cena brutto:</b> 41 zł 82 gr.','Ręcznik rola biały 6 szt.\r\n<Br />2-warstwowy\r\n<br /><B />Cena netto 1 szt.:</b> 5 zł 67 gr.\r\n<br /><B />Cena brutto:</b> 41 zł 82 gr.','resized/_P20__R__cznik_r_50db2b37d9aac_120x120.png','_P20__R__cznik_r_50db2b37e274b.png','Y',0.0000,'kg',0.0000,0.0000,0.0000,'cm','',0,1356480000,'','N',0,NULL,1356540727,1356540727,'[P20] Ręcznik rola biały 6 szt.',0,'','',3,'szt.',0,'N,N,N,N,N,N,20%,10%,','none,0,0,1','','0,0'),(114,1,0,'P21','Czyściwo białe 2 szt.\r\n<br />celulozowe, 2-warstwowe\r\n<br /><B>Cena netto 1 szt.:</B> 19 zł 95 gr.\r\n<Br /><B />Cena brutto:</b> 49 zł 8 gr.','Czyściwo białe 2 szt.\r\n<br />celulozowe, 2-warstwowe\r\n<br /><B>Cena netto 1 szt.:</B> 19 zł 95 gr.\r\n<Br /><B />Cena brutto:</b> 49 zł 8 gr.','resized/_P21__Czy__ciwo__50db2c34eef05_120x120.png','_P21__Czy__ciwo__50db2c35029a8.png','Y',0.0000,'kg',0.0000,0.0000,0.0000,'cm','',0,1356480000,'','N',0,NULL,1356540981,1356540981,'[P21] Czyściwo białe 2 szt.',0,'','',3,'szt.',0,'N,N,N,N,N,N,20%,10%,','none,0,0,1','','0,0'),(115,1,0,'P22','Czyściwo zielone 2 szt.\r\n<br /><B />Cena netto 1 szt.:</b> 13 zł 95 gr\r\n<br /><B />Cena brutto:</b> 34 zł 32 gr.','Czyściwo zielone 2 szt.\r\n<br /><B />Cena netto 1 szt.:</b> 13 zł 95 gr\r\n<br /><B />Cena brutto:</b> 34 zł 32 gr.','resized/_P22__Czy__ciwo__50db2cd8180a2_120x120.png','_P22__Czy__ciwo__50db2cd820964.png','Y',0.0000,'kg',0.0000,0.0000,0.0000,'cm','',0,1356480000,'','N',0,NULL,1356541144,1356541144,'[P22] Czyściwo zielone 2 szt.',0,'','',3,'szt.',0,'N,N,N,N,N,N,20%,10%,','none,0,0,1','','0,0'),(116,1,0,'M01','MikroProszek 20kg.\r\n<br />do myjni bezdotykowych\r\n<br />po 4 rodzaje\r\n<br />bezfosforanowy\r\n<Br /><B>Cena netto za 1kg.: 6 zł 90 gr.</b>\r\n<br /><B>Cena brutto:</B> 169 zł 74 gr.','MikroProszek 20kg.\r\n<br />do myjni bezdotykowych\r\n<br />po 4 rodzaje\r\n<br />bezfosforanowy\r\n<Br /><B>Cena netto za 1kg.: 6 zł 90 gr.</b>\r\n<br /><B>Cena brutto:</B> 169 zł 74 gr.','resized/_M01__MikroProsz_51042ad0be7de_120x120.png','_M01__MikroProsz_51042ad0c8805.png','Y',0.0000,'kg',0.0000,0.0000,0.0000,'cm','',0,1356480000,'','N',0,NULL,1356541413,1359373860,'[M01] MikroProszek 20kg.',0,'','',3,'szt.',0,'N,N,N,N,N,Y,20%,10%,','none,0,0,1','','0,0'),(117,1,0,'M02','MikroProszek 20kg.\r\n<Br />do myjni bezdotykowych\r\n<br />po 4 rodzaje\r\n<br />z zawartością fosforanów\r\n<Br /><B />Cena netto za 1kg.: 7 zł 75 gr.</b>\r\n<br /><B />Cena brutto:</b> 190 zł 65 gr.','MikroProszek 20kg.\r\n<Br />do myjni bezdotykowych\r\n<br />po 4 rodzaje\r\n<br />z zawartością fosforanów\r\n<Br /><B />Cena netto za 1kg.: 7 zł 75 gr.</b>\r\n<br /><B />Cena brutto:</b> 190 zł 65 gr.','resized/_M02__Mikroprosz_51042bade12be_120x120.png','_M02__Mikroprosz_51042badebeb4.png','Y',0.0000,'kg',0.0000,0.0000,0.0000,'cm','',0,1356480000,'','N',0,NULL,1356541552,1359373882,'[M02] Mikroproszek 20kg.',0,'','',3,'szt.',0,'N,N,N,N,N,Y,20%,10%,','none,0,0,1','','0,0'),(212,1,0,'M00','MikroProszek 20kg.\r\n<br />do myjni bezdotykowych\r\n<Br />po 4 rodzaje\r\n<br />z zawartością fosforanów \r\n<Br /><B />Cena netto za 1kg.: 5 zł 50 gr.</b>\r\n<br /><B />Cena brutto:</b> 135 zł 30 gr.','MikroProszek 20kg.\r\n<br />do myjni bezdotykowych\r\n<Br />po 4 rodzaje\r\n<br />z zawartością fosforanów \r\n<Br /><B />Cena netto za 1kg.: 5 zł 50 gr.</b>\r\n<br /><B />Cena brutto:</b> 135 zł 30 gr.','resized/_M00__MikroProsz_51042b3da0bba_120x120.png','_M00__MikroProsz_51042b3dab80e.png','Y',0.0000,'kg',0.0000,0.0000,0.0000,'cm','',0,1358553600,'','N',0,NULL,1358625189,1359373837,'[M00] MikroProszek 20kg.',0,'','',3,'szt.',0,'N,N,N,N,N,Y,20%,10%,','none,0,0,1','','0,0'),(118,1,0,'M03','Turbo środek pienny 25 l.\r\n<br />koncentrat\r\n<br />do myjni bezdotykowych\r\n<br />PH zasadowe\r\n<br /><B />Cena brutto:</b> 233 zł 70 gr.','Turbo środek pienny 25 l.\r\n<br />koncentrat\r\n<br />do myjni bezdotykowych\r\n<br />PH zasadowe\r\n<br /><B />Cena brutto:</b> 233 zł 70 gr.','resized/_M03__Turbo___ro_50db2f9eb5397_120x120.png','_M03__Turbo___ro_50db2f9ebd0b8.png','Y',0.0000,'kg',0.0000,0.0000,0.0000,'cm','',0,1356480000,'','N',0,NULL,1356541854,1356541854,'[M03] Turbo środek pienny 25 l.',0,'','',3,'szt.',0,'N,N,N,N,N,N,20%,10%,','none,0,0,1','','0,0'),(119,1,0,'M04','Turbo środek pienny 25l.\r\n<br />koncentrat\r\n<br />do myjni bezdotykowych\r\n<br />PH neutralne\r\n<br /><B>Cena brutto:</B> 178 zł 35 gr.','Turbo środek pienny 25l.\r\n<br />koncentrat\r\n<br />do myjni bezdotykowych\r\n<br />PH neutralne\r\n<br /><B>Cena brutto:</B> 178 zł 35 gr.','resized/_M04__Turbo___ro_50db30051e10a_120x120.png','_M04__Turbo___ro_50db30052626b.png','Y',0.0000,'kg',0.0000,0.0000,0.0000,'cm','',0,1356480000,'','N',0,NULL,1356541957,1356541957,'[M04] Turbo środek pienny 25l.',0,'','',3,'szt.',0,'N,N,N,N,N,N,20%,10%,','none,0,0,1','','0,0'),(120,1,0,'M05','Auto Szampon do myjni bezdotykowych 1l.\r\n<br />koncentrat\r\n<br />gęstość odpowiednia dla pomp dozujących\r\n<br />PH neutralne\r\n<br /><B>Cena brutto:</B> 4 zł 91 gr.','Auto Szampon do myjni bezdotykowych 1l.\r\n<br />koncentrat\r\n<br />gęstość odpowiednia dla pomp dozujących\r\n<br />PH neutralne\r\n<br /><B>Cena brutto:</B> 4 zł 91 gr.','resized/_M05__Auto_Szamp_50db30f91f289_120x120.png','_M05__Auto_Szamp_50db30f92738b.png','Y',0.0000,'kg',0.0000,0.0000,0.0000,'cm','',0,1356480000,'','N',0,NULL,1356542201,1356542201,'[M05] Auto Szampon do myjni bezdotykowych 1l.',0,'','',3,'szt.',0,'N,N,N,N,N,N,20%,10%,','none,0,0,1','','0,0'),(121,1,0,'M06','Końcówki spryskiwaczy (trigery) 1 szt.\r\n<br /><B />Cena brutto:</b> 1 zł 17 gr.','Końcówki spryskiwaczy (trigery) 1 szt.\r\n<br /><B />Cena brutto:</b> 1 zł 17 gr.','resized/_M06__Ko__c__wki_50db317309f3e_120x120.png','_M06__Ko__c__wki_50db317310c73.png','Y',0.0000,'kg',0.0000,0.0000,0.0000,'cm','',0,1356480000,'','N',0,NULL,1356542323,1356542323,'[M06] Końcówki spryskiwaczy (trigery) 1 szt.',0,'','',3,'szt.',0,'N,N,N,N,N,N,20%,10%,','none,0,0,1','','0,0'),(122,1,0,'M07','Szampon samochodowy 32 kg.\r\n<br />koncentrat\r\n<br />PH neutralne\r\n<br /><B />Cena netto za 1kg.:</b> 2 zł 89 gr.\r\n<br /><B />Cena brutto:</b> 113 zł 75gr.','Szampon samochodowy 32 kg.\r\n<br />koncentrat\r\n<br />PH neutralne\r\n<br /><B />Cena netto za 1kg.:</b> 2 zł 89 gr.\r\n<br /><B />Cena brutto:</b> 113 zł 75gr.','resized/_M07__Szampon_sa_50db320b298c0_120x120.png','_M07__Szampon_sa_50db320b31f60.png','Y',0.0000,'kg',0.0000,0.0000,0.0000,'cm','',0,1356480000,'','N',0,NULL,1356542475,1356542475,'[M07] Szampon samochodowy 32 kg.',0,'','',3,'szt.',0,'N,N,N,N,N,N,20%,10%,','none,0,0,1','','0,0'),(123,1,0,'M08','Płyn do mycia szyb 5l.\r\n<br /><B>Cena brutto:</B> 15 zł 38 gr.','Płyn do mycia szyb 5l.\r\n<br /><B>Cena brutto:</B> 15 zł 38 gr.','resized/_M08__P__yn_do_m_50db329554986_120x120.png','_M08__P__yn_do_m_50db32955ceb0.png','Y',0.0000,'kg',0.0000,0.0000,0.0000,'cm','',0,1356480000,'','N',0,NULL,1356542613,1356542613,'[M08] Płyn do mycia szyb 5l.',0,'','',3,'szt.',0,'N,N,N,N,N,N,20%,10%,','none,0,0,1','','0,0'),(124,1,0,'M09','Płyn do mycia szyb 32l.\r\n<br /><B>Cena netto 1l.:</b> 2 zł 19 gr.\r\n<br /><B>Cena brutto:</B> 86 zł 20 gr.','Płyn do mycia szyb 32l.\r\n<br /><B>Cena netto 1l.:</b> 2 zł 19 gr.\r\n<br /><B>Cena brutto:</B> 86 zł 20 gr.','resized/_M09__P__yn_do_m_50db332a376ae_120x120.png','_M09__P__yn_do_m_50db332a4130f.png','Y',0.0000,'kg',0.0000,0.0000,0.0000,'cm','',0,1356480000,'','N',0,NULL,1356542762,1357854622,'[M09] Płyn do mycia szyb 32l.',0,'','',3,'szt.',0,'N,N,N,N,N,Y,20%,10%,','none,0,0,1','','0,0'),(125,1,0,'M10','Płyn do mycia szyb z amoniakiem 5l.\r\n<br /><B />Cena brutto:</b> 20 zł 30 gr.','Płyn do mycia szyb z amoniakiem 5l.\r\n<br /><B />Cena brutto:</b> 20 zł 30 gr.','resized/_M10__P__yn_do_m_50db341c27e3a_120x120.png','_M10__P__yn_do_m_50db341c303a5.png','Y',0.0000,'kg',0.0000,0.0000,0.0000,'cm','',0,1356480000,'','N',0,NULL,1356542889,1356543004,'[M10] Płyn do mycia szyb z amoniakiem 5l.',0,'','',3,'szt.',0,'N,N,N,N,N,Y,20%,10%,','none,0,0,1','','0,0'),(126,1,0,'M11','Płyn do mycia szyb z amoniakiem luzem 32l.\r\n<br /><B />Cena netto 1l.:</b> 2 zł 89 gr.\r\n<br /><B />Cena brutto:</b> 113 zł 75 gr.','Płyn do mycia szyb z amoniakiem luzem 32l.\r\n<br /><B />Cena netto 1l.:</b> 2 zł 89 gr.\r\n<br /><B />Cena brutto:</b> 113 zł 75 gr.','resized/_M11__P__yn_do_m_50ef3843b7ad3_120x120.png','_M11__P__yn_do_m_50ef3843c1ee3.png','Y',0.0000,'kg',0.0000,0.0000,0.0000,'cm','',0,1356480000,'','N',0,NULL,1356543271,1357854787,'[M11] Płyn do mycia szyb z amoniakiem luzem 32l.',0,'','',3,'szt.',0,'N,N,N,N,N,Y,20%,10%,','none,0,0,1','','0,0'),(127,1,0,'M12','Płyn do czyszczenia tworzyw sztucznych, plastików 10l.\r\n<br />gotowy do użycia\r\n<br /><B>Cena brutto:</B> 73 zł 80 gr.','Płyn do czyszczenia tworzyw sztucznych, plastików 10l.\r\n<br />gotowy do użycia\r\n<br /><B>Cena brutto:</B> 73 zł 80 gr.','resized/_M12__P__yn_do_c_50db3605a7162_120x120.png','_M12__P__yn_do_c_50db3605b01e8.png','Y',0.0000,'kg',0.0000,0.0000,0.0000,'cm','',0,1356480000,'','N',0,NULL,1356543493,1356543493,'[M12] Płyn do czyszczenia tworzyw sztucznych, plastików 10l.',0,'','',3,'szt.',0,'N,N,N,N,N,N,20%,10%,','none,0,0,1','','0,0'),(128,1,0,'M13','Pianka do mycia szyb 5l.\r\n<br />szybko odparowuje\r\n<Br /><B>Cena brutto:</B>19 zł 56 gr.','Pianka do mycia szyb 5l.\r\n<br />szybko odparowuje\r\n<Br /><B>Cena brutto:</B>19 zł 56 gr.','resized/_M13__Pianka_do__50db36c6014d2_120x120.png','_M13__Pianka_do__50db36c60ace0.png','Y',0.0000,'kg',0.0000,0.0000,0.0000,'cm','',0,1356480000,'','N',0,NULL,1356543686,1356543686,'[M13] Pianka do mycia szyb 5l.',0,'','',3,'szt.',0,'N,N,N,N,N,N,20%,10%,','none,0,0,1','','0,0'),(129,1,0,'M14','Pianka do mycia szyb 32l.\r\n<br />szybko odparowuje\r\n<br /><B>Cena netto 1 l.:</b> 3 zł\r\n<br /><B>Cena brutto:</B> 118 zł 8 gr.','Pianka do mycia szyb 32l.\r\n<br />szybko odparowuje\r\n<br /><B>Cena netto 1 l.:</b> 3 zł\r\n<br /><B>Cena brutto:</B> 118 zł 8 gr.','resized/_M14__Pianka_do__50db37a34a506_120x120.png','_M14__Pianka_do__50db37a3525db.png','Y',0.0000,'kg',0.0000,0.0000,0.0000,'cm','',0,1356480000,'','N',0,NULL,1356543907,1356543907,'[M14] Pianka do mycia szyb 32l.',0,'','',3,'szt.',0,'N,N,N,N,N,N,20%,10%,','none,0,0,1','','0,0'),(130,1,0,'M15','Płyn do zaczerniania opon 10l.\r\n<br />wodorozpuszczalny\r\n<br />koncentrat-matowy\r\n<br />na 30 l. roztworu\r\n<br /><B />Cena brutto:</b> 98 zł 40 gr.','Płyn do zaczerniania opon 10l.\r\n<br />wodorozpuszczalny\r\n<br />koncentrat-matowy\r\n<br />na 30 l. roztworu\r\n<br /><B />Cena brutto:</b> 98 zł 40 gr.','resized/_M15__P__yn_do_z_50db385803e95_120x120.png','_M15__P__yn_do_z_50db38580cb36.png','Y',0.0000,'kg',0.0000,0.0000,0.0000,'cm','',0,1356480000,'','N',0,NULL,1356544088,1356544088,'[M15] Płyn do zaczerniania opon 10l.',0,'','',3,'szt.',0,'N,N,N,N,N,N,20%,10%,','none,0,0,1','','0,0'),(131,1,0,'M16','Opona - płyn nabłyszczający 10l.\r\n<br />gotowy do użycia\r\n<br /><B>Cena brutto:</B> 166 zł 5 gr.','Opona - płyn nabłyszczający 10l.\r\n<br />gotowy do użycia\r\n<br /><B>Cena brutto:</B> 166 zł 5 gr.','resized/_M16__Opona___p__50db38e1b2ca9_120x120.png','_M16__Opona___p__50db38e1bb59a.png','Y',0.0000,'kg',0.0000,0.0000,0.0000,'cm','',0,1356480000,'','N',0,NULL,1356544225,1356544225,'[M16] Opona - płyn nabłyszczający 10l.',0,'','',3,'szt.',0,'N,N,N,N,N,N,20%,10%,','none,0,0,1','','0,0'),(132,1,0,'M17','Piana aktywna - żółta bardzo mocna 5 kg.\r\n<br />(dostawcze, ciężarowe)\r\n<br /><B />Cena brutto:</b> 33 zł 21 gr.','Piana aktywna - żółta bardzo mocna 5 kg.\r\n<br />(dostawcze, ciężarowe)\r\n<br /><B />Cena brutto:</b> 33 zł 21 gr.','resized/_M17__Piana_akty_50db3a14b3f42_120x120.png','_M17__Piana_akty_50db3a14bbc8e.png','Y',0.0000,'kg',0.0000,0.0000,0.0000,'cm','',0,1356480000,'','N',0,NULL,1356544532,1356544532,'[M17] Piana aktywna - żółta bardzo mocna 5 kg.',0,'','',3,'szt.',0,'N,N,N,N,N,N,20%,10%,','none,0,0,1','','0,0'),(133,1,0,'M18','Piana aktywna - żółta, bardzo mocna 10 kg.\r\n<br />(dostawcze, ciężarowe)\r\n<br /><B>Cena brutto:</B> 65 zł 19 gr.','Piana aktywna - żółta, bardzo mocna 10 kg.\r\n<br />(dostawcze, ciężarowe)\r\n<br /><B>Cena brutto:</B> 65 zł 19 gr.','resized/_M18__Piana_akty_50db3afec3a9a_120x120.png','_M18__Piana_akty_50db3afeccb1f.png','Y',0.0000,'kg',0.0000,0.0000,0.0000,'cm','',0,1356480000,'','N',0,NULL,1356544766,1356544766,'[M18] Piana aktywna - żółta, bardzo mocna 10 kg.',0,'','',3,'szt.',0,'N,N,N,N,N,N,20%,10%,','none,0,0,1','','0,0'),(134,1,0,'M19','Piana aktywna żółta - bardzo mocna 25kg.\r\n<br />(dostawcze, ciężarowe)\r\n<br /><B>Cena brutto:</B> 153 zł 75 gr.','Piana aktywna żółta - bardzo mocna 25kg.\r\n<br />(dostawcze, ciężarowe)\r\n<br /><B>Cena brutto:</B> 153 zł 75 gr.','resized/_M19__Piana_akty_50db3b7e9491d_120x120.png','_M19__Piana_akty_50db3b7ea5217.png','Y',0.0000,'kg',0.0000,0.0000,0.0000,'cm','',0,1356480000,'','N',0,NULL,1356544894,1356544894,'[M19] Piana aktywna żółta - bardzo mocna 25kg.',0,'','',3,'szt.',0,'N,N,N,N,N,N,20%,10%,','none,0,0,1','','0,0'),(135,1,0,'M20','Piana aktywna - żółta, bardzo mocna luzem\r\n<br />(dostawcze, ciężarowe)\r\n<br /><B>Cena brutto:</B> 5 zł 91 gr.','Piana aktywna - żółta, bardzo mocna luzem\r\n<br />(dostawcze, ciężarowe)\r\n<br /><B>Cena brutto:</B> 5 zł 91 gr.','resized/_M20__Piana_akty_50ef393bd789f_120x120.png','_M20__Piana_akty_50ef393bded50.png','Y',0.0000,'kg',0.0000,0.0000,0.0000,'cm','',0,1356480000,'','N',0,NULL,1356545415,1357855035,'[M20] Piana aktywna - żółta, bardzo mocna luzem',0,'','',3,'szt.',0,'N,N,N,N,N,Y,20%,10%,','none,0,0,1','','0,0'),(136,1,0,'M21','Piana aktywna - różowa 5kg.\r\n<Br />(osobowe)\r\n<br /><B>Cena brutto:</B> 31 zł 86 gr.','Piana aktywna - różowa 5kg.\r\n<Br />(osobowe)\r\n<br /><B>Cena brutto:</B> 31 zł 86 gr.','resized/_M21__Piana_akty_50db3dc6ec02b_120x120.png','_M21__Piana_akty_50db3dc700e6f.png','Y',0.0000,'kg',0.0000,0.0000,0.0000,'cm','',0,1356480000,'','N',0,NULL,1356545479,1356545479,'[M21] Piana aktywna - różowa 5kg.',0,'','',3,'szt.',0,'N,N,N,N,N,N,20%,10%,','none,0,0,1','','0,0'),(137,1,0,'M22','Piana aktywna - różowa 10 kg.\r\n<br />(osobowe)\r\n<br /><B>Cena brutto:</B> 60 zł 27 gr.','Piana aktywna - różowa 10 kg.\r\n<br />(osobowe)\r\n<br /><B>Cena brutto:</B> 60 zł 27 gr.','resized/_M22__Piana_akty_50db3edb0a566_120x120.png','_M22__Piana_akty_50db3edb13dd7.png','Y',0.0000,'kg',0.0000,0.0000,0.0000,'cm','',0,1356480000,'','N',0,NULL,1356545755,1356545755,'[M22] Piana aktywna - różowa 10 kg.',0,'','',3,'szt.',0,'N,N,N,N,N,N,20%,10%,','none,0,0,1','','0,0'),(138,1,0,'M23','Piana aktywna - różowa 25 kg.\r\n<Br />(osobowe)\r\n<br /><B>Cena brutto:</B> 147 zł 60 gr.','Piana aktywna - różowa 25 kg.\r\n<Br />(osobowe)\r\n<br /><B>Cena brutto:</B> 147 zł 60 gr.','resized/_M23__Piana_akty_50db3f97b67da_120x120.png','_M23__Piana_akty_50db3f97c0fc9.png','Y',0.0000,'kg',0.0000,0.0000,0.0000,'cm','',0,1356480000,'','N',0,NULL,1356545943,1356545943,'[M23] Piana aktywna - różowa 25 kg.',0,'','',3,'szt.',0,'N,N,N,N,N,N,20%,10%,','none,0,0,1','','0,0'),(139,1,0,'M24','Piana aktywna - różowa luzem\r\n<br />(osobowe)\r\n<br /><B>Cena brutto:</B> 5 zł 66 gr.','Piana aktywna - różowa luzem\r\n<br />(osobowe)\r\n<br /><B>Cena brutto:</B> 5 zł 66 gr.','resized/_M24__Piana_akty_50ef398aa8a67_120x120.png','_M24__Piana_akty_50ef398aaf7f0.png','Y',0.0000,'kg',0.0000,0.0000,0.0000,'cm','',0,1356480000,'','N',0,NULL,1356546028,1357855114,'[M24] Piana aktywna - różowa luzem',0,'','',3,'szt.',0,'N,N,N,N,N,Y,20%,10%,','none,0,0,1','','0,0'),(140,1,0,'M25','Piana aktywna - 2warstwowa do mycia bezdotykowego 5kg.\r\n<Br />(osobowe, dostawcze, ciężarowe)\r\n<br /><B />Cena brutto:</b> 39 zł 36 gr.','Piana aktywna - 2warstwowa do mycia bezdotykowego 5kg.\r\n<Br />(osobowe, dostawcze, ciężarowe)\r\n<br /><B />Cena brutto:</b> 39 zł 36 gr.','resized/_M25__Piana_akty_50db409145851_120x120.png','_M25__Piana_akty_50db40914dd87.png','Y',0.0000,'kg',0.0000,0.0000,0.0000,'cm','',0,1356480000,'','N',0,NULL,1356546193,1356546193,'[M25] Piana aktywna - 2warstwowa do mycia bezdotykowego 5kg.',0,'','',3,'szt.',0,'N,N,N,N,N,N,20%,10%,','none,0,0,1','','0,0'),(141,1,0,'M26','Piana aktywna - 2warstwowa do mycia bezdotykowego 10 kg.\r\n<br />(osobowe, dostawcze, ciężarowe)\r\n<br /><B />Cena brutto:</b> 71 zł 34 gr.','Piana aktywna - 2warstwowa do mycia bezdotykowego 10 kg.\r\n<br />(osobowe, dostawcze, ciężarowe)\r\n<br /><B />Cena brutto:</b> 71 zł 34 gr.','resized/_M26__Piana_akty_50db411fadce0_120x120.png','_M26__Piana_akty_50db411fb6582.png','Y',0.0000,'kg',0.0000,0.0000,0.0000,'cm','',0,1356480000,'','N',0,NULL,1356546335,1356546335,'[M26] Piana aktywna - 2warstwowa do mycia bezdotykowego 10 kg.',0,'','',3,'szt.',0,'N,N,N,N,N,N,20%,10%,','none,0,0,1','','0,0'),(142,1,0,'M27','Piana aktywna - 2warstwowa do mycia bezdotykowego 25kg.\r\n<Br />(osobowe, dostawcze, ciężarowe)\r\n<br /><B />Cena brutto:</b> 174 zł 66 gr.','Piana aktywna - 2warstwowa do mycia bezdotykowego 25kg.\r\n<Br />(osobowe, dostawcze, ciężarowe)\r\n<br /><B />Cena brutto:</b> 174 zł 66 gr.','resized/_M27__Piana_akty_50db419a92834_120x120.png','_M27__Piana_akty_50db419a9c087.png','Y',0.0000,'kg',0.0000,0.0000,0.0000,'cm','',0,1356480000,'','N',0,NULL,1356546458,1356546458,'[M27] Piana aktywna - 2warstwowa do mycia bezdotykowego 25kg.',0,'','',3,'szt.',0,'N,N,N,N,N,N,20%,10%,','none,0,0,1','','0,0'),(143,1,0,'M28','Piana aktywna - do mycia bezdotykowego luzem\r\n<Br />(osobowe, dostawcze, ciężarowe)\r\n<br /><B />Cena brutto:</b> 6 zł 77 gr.','Piana aktywna - do mycia bezdotykowego luzem\r\n<Br />(osobowe, dostawcze, ciężarowe)\r\n<br /><B />Cena brutto:</b> 6 zł 77 gr.','resized/_M28__Piana_akty_50ef39b3c4219_120x120.png','_M28__Piana_akty_50ef39b3d050f.png','Y',0.0000,'kg',0.0000,0.0000,0.0000,'cm','',0,1356480000,'','N',0,NULL,1356546555,1357855155,'[M28] Piana aktywna - do mycia bezdotykowego luzem',0,'','',3,'szt.',0,'N,N,N,N,N,Y,20%,10%,','none,0,0,1','','0,0'),(144,1,0,'M29','Koncentrat piana aktywna - żółta bardzo mocna 5 kg.\r\n<br />(dostawcze, ciężarowe)\r\n<br /><B />Cena brutto:</b> 55 zł 35 gr.','Koncentrat piana aktywna - żółta bardzo mocna 5 kg.\r\n<br />(dostawcze, ciężarowe)\r\n<br /><B />Cena brutto:</b> 55 zł 35 gr.','resized/_M29__Koncentrat_50db42946761c_120x120.png','_M29__Koncentrat_50db42946eb3a.png','Y',0.0000,'kg',0.0000,0.0000,0.0000,'cm','',0,1356480000,'','N',0,NULL,1356546708,1356546708,'[M29] Koncentrat piana aktywna - żółta bardzo mocna 5 kg.',0,'','',3,'szt.',0,'N,N,N,N,N,N,20%,10%,','none,0,0,1','','0,0'),(145,1,0,'M30','Koncentrat piana aktywna - żółta, bardzo mocna 10 kg.\r\n<br />(dostawcze, ciężarowe)\r\n<br /><B>Cena brutto:</B> 104 zł 55 gr.','Koncentrat piana aktywna - żółta, bardzo mocna 10 kg.\r\n<br />(dostawcze, ciężarowe)\r\n<br /><B>Cena brutto:</B> 104 zł 55 gr.','resized/_M30__Koncentrat_50db43257ade2_120x120.png','_M30__Koncentrat_50db4325836d3.png','Y',0.0000,'kg',0.0000,0.0000,0.0000,'cm','',0,1356480000,'','N',0,NULL,1356546853,1356546853,'[M30] Koncentrat piana aktywna - żółta, bardzo mocna 10 kg.',0,'','',3,'szt.',0,'N,N,N,N,N,N,20%,10%,','none,0,0,1','','0,0'),(146,1,0,'M31','Koncentrat piana aktywna - żółta, bardzo mocna 25 kg.\r\n<br />(dostawcze, ciężarowe)\r\n<br /><B />Cena brutto:</b> 252 zł 15 gr.','Koncentrat piana aktywna - żółta, bardzo mocna 25 kg.\r\n<br />(dostawcze, ciężarowe)\r\n<br /><B />Cena brutto:</b> 252 zł 15 gr.','resized/_M31__Koncentrat_50db439baa634_120x120.png','_M31__Koncentrat_50db439bb55cf.png','Y',0.0000,'kg',0.0000,0.0000,0.0000,'cm','',0,1356480000,'','N',0,NULL,1356546971,1356546971,'[M31] Koncentrat piana aktywna - żółta, bardzo mocna 25 kg.',0,'','',3,'szt.',0,'N,N,N,N,N,N,20%,10%,','none,0,0,1','','0,0'),(147,1,0,'M33','Koncentrat piana aktywna różowa 5kg. \r\n<br />(osobowe)\r\n<br /><B />Cena brutto:</b> 49 zł 20 gr.','Koncentrat piana aktywna różowa 5kg. \r\n<br />(osobowe)\r\n<br /><B />Cena brutto:</b> 49 zł 20 gr.','resized/_M33__Koncentrat_50db442a0039e_120x120.png','_M33__Koncentrat_50db442a0daae.png','Y',0.0000,'kg',0.0000,0.0000,0.0000,'cm','',0,1356480000,'','N',0,NULL,1356547114,1356547114,'[M33] Koncentrat piana aktywna różowa 5kg.',0,'','',3,'szt.',0,'N,N,N,N,N,N,20%,10%,','none,0,0,1','','0,0'),(148,1,0,'M34','Koncentrat - piana aktywna różowa 10 kg.\r\n<br />(osobowe)\r\n<br /><B />Cena brutto:</b> 95 zł 94 gr.','Koncentrat - piana aktywna różowa 10 kg.\r\n<br />(osobowe)\r\n<br /><B />Cena brutto:</b> 95 zł 94 gr.','resized/_M34__Koncentrat_50db449cb6cd5_120x120.png','_M34__Koncentrat_50db449cc3bcb.png','Y',0.0000,'kg',0.0000,0.0000,0.0000,'cm','',0,1356480000,'','N',0,NULL,1356547228,1356547228,'[M34] Koncentrat - piana aktywna różowa 10 kg.',0,'','',3,'szt.',0,'N,N,N,N,N,N,20%,10%,','none,0,0,1','','0,0'),(149,1,0,'M35','Koncentrat - piana aktywna różowa 25 kg. \r\n<br />(osobowe)\r\n<br /><B />Cena brutto:</b> 227 zł 55 gr.','Koncentrat - piana aktywna różowa 25 kg. \r\n<br />(osobowe)\r\n<br /><B />Cena brutto:</b> 227 zł 55 gr.','resized/_M35__Koncentrat_50db450c83c59_120x120.png','_M35__Koncentrat_50db450c8e061.png','Y',0.0000,'kg',0.0000,0.0000,0.0000,'cm','',0,1356480000,'','N',0,NULL,1356547340,1356547340,'[M35] Koncentrat - piana aktywna różowa 25 kg.',0,'','',3,'szt.',0,'N,N,N,N,N,N,20%,10%,','none,0,0,1','','0,0'),(150,1,0,'M36','Koncentrat - piana aktywna różowa luzem\r\n<br />(osobowe)\r\n<br /><B />Cena brutto:</b> 9 zł 23 gr.','Koncentrat - piana aktywna różowa luzem\r\n<br />(osobowe)\r\n<br /><B />Cena brutto:</b> 9 zł 23 gr.','resized/_M36__Koncentrat_50ef39efd4469_120x120.png','_M36__Koncentrat_50ef39efdb1b1.png','Y',0.0000,'kg',0.0000,0.0000,0.0000,'cm','',0,1356480000,'','N',0,NULL,1356547442,1357855215,'[M36] Koncentrat - piana aktywna różowa luzem',0,'','',3,'szt.',0,'N,N,N,N,N,Y,20%,10%,','none,0,0,1','','0,0'),(151,1,0,'M37','Koncentrat piana aktywna - 2warstwowa do mycia bezdotykowego 5kg.\r\n<Br />(osobowe, dostawcze, ciężarowe)\r\n<br /><B />Cena brutto:</b> 61 zł 50 gr.','Koncentrat piana aktywna - 2warstwowa do mycia bezdotykowego 5kg.\r\n<Br />(osobowe, dostawcze, ciężarowe)\r\n<br /><B />Cena brutto:</b> 61 zł 50 gr.','resized/_M37__Koncentrat_50db45e98c6ac_120x120.png','_M37__Koncentrat_50db45e9964a6.png','Y',0.0000,'kg',0.0000,0.0000,0.0000,'cm','',0,1356480000,'','N',0,NULL,1356547547,1356547561,'[M37] Koncentrat piana aktywna - 2warstwowa do mycia bezdotykowe',0,'','',3,'szt.',0,'N,N,N,N,N,Y,20%,10%,','none,0,0,1','','0,0'),(152,1,0,'M38','Koncentrat - piana aktywna 2warstwowa do mycia bezdotykowego 10 kg.\r\n<br />(osobowe, dostawcze, ciężarowe)\r\n<br /><B />Cena brutto:</b> 121 zł 77 gr.','Koncentrat - piana aktywna 2warstwowa do mycia bezdotykowego 10 kg.\r\n<br />(osobowe, dostawcze, ciężarowe)\r\n<br /><B />Cena brutto:</b> 121 zł 77 gr.','resized/_M38__Koncentrat_50db465202830_120x120.png','_M38__Koncentrat_50db46520bc2f.png','Y',0.0000,'kg',0.0000,0.0000,0.0000,'cm','',0,1356480000,'','N',0,NULL,1356547666,1356547666,'[M38] Koncentrat - piana aktywna 2warstwowa do mycia bezdotykowe',0,'','',3,'szt.',0,'N,N,N,N,N,N,20%,10%,','none,0,0,1','','0,0'),(153,1,0,'M39','Koncentrat - piana aktywna 2warstwowa do mycia bezdotykowego 25 kg.\r\n<br />(osobowe, dostawcze, ciężarowe)\r\n<br /><B />Cena brutto:</b> 289 zł 5 gr.','Koncentrat - piana aktywna 2warstwowa do mycia bezdotykowego 25 kg.\r\n<br />(osobowe, dostawcze, ciężarowe)\r\n<br /><B />Cena brutto:</b> 289 zł 5 gr.','resized/_M39__Koncentrat_50db470aa5386_120x120.png','_M39__Koncentrat_50db470aaebd9.png','Y',0.0000,'kg',0.0000,0.0000,0.0000,'cm','',0,1356480000,'','N',0,NULL,1356547850,1356547850,'[M39] Koncentrat - piana aktywna 2warstwowa do mycia bezdotykowe',0,'','',3,'szt.',0,'N,N,N,N,N,N,20%,10%,','none,0,0,1','','0,0'),(154,1,0,'M40','Koncentrat - piana aktywna 2warstwowa do mycia bezdotykowego luzem\r\n<br />(osobowe, dostawcze, ciężarowe)\r\n<br /><B>Cena brutto:</B> 10 zł 46 gr.','Koncentrat - piana aktywna 2warstwowa do mycia bezdotykowego luzem\r\n<br />(osobowe, dostawcze, ciężarowe)\r\n<br /><B>Cena brutto:</B> 10 zł 46 gr.','resized/_M40__Koncentrat_50ef3a222d7cf_120x120.png','_M40__Koncentrat_50ef3a2234532.png','Y',0.0000,'kg',0.0000,0.0000,0.0000,'cm','',0,1356480000,'','N',0,NULL,1356547945,1357855266,'[M40] Koncentrat - piana aktywna 2warstwowa do mycia bezdotykowe',0,'','',3,'szt.',0,'N,N,N,N,N,Y,20%,10%,','none,0,0,1','','0,0'),(155,1,0,'M41','Płyn do mycia felg 10l.\r\n<br />koncentrat kwasowy\r\n<br />na 30l. roztworu\r\n<br /><B />Cena brutto:</b> 110 zł 70 gr.','Płyn do mycia felg 10l.\r\n<br />koncentrat kwasowy\r\n<br />na 30l. roztworu\r\n<br /><B />Cena brutto:</b> 110 zł 70 gr.','resized/_M41__P__yn_do_m_50db483fd1cae_120x120.png','_M41__P__yn_do_m_50db483fdbccd.png','Y',0.0000,'kg',0.0000,0.0000,0.0000,'cm','',0,1356480000,'','N',0,NULL,1356548159,1356548159,'[M41] Płyn do mycia felg 10l.',0,'','',3,'szt.',0,'N,N,N,N,N,N,20%,10%,','none,0,0,1','','0,0'),(156,1,0,'H01','Pasta BHP 0.5 kg\r\n<br />detergentowo-piaskowa\r\n<br />z lanoliną i gliceryną\r\n<br /><B />Cena brutto:</b> 3 zł 43 gr.','Pasta BHP 0.5 kg\r\n<br />detergentowo-piaskowa\r\n<br />z lanoliną i gliceryną\r\n<br /><B />Cena brutto:</b> 3 zł 32 gr.','resized/_H01__Pasta_BHP__5152cfa7e0849_120x120.png','_H01__Pasta_BHP__5152cfa7e4cda.png','Y',0.0000,'kg',0.0000,0.0000,0.0000,'cm','',0,1356652800,'','N',0,NULL,1356706718,1364381607,'[H01] Pasta BHP 0.5 kg',0,'','',3,'szt.',0,'N,N,N,N,N,Y,20%,10%,','none,0,0,1','','0,0'),(157,1,0,'H02','Pasta BHP 10 kg.\r\n<br />detergentowo-piaskowa\r\n<br />z lanoliną i gliceryną\r\n<Br /><B />Cena brutto:</b> 43 zł 5 gr.','Pasta BHP 10 kg.\r\n<br />detergentowo-piaskowa\r\n<br />z lanoliną i gliceryną\r\n<Br /><B />Cena brutto:</b> 43 zł 5 gr.','resized/_H02__Pasta_BHP__50eeeadfc016d_120x120.png','_H02__Pasta_BHP__50eeeadfca15e.png','Y',0.0000,'kg',0.0000,0.0000,0.0000,'cm','',0,1356652800,'','N',0,NULL,1356707317,1357834975,'[H02] Pasta BHP 10 kg.',0,'','',3,'szt.',0,'N,N,N,N,N,Y,20%,10%,','none,0,0,1','','0,0'),(158,1,0,'H03','Żel do mycia silnie zabrudzonych rąk 0.5l.\r\n<br />rozpuszczający smary\r\n<br />ze ścierniwem i gliceryną\r\n<br /><B />Cena brutto:</b> 12 zł 92 gr.','Żel do mycia silnie zabrudzonych rąk 0.5l.\r\n<br />rozpuszczający smary\r\n<br />ze ścierniwem i gliceryną\r\n<br /><B />Cena brutto:</b> 12 zł 92 gr.','resized/_H03____el_do_my_50ddce4407de6_120x120.png','_H03____el_do_my_50ddce440ef35.png','Y',0.0000,'kg',0.0000,0.0000,0.0000,'cm','',0,1356652800,'','N',0,NULL,1356713540,1356713540,'[H03] Żel do mycia silnie zabrudzonych rąk 0.5l.',0,'','',3,'szt.',0,'N,N,N,N,N,N,20%,10%,','none,0,0,1','','0,0'),(159,1,0,'H04','Żel do mycia silnie zabrudzonych rąk 3l.\r\n\r\n<br />rozpuszczający smary\r\n<br />ze ścierniwem i gliceryną\r\n<br /><B>Cena brutto:</B> 55 zł 35 gr.','Żel do mycia silnie zabrudzonych rąk 3l.\r\n\r\n<br />rozpuszczający smary\r\n<br />ze ścierniwem i gliceryną\r\n<br /><B>Cena brutto:</B> 55 zł 35 gr.','resized/_H04____el_do_my_50df18f33514c_120x120.png','_H04____el_do_my_50df18f33d5ff.png','Y',0.0000,'kg',0.0000,0.0000,0.0000,'cm','',0,1356739200,'','N',0,NULL,1356798195,1356798195,'[H04] Żel do mycia silnie zabrudzonych rąk 3l.',0,'','',3,'szt.',0,'N,N,N,N,N,N,20%,10%,','none,0,0,1','','0,0'),(160,1,0,'S01','Tabletki solne 20kg.\r\n<br /><B />Cena netto 1kg.:</b> 0 zł 85 gr.\r\n<br /><B />Cena brutto:</b> 20 zł 91 gr.','Tabletki solne 20kg.\r\n<br /><B />Cena netto 1kg.:</b> 0 zł 85 gr.\r\n<br /><B />Cena brutto:</b> 20 zł 91 gr.','resized/_S01__Tabletki_s_50df19a3ce062_120x120.png','_S01__Tabletki_s_50df19a3e31e1.png','Y',0.0000,'kg',0.0000,0.0000,0.0000,'cm','',0,1356739200,'','N',0,NULL,1356798372,1358847773,'[S01] Tabletki solne 20kg.',0,'','',3,'szt.',0,'N,N,N,N,N,Y,20%,10%,','none,0,0,1','','0,0'),(161,1,0,'S02','Proszek do prania EKO 20 kg.\r\n<br />nie zawiera fosforanów\r\n<br />uniwersalny\r\n<Br /><B>Cena netto 1kg.:</b> 2 zł 39 gr.\r\n<Br /><B>Cena brutto:</B> 58 zł 79 gr.','Proszek do prania EKO 20 kg.\r\n<br />nie zawiera fosforanów\r\n<br />uniwersalny\r\n<Br /><B>Cena netto 1kg.:</b> 2 zł 39 gr.\r\n<Br /><B>Cena brutto:</B> 58 zł 79 gr.','resized/_S02__Proszek_do_50ef3c4faee10_120x120.png','_S02__Proszek_do_50ef3c4fb6b3a.png','Y',0.0000,'kg',0.0000,0.0000,0.0000,'cm','',0,1356739200,'','N',0,NULL,1356798610,1357855823,'[S02] Proszek do prania EKO 20 kg.',0,'','',3,'szt.',0,'N,N,N,N,N,Y,20%,10%,','none,0,0,1','','0,0'),(162,1,0,'S03','Proszek do prania EKO 20 kg.\r\n<br />nie zawiera fosforanów\r\n<br />do koloru\r\n<Br /><B>Cena netto 1kg.:</b> 2 zł 39 gr.\r\n<Br /><B>Cena brutto:</B> 58 zł 79 gr.','Proszek do prania EKO 20 kg.\r\n<br />nie zawiera fosforanów\r\n<br />do koloru\r\n<Br /><B>Cena netto 1kg.:</b> 2 zł 39 gr.\r\n<Br /><B>Cena brutto:</B> 58 zł 79 gr.','resized/_S03__Proszek_do_50ef3c790c205_120x120.png','_S03__Proszek_do_50ef3c7913ae1.png','Y',0.0000,'kg',0.0000,0.0000,0.0000,'cm','',0,1356739200,'','N',0,NULL,1356798704,1357855865,'[S03] Proszek do prania EKO 20 kg.',0,'','',3,'szt.',0,'N,N,N,N,N,Y,20%,10%,','none,0,0,1','','0,0'),(163,1,0,'S04','Proszek do prania EKO 20 kg.\r\n<br />nie zawiera fosforanów\r\n<br />do białego\r\n<Br /><B>Cena netto 1kg.:</b> 2 zł 39 gr.\r\n<Br /><B>Cena brutto:</B> 58 zł 79 gr.','Proszek do prania EKO 20 kg.\r\n<br />nie zawiera fosforanów\r\n<br />do białego\r\n<Br /><B>Cena netto 1kg.:</b> 2 zł 39 gr.\r\n<Br /><B>Cena brutto:</B> 58 zł 79 gr.','resized/_S04__Proszek_do_50ef3ca9726b3_120x120.png','_S04__Proszek_do_50ef3ca97a39d.png','Y',0.0000,'kg',0.0000,0.0000,0.0000,'cm','',0,1356739200,'','N',0,NULL,1356798975,1357855913,'[S04] Proszek do prania EKO 20 kg.',0,'','',3,'szt.',0,'N,N,N,N,N,Y,20%,10%,','none,0,0,1','','0,0'),(164,1,0,'S05','Proszek do prania NORMAL 20 kg.\r\n<br />nie zawiera fosforanów\r\n<br />uniwersalny\r\n<Br /><B>Cena netto 1kg.:</b> 2 zł 99 gr.\r\n<Br /><B>Cena brutto:</B> 73 zł 55 gr.','Proszek do prania NORMAL 20 kg.\r\n<br />nie zawiera fosforanów\r\n<br />uniwersalny\r\n<Br /><B>Cena netto 1kg.:</b> 2 zł 99 gr.\r\n<Br /><B>Cena brutto:</B> 73 zł 55 gr.','resized/_S05__Proszek_do_50ef3d0cc5d92_120x120.png','_S05__Proszek_do_50ef3d0ccda9b.png','Y',0.0000,'kg',0.0000,0.0000,0.0000,'cm','',0,1356739200,'','N',0,NULL,1356799168,1357856012,'[S05] Proszek do prania NORMAL 20 kg.',0,'','',3,'szt.',0,'N,N,N,N,N,Y,20%,10%,','none,0,0,1','','0,0'),(165,1,0,'S06','Proszek do prania NORMAL 20 kg.\r\n<br />nie zawiera fosforanów\r\n<br />do koloru\r\n<Br /><B>Cena netto 1kg.:</b> 2 zł 99 gr.\r\n<Br /><B>Cena brutto:</B> 73 zł 55 gr.','Proszek do prania NORMAL 20 kg.\r\n<br />nie zawiera fosforanów\r\n<br />do koloru\r\n<Br /><B>Cena netto 1kg.:</b> 2 zł 99 gr.\r\n<Br /><B>Cena brutto:</B> 73 zł 55 gr.','resized/_S06__Proszek_do_50ef3d30a06d5_120x120.png','_S06__Proszek_do_50ef3d30a60eb.png','Y',0.0000,'kg',0.0000,0.0000,0.0000,'cm','',0,1356739200,'','N',0,NULL,1356799244,1357856048,'[S06] Proszek do prania NORMAL 20kg.',0,'','',3,'szt.',0,'N,N,N,N,N,Y,20%,10%,','none,0,0,1','','0,0'),(166,1,0,'S07','Proszek do prania NORMAL 20 kg.\r\n<br />nie zawiera fosforanów\r\n<br />do białego\r\n<Br /><B>Cena netto 1kg.:</b> 2 zł 99 gr.\r\n<Br /><B>Cena brutto:</B> 73 zł 55 gr.','Proszek do prania NORMAL 20 kg.\r\n<br />nie zawiera fosforanów\r\n<br />do białego\r\n<Br /><B>Cena netto 1kg.:</b> 2 zł 99 gr.\r\n<Br /><B>Cena brutto:</B> 73 zł 55 gr.','resized/_S07__Proszek_do_50ef3d57123f8_120x120.png','_S07__Proszek_do_50ef3d5719d31.png','Y',0.0000,'kg',0.0000,0.0000,0.0000,'cm','',0,1356739200,'','N',0,NULL,1356799300,1357856087,'[S07] Proszek do prania NORMAL 20kg.',0,'','',3,'szt.',0,'N,N,N,N,N,Y,20%,10%,','none,0,0,1','','0,0'),(167,1,0,'S08','Proszek do prania STANDARD 20 kg.\r\n<Br />nie zawiera fosforanów\r\n<br />do koloru\r\n<br /><B />Cena netto 1kg.:</b> 3 zł 99 gr.\r\n<br /><B />Cena brutto:</b> 73 zł 78 gr.','Proszek do prania STANDARD 20 kg.\r\n<Br />nie zawiera fosforanów\r\n<br />do koloru\r\n<br /><B />Cena netto 1kg.:</b> 3 zł 99 gr.\r\n<br /><B />Cena brutto:</b> 73 zł 78 gr.','resized/_S08__Proszek_do_50df1dbf93b02_120x120.png','_S08__Proszek_do_50df1dbf9f797.png','Y',0.0000,'kg',0.0000,0.0000,0.0000,'cm','',0,1356739200,'','N',0,NULL,1356799423,1356799423,'[S08] Proszek do prania STANDARD 20 kg.',0,'','',3,'szt.',0,'N,N,N,N,N,N,20%,10%,','none,0,0,1','','0,0'),(168,1,0,'S09','Proszek do prania STANDARD 20 kg.\r\n<Br />nie zawiera fosforanów\r\n<br />do białego\r\n<br /><B />Cena netto 1kg.:</b> 3 zł 99 gr.\r\n<br /><B />Cena brutto:</b> 73 zł 78 gr.','Proszek do prania STANDARD 20 kg.\r\n<Br />nie zawiera fosforanów\r\n<br />do białego\r\n<br /><B />Cena netto 1kg.:</b> 3 zł 99 gr.\r\n<br /><B />Cena brutto:</b> 73 zł 78 gr.','resized/_S09__Proszek_do_50df1defb5711_120x120.png','_S09__Proszek_do_50df1defbd88c.png','Y',0.0000,'kg',0.0000,0.0000,0.0000,'cm','',0,1356739200,'','N',0,NULL,1356799471,1356799471,'[S09] Proszek do prania STANDARD 20 kg.',0,'','',3,'szt.',0,'N,N,N,N,N,N,20%,10%,','none,0,0,1','','0,0'),(169,1,0,'S10','Proszek koncentrat 20 kg.\r\n<Br />(do 90% większa objętość proszku)\r\n<br />nie zawiera fosforanów\r\n<br />większa wydajność\r\n<br />do koloru\r\n<Br /><B>Cena netto 1kg.:</B> 5 zł 29 gr.\r\n<br /><B />Cena brutto:</b> 130 zł 13 gr.','Proszek koncentrat 20 kg.\r\n<Br />(do 90% większa objętość proszku)\r\n<br />nie zawiera fosforanów\r\n<br />większa wydajność\r\n<br />do koloru\r\n<Br /><B>Cena netto 1kg.:</B> 5 zł 29 gr.\r\n<br /><B />Cena brutto:</b> 130 zł 13 gr.','resized/_S10__Proszek_ko_50eedfb291df9_120x120.png','_S10__Proszek_ko_50eedfb299326.png','Y',0.0000,'kg',0.0000,0.0000,0.0000,'cm','',0,1356739200,'','N',0,NULL,1356799667,1357832114,'[S10] Proszek koncentrat 20 kg.',0,'','',3,'szt.',0,'N,N,N,N,N,Y,20%,10%,','none,0,0,1','','0,0'),(170,1,0,'S11','Proszek koncentrat 20 kg.\r\n<Br />(do 90% większa objętość proszku)\r\n<br />nie zawiera fosforanów\r\n<br />większa wydajność\r\n<br />do białego\r\n<Br /><B>Cena netto 1kg.:</B> 5 zł 29 gr.\r\n<br /><B />Cena brutto:</b> 130 zł 13 gr.','Proszek koncentrat 20 kg.\r\n<Br />(do 90% większa objętość proszku)\r\n<br />nie zawiera fosforanów\r\n<br />większa wydajność\r\n<br />do białego\r\n<Br /><B>Cena netto 1kg.:</B> 5 zł 29 gr.\r\n<br /><B />Cena brutto:</b> 130 zł 13 gr.','resized/_S11__Proszek_ko_50eedf5244462_120x120.png','_S11__Proszek_ko_50eedf5251b1f.png','Y',0.0000,'kg',0.0000,0.0000,0.0000,'cm','',0,1356739200,'','N',0,NULL,1356799760,1357832018,'[S11] Proszek koncentrat 20 kg.',0,'','',3,'szt.',0,'N,N,N,N,N,Y,20%,10%,','none,0,0,1','','0,0'),(171,1,0,'S12','Proszek do prania silnych zabrudzeń 20kg.\r\n<Br />(większa objętość proszku)\r\n<br />większa wydajność\r\n<br />do koloru\r\n<Br /><B>Cena netto 1kg.:</B> 6 zł 50 gr.\r\n<br /><B />Cena brutto:</b> 159 zł 90 gr.','Proszek do prania silnych zabrudzeń 20kg.\r\n<Br />(większa objętość proszku)\r\n<br />większa wydajność\r\n<br />do koloru\r\n<Br /><B>Cena netto 1kg.:</B> 6 zł 50 gr.\r\n<br /><B />Cena brutto:</b> 159 zł 90 gr.','resized/_S12__Proszek_do_50df1fa1bcf54_120x120.png','_S12__Proszek_do_50df1fa1c5521.png','Y',0.0000,'kg',0.0000,0.0000,0.0000,'cm','',0,1356739200,'','N',0,NULL,1356799905,1356799905,'[S12] Proszek do prania silnych zabrudzeń 20kg.',0,'','',3,'szt.',0,'N,N,N,N,N,N,20%,10%,','none,0,0,1','','0,0'),(172,1,0,'S13','Proszek do prania silnych zabrudzeń 20kg.\r\n<Br />(większa objętość proszku)\r\n<br />większa wydajność\r\n<br />do białego\r\n<Br /><B>Cena netto 1kg.:</B> 6 zł 50 gr.\r\n<br /><B />Cena brutto:</b> 159 zł 90 gr.','Proszek do prania silnych zabrudzeń 20kg.\r\n<Br />(większa objętość proszku)\r\n<br />większa wydajność\r\n<br />do białego\r\n<Br /><B>Cena netto 1kg.:</B> 6 zł 50 gr.\r\n<br /><B />Cena brutto:</b> 159 zł 90 gr.','resized/_S13__Proszek_do_50df205008103_120x120.png','_S13__Proszek_do_50df20500fe17.png','Y',0.0000,'kg',0.0000,0.0000,0.0000,'cm','',0,1356739200,'','N',0,NULL,1356800080,1356800080,'[S13] Proszek do prania silnych zabrudzeń 20kg.',0,'','',3,'szt.',0,'N,N,N,N,N,N,20%,10%,','none,0,0,1','','0,0'),(173,1,0,'S14','Proszek do prania dezynfekujący 20 kg.\r\n<Br />nie zawiera fosforanów\r\n<Br /><B>Cena netto 1kg.:</B> 6 zł 99 gr.\r\n<br /><B />Cena brutto:</b> 127 zł 92 gr.','Proszek do prania dezynfekujący 20 kg.\r\n<Br />nie zawiera fosforanów\r\n<Br /><B>Cena netto 1kg.:</B> 6 zł 99 gr.\r\n<br /><B />Cena brutto:</b> 127 zł 92 gr.','resized/_S14__Proszek_do_50df20d13b7cd_120x120.png','_S14__Proszek_do_50df20d143d3c.png','Y',0.0000,'kg',0.0000,0.0000,0.0000,'cm','',0,1356739200,'','N',0,NULL,1356800209,1356800209,'[S14] Proszek do prania dezynfekujący 20 kg.',0,'','',3,'szt.',0,'N,N,N,N,N,N,20%,10%,','none,0,0,1','','0,0'),(174,1,0,'S15','PULVERRR Proszek do prania uniwersalny do koloru \r\n 9kg.\r\n<br />nie zawiera fosforanów\r\n<br />uniwersalny\r\n<br /><B>Cena brutto:</B> 55 zł 35 gr.','PULVERRR Proszek do prania uniwersalny do koloru \r\n 9kg.\r\n<br />nie zawiera fosforanów\r\n<br />uniwersalny\r\n<br /><B>Cena brutto:</B> 55 zł 35 gr.','resized/_S15__PULVERRR_P_50df21e5a32e7_120x120.png','_S15__PULVERRR_P_50df21e5aa097.png','Y',0.0000,'kg',0.0000,0.0000,0.0000,'cm','',0,1356739200,'','N',0,NULL,1356800485,1359135241,'[S15] PULVERRR Proszek do prania uniwersalny do koloru 9kg.',0,'','',3,'szt.',0,'N,N,N,N,N,Y,20%,10%,','none,0,0,1','','0,0'),(175,1,0,'S16','PULVERRR Proszek do prania uniwersalny do koloru 9kg.\r\n<br />nie zawiera fosforanów\r\n<br />do białego\r\n<br /><B>Cena brutto:</B> 61 zł 50 gr.','PULVERRR Proszek do prania uniwersalny do koloru 9kg.\r\n<br />nie zawiera fosforanów\r\n<br />do białego\r\n<br /><B>Cena brutto:</B> 61 zł 50 gr.','resized/_S16__PULVERRR_P_50df226e866da_120x120.png','_S16__PULVERRR_P_50df226e90a5b.png','Y',0.0000,'kg',0.0000,0.0000,0.0000,'cm','',0,1356739200,'','N',0,NULL,1356800622,1359135383,'[S16] PULVERRR Proszek do prania uniwersalny do koloru 9kg.',0,'','',3,'szt.',0,'N,N,N,N,N,Y,20%,10%,','none,0,0,1','','0,0'),(176,1,0,'S17','PULVERRR Proszek do prania uniwersalny do białego 9kg.\r\n<br />nie zawiera fosforanów\r\n<br />do koloru\r\n<br /><B>Cena brutto:</B> 61 zł 50 gr.','PULVERRR Proszek do prania uniwersalny do białego 9kg.\r\n<br />nie zawiera fosforanów\r\n<br />do koloru\r\n<br /><B>Cena brutto:</B> 61 zł 50 gr.','resized/_S17__PULVERRR_P_50df22d20ad28_120x120.png','_S17__PULVERRR_P_50df22d20fb45.png','Y',0.0000,'kg',0.0000,0.0000,0.0000,'cm','',0,1356739200,'','N',0,NULL,1356800722,1359135367,'[S17] PULVERRR Proszek do prania uniwersalny do białego 9kg.',0,'','',3,'szt.',0,'N,N,N,N,N,Y,20%,10%,','none,0,0,1','','0,0'),(177,1,0,'S18','PULVERRR odplamiacz w proszku 0.7 kg\r\n<br />do koloru i białego\r\n<Br /><B />Cena brutto:</b> 14 zł 76 gr.','PULVERRR odplamiacz w proszku 0.7 kg\r\n<br />do koloru i białego\r\n<Br /><B />Cena brutto:</b> 14 zł 76 gr.','resized/_S18__PULVERRR_o_50df238635b19_120x120.png','_S18__PULVERRR_o_50df23863c0e4.png','Y',0.0000,'kg',0.0000,0.0000,0.0000,'cm','',0,1356739200,'','N',0,NULL,1356800902,1356800902,'[S18] PULVERRR odplamiacz w proszku 0.7 kg',0,'','',3,'szt.',0,'N,N,N,N,N,N,20%,10%,','none,0,0,1','','0,0'),(178,1,0,'S19','Płyn do prania koncentrat 32l.\r\n<br />do koloru\r\n<Br /><B>Cena netto 1l.:</b> 3 zł 89 gr.\r\n<br /><B>Cena brutto:</B> 153 zł 11 gr.','Płyn do prania koncentrat 32l.\r\n<br />do koloru\r\n<Br /><B>Cena netto 1l.:</b> 3 zł 89 gr.\r\n<br /><B>Cena brutto:</B> 153 zł 11 gr.','resized/_S19__P__yn_do_p_50df2486de5e6_120x120.png','_S19__P__yn_do_p_50df2486e633d.png','Y',0.0000,'kg',0.0000,0.0000,0.0000,'cm','',0,1356739200,'','N',0,NULL,1356801158,1356801158,'[S19] Płyn do prania koncentrat 32l.',0,'','',3,'szt.',0,'N,N,N,N,N,N,20%,10%,','none,0,0,1','','0,0'),(179,1,0,'S20','Płyn do prania koncentrat 32 l.\r\n<br />do białego\r\n<br /><B>Cena netto 1l.:</B> 3 zł 89 gr.\r\n<br /><B />Cena brutto:</b> 153 zł 12 gr.','Płyn do prania koncentrat 32 l.\r\n<br />do białego\r\n<br /><B>Cena netto 1l.:</B> 3 zł 89 gr.\r\n<br /><B />Cena brutto:</b> 153 zł 12 gr.','resized/_S20__P__yn_do_p_50df25cb921b0_120x120.png','_S20__P__yn_do_p_50df25cb9a67b.png','Y',0.0000,'kg',0.0000,0.0000,0.0000,'cm','',0,1356739200,'','N',0,NULL,1356801483,1356801483,'[S20] Płyn do prania koncentrat 32 l.',0,'','',3,'szt.',0,'N,N,N,N,N,N,20%,10%,','none,0,0,1','','0,0'),(180,1,0,'S21','Proszek do czyszczenia wykładzin, dywanów, tapicerek 10kg.\r\n<br /><B>Cena netto 1kg.:</B> 9 zł\r\n<br /><B />Cena brutto:</b> 110 zł 70 gr.','Proszek do czyszczenia wykładzin, dywanów, tapicerek 10kg.\r\n<br /><B>Cena netto 1kg.:</B> 9 zł\r\n<br /><B />Cena brutto:</b> 110 zł 70 gr.','resized/_S21__Proszek_do_50df267b86da3_120x120.png','_S21__Proszek_do_50df267b8fa42.png','Y',0.0000,'kg',0.0000,0.0000,0.0000,'cm','',0,1356739200,'','N',0,NULL,1356801659,1356802015,'[S21] Proszek do czyszczenia wykładzin, dywanów, tapicerek 10kg.',0,'','',3,'szt.',0,'N,N,N,N,N,Y,20%,10%,','none,0,0,1','','0,0'),(181,1,0,'S22','Krochmal 32l.\r\n<Br />zwykły\r\n<br /><B />Cena netto 1kg.:</b> 2 zł 20 gr.\r\n<br /><B />Cena brutto:</b> 86 zł 59 gr.','Krochmal 32l.\r\n<Br />zwykły\r\n<br /><B />Cena netto 1kg.:</b> 2 zł 20 gr.\r\n<br /><B />Cena brutto:</b> 86 zł 59 gr.','resized/_S22__Krochmal_3_50df278c3e946_120x120.png','_S22__Krochmal_3_50df278c48d3a.png','Y',0.0000,'kg',0.0000,0.0000,0.0000,'cm','',0,1356739200,'','N',0,NULL,1356801932,1356801932,'[S22] Krochmal 32l.',0,'','',3,'szt.',0,'N,N,N,N,N,N,20%,10%,','none,0,0,1','','0,0'),(182,1,0,'S23','Krochmal 32l.\r\n<br />mocny\r\n<br /><B>Cena netto 1kg.:</b> 3 zł 50 gr.\r\n<br /><B>Cena brutto:</B> 137 zł 76 gr.','Krochmal 32l.\r\n<br />mocny\r\n<br /><B>Cena netto 1kg.:</b> 3 zł 50 gr.\r\n<br /><B>Cena brutto:</B> 137 zł 76 gr.','resized/_S23__Krochmal_3_50df286884ae2_120x120.png','_S23__Krochmal_3_50df28688eef1.png','Y',0.0000,'kg',0.0000,0.0000,0.0000,'cm','',0,1356739200,'','N',0,NULL,1356802152,1356802152,'[S23] Krochmal 32l.',0,'','',3,'szt.',0,'N,N,N,N,N,N,20%,10%,','none,0,0,1','','0,0'),(183,1,0,'S24','Krochmal 32l.\r\n<br />mocny\r\n<br /><B>Cena netto 1kg.:</b> 4 zł 80 gr.\r\n<br /><B>Cena brutto:</B> 188 zł 93 gr.','Krochmal 32l.\r\n<br />mocny\r\n<br /><B>Cena netto 1kg.:</b> 4 zł 80 gr.\r\n<br /><B>Cena brutto:</B> 188 zł 93 gr.','resized/_S24__Krochmal_3_50df28c7182f0_120x120.png','_S24__Krochmal_3_50df28c7224b1.png','Y',0.0000,'kg',0.0000,0.0000,0.0000,'cm','',0,1356739200,'','N',0,NULL,1356802247,1356802247,'[S24] Krochmal 32l.',0,'','',3,'szt.',0,'N,N,N,N,N,N,20%,10%,','none,0,0,1','','0,0'),(184,1,0,'S25','Odplamiacz w płynie 32l.\r\n<br />odpowiednik Vanish\'a\r\n<br />do koloru\r\n<br /><B>Cena netto 1kg.:</B> 6 zł 70 gr.\r\n<br /><B />Cena brutto:</b> 263 zł 71 gr.','Odplamiacz w płynie 32l.\r\n<br />odpowiednik Vanish\'a\r\n<br />do koloru\r\n<br /><B>Cena netto 1kg.:</B> 6 zł 70 gr.\r\n<br /><B />Cena brutto:</b> 263 zł 71 gr.','resized/_S25__Odplamiacz_50ee9df2cfd3a_120x120.png','_S25__Odplamiacz_50ee9df2d994f.png','Y',0.0000,'kg',0.0000,0.0000,0.0000,'cm','',0,1356739200,'','N',0,NULL,1356802485,1357815282,'[S25] Odplamiacz w płynie 32l.',0,'','',3,'szt.',0,'N,N,N,N,N,Y,20%,10%,','none,0,0,1','','0,0'),(185,1,0,'S26','Odplamiacz w płynie 32l.\r\n<br />odpowiednik Vanish\'a\r\n<br />do białego\r\n<br /><B>Cena netto 1kg.:</B> 6 zł 70 gr.\r\n<br /><B />Cena brutto:</b> 263 zł 71 gr.','Odplamiacz w płynie 32l.\r\n<br />odpowiednik Vanish\'a\r\n<br />do białego\r\n<br /><B>Cena netto 1kg.:</B> 6 zł 70 gr.\r\n<br /><B />Cena brutto:</b> 263 zł 71 gr.','resized/_S26___Odplamiac_50ee9e744e275_120x120.png','_S26___Odplamiac_50ee9e7457f6a.png','Y',0.0000,'kg',0.0000,0.0000,0.0000,'cm','',0,1356739200,'','N',0,NULL,1356802542,1357815412,'[S26]  Odplamiacz w płynie 32l.',0,'','',3,'szt.',0,'N,N,N,N,N,Y,20%,10%,','none,0,0,1','','0,0'),(186,1,0,'S27','Odplamiacz w proszku 20 kg.\r\n<br />odpowiednik Vanish\'a\r\n<br />do koloru i białego\r\n<Br /><B>Cena netto 1 kg.:</b> 8 zł\r\n<br /><B>Cena brutto:</B> 196 zł 80 gr.','Odplamiacz w proszku 20 kg.\r\n<br />odpowiednik Vanish\'a\r\n<br />do koloru i białego\r\n<Br /><B>Cena netto 1 kg.:</b> 8 zł\r\n<br /><B>Cena brutto:</B> 196 zł 80 gr.','resized/_S27__Odplamiacz_50df2a9845e6f_120x120.png','_S27__Odplamiacz_50df2a984d7a2.png','Y',0.0000,'kg',0.0000,0.0000,0.0000,'cm','',0,1356739200,'','N',0,NULL,1356802712,1356802712,'[S27] Odplamiacz w proszku 20 kg.',0,'','',3,'szt.',0,'N,N,N,N,N,N,20%,10%,','none,0,0,1','','0,0'),(187,1,0,'S28','Płyn do płukania tkanin 32l.\r\n<br /><B>Cena netto 1l.:</b> 1 zł 99 gr.\r\n<br /><B>Cena brutto:</B> 72 zł 82 gr.','Płyn do płukania tkanin 32l.\r\n<br /><B>Cena netto 1l.:</b> 1 zł 99 gr.\r\n<br /><B>Cena brutto:</B> 72 zł 82 gr.','resized/_S28__P__yn_do_p_50df2b1641477_120x120.png','_S28__P__yn_do_p_50df2b1649546.png','Y',0.0000,'kg',0.0000,0.0000,0.0000,'cm','',0,1356739200,'','N',0,NULL,1356802838,1356802838,'[S28] Płyn do płukania tkanin 32l.',0,'','',3,'szt.',0,'N,N,N,N,N,N,20%,10%,','none,0,0,1','','0,0'),(188,1,0,'S29','Płyn do płukania tkanin 32l.\r\n<br />koncentrat\r\n<br /><B>Cena netto 1l.:</B> 3 zł 59 gr.\r\n<br /><B />Cena brutto:</b> 141 zł 30 gr.','Płyn do płukania tkanin 32l.\r\n<br />koncentrat\r\n<br /><B>Cena netto 1l.:</B> 3 zł 59 gr.\r\n<br /><B />Cena brutto:</b> 141 zł 30 gr.','resized/_S29__P__yn_do_p_50df2bff92e7b_120x120.png','_S29__P__yn_do_p_50df2bff9d2a9.png','Y',0.0000,'kg',0.0000,0.0000,0.0000,'cm','',0,1356739200,'','N',0,NULL,1356803071,1356803071,'[S29] Płyn do płukania tkanin 32l.',0,'','',3,'szt.',0,'N,N,N,N,N,N,20%,10%,','none,0,0,1','','0,0'),(189,1,0,'S30','Wybielacz chlorowy 32l.\r\n<br /><B>Cena netto 1l.:</B> 3 zł 59 gr.\r\n<br /><B />Cena brutto:</b> 141 zł 30 gr.','Wybielacz chlorowy 32l.\r\n<br /><B>Cena netto 1l.:</B> 3 zł 59 gr.\r\n<br /><B />Cena brutto:</b> 141 zł 30 gr.','resized/_S30__Wybielacz__50ee9c4a20ee9_120x120.png','_S30__Wybielacz__50ee9c4a2bee2.png','Y',0.0000,'kg',0.0000,0.0000,0.0000,'cm','',0,1356739200,'','N',0,NULL,1356803243,1357814858,'[S30] Wybielacz chlorowy 32l.',0,'','',3,'szt.',0,'N,N,N,N,N,Y,20%,10%,','none,0,0,1','','0,0'),(190,1,0,'S31','Wybielacz bezchlorowy 32l.\r\n<Br /><B>Cena netto 1l.:</B> 3 zł 59 gr.\r\n<br /><B />Cena brutto:</b> 141 zł 30 gr.','Wybielacz bezchlorowy 32l.\r\n<Br /><B>Cena netto 1l.:</B> 3 zł 59 gr.\r\n<br /><B />Cena brutto:</b> 141 zł 30 gr.','resized/_S31__Wybielacz__50ee9d91b1129_120x120.png','_S31__Wybielacz__50ee9d91bb91c.png','Y',0.0000,'kg',0.0000,0.0000,0.0000,'cm','',-2,1356739200,'','N',0,NULL,1356803383,1357815185,'[S31] Wybielacz bezchlorowy 32l.',2,'','',3,'szt.',0,'N,N,N,N,N,Y,20%,10%,','none,0,0,1','','0,0'),(191,1,0,'S32','Wspomagacz prania detergentowo-zasadowy 10l.\r\n<Br />koncentrat\r\n<br />skuteczny do usuwania plam z tłuszczów, olejów roślinnych itp.\r\n<br /><B>Cena netto 1l.:</b> 4 zł 50 gr.\r\n<br /><B>Cena brutto:</B> 55 zł 35 gr.','Wspomagacz prania detergentowo-zasadowy 10l.\r\n<Br />koncentrat\r\n<br />skuteczny do usuwania plam z tłuszczów, olejów roślinnych itp.\r\n<br /><B>Cena netto 1l.:</b> 4 zł 50 gr.\r\n<br /><B>Cena brutto:</B> 55 zł 35 gr.','resized/_S32__Wspomagacz_50df2e0c3376a_120x120.png','_S32__Wspomagacz_50df2e0c3c01b.png','Y',0.0000,'kg',0.0000,0.0000,0.0000,'cm','',0,1356739200,'','N',0,NULL,1356803596,1356803596,'[S32] Wspomagacz prania detergentowo-zasadowy 10l.',0,'','',3,'szt.',0,'N,N,N,N,N,N,20%,10%,','none,0,0,1','','0,0'),(192,1,0,'S33','Wspomagacz prania detergentowo-kwaśny 10l.\r\n<Br />koncentrat\r\n<Br />Skuteczny do usuwania plam rdzy, owoców itp.\r\n<Br /><B>Cena netto 1l.:</B> 4 zł 50 gr.\r\n<Br /><B />Cena brutto:</b> 55 zł 35 gr.','Wspomagacz prania detergentowo-kwaśny 10l.\r\n<Br />koncentrat\r\n<Br />Skuteczny do usuwania plam rdzy, owoców itp.\r\n<Br /><B>Cena netto 1l.:</B> 4 zł 50 gr.\r\n<Br /><B />Cena brutto:</b> 55 zł 35 gr.','resized/_S33__Wspomagacz_50df2eb8e14f0_120x120.png','_S33__Wspomagacz_50df2eb8ea18f.png','Y',0.0000,'kg',0.0000,0.0000,0.0000,'cm','',0,1356739200,'','N',0,NULL,1356803768,1356803768,'[S33] Wspomagacz prania detergentowo-kwaśny 10l.',0,'','',3,'szt.',0,'N,N,N,N,N,N,20%,10%,','none,0,0,1','','0,0'),(193,1,0,'S34','Środek do neutralizacji wartości PH 10l.\r\n<br />w ostatniej kąpieli płuczącej\r\n<br />zalecany przy użyciu preparatu S12, S13 lub S31\r\n<br /><B>Cena netto 1l.:</b> 4 zł 50 gr.\r\n<br /><B>Cena brutto:</B> 55 zł 35 gr.','Środek do neutralizacji wartości PH 10l.\r\n<br />w ostatniej kąpieli płuczącej\r\n<br />zalecany przy użyciu preparatu S12, S13 lub S31\r\n<br /><B>Cena netto 1l.:</b> 4 zł 50 gr.\r\n<br /><B>Cena brutto:</B> 55 zł 35 gr.','resized/_S34____rodek_do_50ee9bada7bc9_120x120.png','_S34____rodek_do_50ee9badb0746.png','Y',0.0000,'kg',0.0000,0.0000,0.0000,'cm','',0,1356739200,'','N',0,NULL,1356803969,1357814701,'[S34] Środek do neutralizacji wartości PH 10l.',0,'','',3,'szt.',0,'N,N,N,N,N,Y,20%,10%,','none,0,0,1','','0,0'),(194,1,0,'S35','Pachnące pranie - kompozycje zapachowe dla pralni 750ml.\r\n<br />z atomizerem\r\n<br /><B>Cena brutto:</B> 12 zł 29 gr.','Pachnące pranie - kompozycje zapachowe dla pralni 750ml.\r\n<br />z atomizerem\r\n<br /><B>Cena brutto:</B> 12 zł 29 gr.','resized/_S35__Pachn__ce__50df3048e5715_120x120.png','_S35__Pachn__ce__50df3048ec20d.png','Y',0.0000,'kg',0.0000,0.0000,0.0000,'cm','',0,1356739200,'','N',0,NULL,1356804168,1356804168,'[S35] Pachnące pranie - kompozycje zapachowe dla pralni 750ml.',0,'','',3,'szt.',0,'N,N,N,N,N,N,20%,10%,','none,0,0,1','','0,0'),(195,1,0,'S36','Pachnące pranie - kompozycje zapachowe dla pralni 5l.\r\n<Br />kanister\r\n<br /><B>Cena brutto:</B> 60 zł 15 gr.','Pachnące pranie - kompozycje zapachowe dla pralni 5l.\r\n<Br />kanister\r\n<br /><B>Cena brutto:</B> 60 zł 15 gr.','resized/_S36__Pachn__ce__50df30eeaafcb_120x120.png','_S36__Pachn__ce__50df30eeb210a.png','Y',0.0000,'kg',0.0000,0.0000,0.0000,'cm','',0,1356739200,'','N',0,NULL,1356804334,1356804334,'[S36] Pachnące pranie - kompozycje zapachowe dla pralni 5l.',0,'','',3,'szt.',0,'N,N,N,N,N,N,20%,10%,','none,0,0,1','','0,0'),(196,1,0,'PR01','Cleaner profesjonalny płyn do czyszczenia podłóg 1kg.\r\n<br />zasadowy (niskopienny)\r\n<Br />koncentrat zalecany do maszyn czyszczących\r\n<br />wysoce skuteczny preparat...\r\n<br /><B />Cena brutto:</b> 5 zł 54 gr.','Cleaner profesjonalny płyn do czyszczenia podłóg 1kg.\r\n<br />zasadowy (niskopienny)\r\n<Br />koncentrat zalecany do maszyn czyszczących\r\n<br />wysoce skuteczny preparat do gruntownego doczyszczania podłóg odpornych na działanie środków alkalicznych. Odpowiedni do usuwania bardzo twardych powłok polimerowych, poliuretanowych, woskowych i emulsji połyskowych. Szczególnie polecany w przypadku bardzo uporczywych zabrudzeń do użycia ręcznego lub maszynowego. (Nie stosować do podłóg drewnianych, korkowych oraz powierzchni linoleum).\r\n<Br />opakowanie 10l., opakowanie 32l., opakowanie 220l., opakowanie 1000l.\r\n<br /><B />Cena brutto:</b> 5 zł 54 gr.','resized/_PR01__Cleaner_p_50f6ac823825e_120x120.png','_PR01__Cleaner_p_50f6ac824223b.png','Y',0.0000,'kg',0.0000,0.0000,0.0000,'cm','',-1,1356998400,'','N',0,NULL,1357048955,1358343298,'[PR01] Cleaner profesjonalny płyn do czyszczenia podłóg 1kg.',1,'','',3,'szt.',0,'N,N,N,N,N,Y,20%,10%,','none,0,0,1','','0,0'),(197,1,0,'PR02','Turbo-cleaner profesjonalny płyn do czyszczenia podłóg 1kg.\r\n<br />zasadowy (niskopienny)\r\n<br />koncentrat zalecany do maszyn czyszczących\r\n<br />wysoce skuteczny preparat...\r\n<br /><B />Cena brutto:</b> 11 zł 7 gr.','Turbo-cleaner profesjonalny płyn do czyszczenia podłóg 1kg.\r\n<br />koncentrat zalecany do maszyn czyszczących\r\n<br />wysoce skuteczny preparat do gruntownego doczyszczania podłóg odpornych na działanie środków alkalicznych. Odpowiedni do usuwania bardzo twardych powłok polimerowych, poliuretanowych, woskowych i emulsji połyskowych. Szczególnie polecany w przypadku bardzo uporczywych zabrudzeń do użycia ręcznego lub maszynowego. (Nie stosować do podłóg drewnianych, korkowych oraz powierzchni linoleum).\r\nopakowanie 10l., opakowanie 32l., opakowanie 220l., opakowanie 1000l. \r\n<br /><B />Cena brutto:</b> 11 zł 7 gr.','resized/_PR2__Turbo_clea_50e2f55c06926_120x120.png','_PR2__Turbo_clea_50e2f55c12798.png','Y',0.0000,'kg',0.0000,0.0000,0.0000,'cm','',-1,1356998400,'','N',0,NULL,1357050987,1357052724,'[PR02] Turbo-cleaner profesjonalny płyn do czyszczenia podłóg 1k',1,'','',3,'szt.',0,'N,N,N,N,N,Y,20%,10%,','none,0,0,1','','0,0'),(198,1,0,'PR03','Turbo-floor profesjonalny płyn do czyszczenia podłóg 1kg.\r\n<br />zasadowy (niskopienny)\r\n<br />koncentrat zalecany do maszyn czyszczących\r\n<br />wysoce skuteczny preparat...\r\n<br /><B />Cena brutto:</b> 15 zł 38 gr.','Turbo-floor profesjonalny płyn do czyszczenia podłóg 1kg.\r\n<br />zasadowy (niskopienny)\r\n<br />koncentrat zalecany do maszyn czyszczących\r\n<br />wysoce skuteczny preparat...\r\n<br /><B />Cena brutto:</b> 15 zł 38 gr.','resized/_PR3__Turbo_floo_50e2f698e4b51_120x120.png','_PR3__Turbo_floo_50e2f698eb8af.png','Y',0.0000,'kg',0.0000,0.0000,0.0000,'cm','',0,1356998400,'','N',0,NULL,1357051544,1357052734,'[PR03] Turbo-floor profesjonalny płyn do czyszczenia podłóg 1kg.',0,'','',3,'szt.',0,'N,N,N,N,N,Y,20%,10%,','none,0,0,1','','0,0'),(199,1,0,'PR04','Płyn uniwersalny odtłuszczający - pieniący 1kg.\r\n<Br />skoncentrowany płyn do mycia wszelakich powierzchni, bezzapachowy, PH neutralne\r\n<br />opakowanie 32l., opakowanie 220l., opakowanie 1000l.\r\n<br /><B>Cena brutto:</B> 4 zł 31 gr.','Płyn uniwersalny odtłuszczający - pieniący 1kg.\r\n<Br />skoncentrowany płyn do mycia wszelakich powierzchni, bezzapachowy, PH neutralne\r\n<br />opakowanie 32l., opakowanie 220l., opakowanie 1000l.\r\n<br /><B>Cena brutto:</B> 4 zł 31 gr.','resized/_PR4__P__yn_uniw_50e2f76947749_120x120.png','_PR4__P__yn_uniw_50e2f7694e89f.png','Y',0.0000,'kg',0.0000,0.0000,0.0000,'cm','',0,1356998400,'','N',0,NULL,1357051753,1357052743,'[PR04] Płyn uniwersalny odtłuszczający - pieniący 1kg.',0,'','',3,'szt.',0,'N,N,N,N,N,Y,20%,10%,','none,0,0,1','','0,0'),(200,1,0,'PR05','Płyn uniwersalny odtłuszczający - niskopieniący 1l.\r\n<br />skoncentrowany płyn do mycia wszelakich powierzchni, bezzapachowy, PH neutralne\r\n<br />opakowanie 32l., opakowanie 220l., opakowanie 1000l.\r\n<br /><B>Cena brutto:</B> 4 zł 31 gr.','Płyn uniwersalny odtłuszczający - niskopieniący 1l.\r\n<br />skoncentrowany płyn do mycia wszelakich powierzchni, bezzapachowy, PH neutralne\r\n<br />opakowanie 32l., opakowanie 220l., opakowanie 1000l.\r\n<br /><B>Cena brutto:</B> 4 zł 31 gr.','resized/_PR5__P__yn_uniw_50e2f7fc0098c_120x120.png','_PR5__P__yn_uniw_50e2f7fc076db.png','Y',0.0000,'kg',0.0000,0.0000,0.0000,'cm','',0,1356998400,'','N',0,NULL,1357051900,1357052753,'[PR05] Płyn uniwersalny odtłuszczający - niskopieniący 1l.',0,'','',3,'szt.',0,'N,N,N,N,N,Y,20%,10%,','none,0,0,1','','0,0'),(201,1,0,'PR06','Płyn do mycia komór wędzarniczych 1l.\r\n<br />PH zasadowe\r\n<br />opakowanie 32l., opakowanie 220l., opakowanie 1000l.\r\n<br /><B />Cena brutto:</b> 5 zł 54 gr.','Płyn do mycia komór wędzarniczych 1l.\r\n<br />PH zasadowe\r\n<br />opakowanie 32l., opakowanie 220l., opakowanie 1000l.\r\n<br /><B />Cena brutto:</b> 5 zł 54 gr.','resized/_PR6__P__yn_do_m_50e2f887ce33a_120x120.png','_PR6__P__yn_do_m_50e2f887d4d1d.png','Y',0.0000,'kg',0.0000,0.0000,0.0000,'cm','',0,1356998400,'','N',0,NULL,1357052039,1357052762,'[PR06] Płyn do mycia komór wędzarniczych 1l.',0,'','',3,'szt.',0,'N,N,N,N,N,Y,20%,10%,','none,0,0,1','','0,0'),(202,1,0,'PR07','Płyn do mycia kijów wędzarniczych 1l.\r\n<br />PH zasadowe\r\n<br />opakowanie 32l., opakowanie 220l., opakowanie 1000l.\r\n<br /><B />Cena brutto:</b> 7 zł 26 gr.','Płyn do mycia kijów wędzarniczych 1l.\r\n<br />PH zasadowe\r\n<br />opakowanie 32l., opakowanie 220l., opakowanie 1000l.\r\n<br /><B />Cena brutto:</b> 7 zł 26 gr.','resized/_PR7__P__yn_do_m_50e2f90810456_120x120.png','_PR7__P__yn_do_m_50e2f908171b2.png','Y',0.0000,'kg',0.0000,0.0000,0.0000,'cm','',0,1356998400,'','N',0,NULL,1357052168,1357052774,'[PR07] Płyn do mycia kijów wędzarniczych 1l.',0,'','',3,'szt.',0,'N,N,N,N,N,Y,20%,10%,','none,0,0,1','','0,0'),(203,1,0,'PR08','Alkaiczny preparat do mycia cyrkulacyjnego (C.I.P.) 1l.\r\n<br />PH zasadowe\r\n<br />opakowanie 32l., opakowanie 220l., opakowanie 1000l.\r\n<Br /><B />Cena brutto:</b>','Alkaiczny preparat do mycia cyrkulacyjnego (C.I.P.) 1l.\r\n<br />PH zasadowe\r\n<br />opakowanie 32l., opakowanie 220l., opakowanie 1000l.\r\n<Br /><B />Cena brutto:</b>','resized/_PR8__Alkaiczny__50e2f9c6e46a9_120x120.png','_PR8__Alkaiczny__50e2f9c6ed399.png','Y',0.0000,'kg',0.0000,0.0000,0.0000,'cm','',0,1356998400,'','N',0,NULL,1357052359,1357052799,'[PR08] Alkaiczny preparat do mycia cyrkulacyjnego (C.I.P.) 1l.',0,'','',3,'szt.',0,'N,N,N,N,N,Y,20%,10%,','none,0,0,1','','0,0'),(204,1,0,'PR09','Kwaśny preparat do mycia cyrkulacyjnego i odkamienienia (C.I.P.) 1l.\r\n<Br />opakowanie 32l., opakowanie 220l., opakowanie 1000l.\r\n<br /><B>Cena brutto:</B> 5 zł 54 gr.','Kwaśny preparat do mycia cyrkulacyjnego i odkamienienia (C.I.P.) 1l.\r\n<Br />opakowanie 32l., opakowanie 220l., opakowanie 1000l.\r\n<br /><B>Cena brutto:</B> 5 zł 54 gr.','resized/_PR9__Kwa__ny_pr_50e2fa8893d45_120x120.png','_PR9__Kwa__ny_pr_50e2fa889ae78.png','Y',0.0000,'kg',0.0000,0.0000,0.0000,'cm','',0,1356998400,'','N',0,NULL,1357052552,1357052808,'[PR09] Kwaśny preparat do mycia cyrkulacyjnego i odkamienienia',0,'','',3,'szt.',0,'N,N,N,N,N,Y,20%,10%,','none,0,0,1','','0,0'),(205,1,0,'PR10','Piana aktywna zasadowa - koncentrat 1l.\r\n<Br />opakowanie 32l., opakowanie 220l., opakowanie 1000l.\r\n<br /><B />Cena brutto:</b> 6 zł 3 gr.','Piana aktywna zasadowa - koncentrat 1l.\r\n<Br />opakowanie 32l., opakowanie 220l., opakowanie 1000l.\r\n<br /><B />Cena brutto:</b> 6 zł 3 gr.','resized/_PR10__Piana_akt_50e2fb157e1f0_120x120.png','_PR10__Piana_akt_50e2fb158530d.png','Y',0.0000,'kg',0.0000,0.0000,0.0000,'cm','',0,1356998400,'','N',0,NULL,1357052693,1357052693,'[PR10] Piana aktywna zasadowa - koncentrat 1l.',0,'','',3,'szt.',0,'N,N,N,N,N,N,20%,10%,','none,0,0,1','','0,0'),(206,1,0,'PR11','Piana aktywna z chlorem 1l.\r\n<br />opakowanie 32l., opakowanie 220l., opakowanie 1000l.\r\n<br /><B>Cena brutto:</B> 8 zł 24 gr.','Piana aktywna z chlorem 1l.\r\n<br />opakowanie 32l., opakowanie 220l., opakowanie 1000l.\r\n<br /><B>Cena brutto:</B> 8 zł 24 gr.','resized/_PR11__Piana_akt_50e2fc3d3fbc3_120x120.png','_PR11__Piana_akt_50e2fc3d46921.png','Y',0.0000,'kg',0.0000,0.0000,0.0000,'cm','',0,1356998400,'','N',0,NULL,1357052989,1357052989,'[PR11] Piana aktywna z chlorem 1l.',0,'','',3,'szt.',0,'N,N,N,N,N,N,20%,10%,','none,0,0,1','','0,0'),(207,1,0,'U01','Grunt 5l.\r\n<br /><B>Cena brutto:</B> 12 zł 30 gr.','Grunt 5l.\r\n<br /><B>Cena brutto:</B> 12 zł 30 gr.','resized/_U01__Grunt_5l._50e2fd1f32bc4_120x120.png','_U01__Grunt_5l._50e2fd1f3ace2.png','Y',0.0000,'kg',0.0000,0.0000,0.0000,'cm','',0,1356998400,'','N',0,NULL,1357053216,1357053216,'[U01] Grunt 5l.',0,'','',3,'szt.',0,'N,N,N,N,N,N,20%,10%,','none,0,0,1','','0,0'),(208,1,0,'U02','Grunt - koncentrat głębokopenetrujący 5l.\r\n<br /><B />Cena brutto:</b> 20 zł 91 gr.','Grunt - koncentrat głębokopenetrujący 5l.\r\n<br /><B />Cena brutto:</b> 20 zł 91 gr.','resized/_U02__Grunt___ko_50e2fde5acf41_120x120.png','_U02__Grunt___ko_50e2fde5b5001.png','Y',0.0000,'kg',0.0000,0.0000,0.0000,'cm','',0,1356998400,'','N',0,NULL,1357053413,1357854297,'[U02] Grunt - koncentrat głębokopenetrujący 5l.',0,'','',3,'szt.',0,'N,N,N,N,N,Y,20%,10%,','none,0,0,1','','0,0'),(209,1,0,'U03','Rozpuszczalnik nitro 5l.\r\n<Br /><B />Cena brutto:</b> 49 zł 20 gr.','Rozpuszczalnik nitro 5l.\r\n<Br /><B />Cena brutto:</b> 49 zł 20 gr.','resized/_U03__Rozpuszcza_50e2fe7ccbd25_120x120.png','_U03__Rozpuszcza_50e2fe7cd3e1d.png','Y',0.0000,'kg',0.0000,0.0000,0.0000,'cm','',0,1356998400,'','N',0,NULL,1357053564,1357053564,'[U03] Rozpuszczalnik nitro 5l.',0,'','',3,'szt.',0,'N,N,N,N,N,N,20%,10%,','none,0,0,1','','0,0'),(210,1,0,'U04','Rozpuszczalnik uniwersalny 5l. \r\n<br /><B />Cena brutto:</b> 49 zł 20 gr.','Rozpuszczalnik uniwersalny 5l. \r\n<br /><B />Cena brutto:</b> 49 zł 20 gr.','resized/_U04__Rozpuszcza_50e2fee98ce0c_120x120.png','_U04__Rozpuszcza_50e2fee994ef1.png','Y',0.0000,'kg',0.0000,0.0000,0.0000,'cm','',0,1356998400,'','N',0,NULL,1357053673,1357053673,'[U04] Rozpuszczalnik uniwersalny 5l.',0,'','',3,'szt.',0,'N,N,N,N,N,N,20%,10%,','none,0,0,1','','0,0'),(211,1,0,'M32','Koncentrat piana aktywna - żółta, bardzo mocna luzem\r\n<br />(dostawcze, ciężarowe)\r\n<br /><B />Cena brutto:</b> 9 zł 84 gr.','Koncentrat piana aktywna - żółta, bardzo mocna luzem\r\n<br />(dostawcze, ciężarowe)\r\n<br /><B />Cena brutto:</b> 9 zł 84 gr.','resized/_M32__Piana_akty_50efd84c25ae6_120x120.png','_M32__Piana_akty_50efd84c2cc2b.png','Y',0.0000,'kg',0.0000,0.0000,0.0000,'cm','',0,1357862400,'','N',0,NULL,1357895662,1357895756,'[M32] Piana aktywna - żółta bardzo mocna luzem',0,'','',3,'szt.',0,'N,N,N,N,N,Y,20%,10%,','none,0,0,1','','0,0');

--
-- Table structure for table `jos_vm_product_attribute`
--

CREATE TABLE `jos_vm_product_attribute` (
  `attribute_id` int(11) NOT NULL auto_increment,
  `product_id` int(11) NOT NULL default '0',
  `attribute_name` char(255) NOT NULL default '',
  `attribute_value` char(255) NOT NULL default '',
  PRIMARY KEY  (`attribute_id`),
  KEY `idx_product_attribute_product_id` (`product_id`),
  KEY `idx_product_attribute_name` (`attribute_name`)
) ENGINE=MyISAM AUTO_INCREMENT=10 DEFAULT CHARSET=utf8 COMMENT='Stores attributes + their specific values for Child Products';

--
-- Dumping data for table `jos_vm_product_attribute`
--


--
-- Table structure for table `jos_vm_product_attribute_sku`
--

CREATE TABLE `jos_vm_product_attribute_sku` (
  `product_id` int(11) NOT NULL default '0',
  `attribute_name` char(255) NOT NULL default '',
  `attribute_list` int(11) NOT NULL default '0',
  KEY `idx_product_attribute_sku_product_id` (`product_id`),
  KEY `idx_product_attribute_sku_attribute_name` (`attribute_name`),
  KEY `idx_product_attribute_list` (`attribute_list`)
) ENGINE=MyISAM DEFAULT CHARSET=utf8 COMMENT='Attributes for a Parent Product used by its Child Products';

--
-- Dumping data for table `jos_vm_product_attribute_sku`
--


--
-- Table structure for table `jos_vm_product_category_xref`
--

CREATE TABLE `jos_vm_product_category_xref` (
  `category_id` int(11) NOT NULL default '0',
  `product_id` int(11) NOT NULL default '0',
  `product_list` int(11) default NULL,
  KEY `idx_product_category_xref_category_id` (`category_id`),
  KEY `idx_product_category_xref_product_id` (`product_id`),
  KEY `idx_product_category_xref_product_list` (`product_list`)
) ENGINE=MyISAM DEFAULT CHARSET=utf8 COMMENT='Maps Products to Categories';

--
-- Dumping data for table `jos_vm_product_category_xref`
--

INSERT INTO `jos_vm_product_category_xref` VALUES (1,22,1),(1,21,1),(1,18,1),(1,17,1),(1,20,1),(1,23,1),(1,26,1),(1,25,1),(1,24,1),(1,19,1),(1,27,1),(1,28,1),(1,29,1),(1,30,1),(1,31,1),(1,32,1),(1,33,1),(1,34,1),(1,35,1),(1,36,1),(1,37,1),(1,38,1),(1,39,1),(1,40,1),(1,41,1),(1,42,1),(1,43,1),(1,44,1),(1,45,1),(1,46,1),(1,47,1),(1,48,1),(1,49,1),(1,50,1),(1,51,1),(1,52,1),(1,53,1),(1,54,1),(1,55,1),(1,56,1),(1,57,1),(1,58,1),(1,59,1),(1,60,1),(1,61,1),(1,62,1),(1,63,1),(1,64,1),(2,66,1),(2,65,1),(2,67,1),(2,68,1),(2,69,1),(2,70,1),(3,71,1),(3,72,1),(3,73,1),(3,74,1),(3,75,1),(3,76,1),(3,77,1),(3,78,1),(3,79,1),(3,80,1),(3,81,1),(3,82,1),(3,83,1),(3,84,1),(3,85,1),(3,86,1),(3,87,1),(3,88,1),(3,89,1),(3,90,1),(3,91,1),(3,92,1),(3,93,1),(3,94,1),(3,95,1),(3,96,1),(6,97,1),(6,98,1),(6,99,1),(6,100,1),(6,101,1),(6,102,1),(6,103,1),(6,104,1),(6,105,1),(6,106,1),(6,107,1),(6,108,1),(6,109,1),(6,110,1),(6,111,1),(6,112,1),(6,113,1),(6,114,1),(6,115,1),(7,116,1),(7,117,1),(7,118,1),(7,119,1),(7,120,1),(7,121,1),(7,122,1),(7,123,1),(7,124,1),(7,125,1),(7,126,1),(7,127,1),(7,128,1),(7,129,1),(7,130,1),(7,131,1),(7,132,1),(7,133,1),(7,134,1),(7,135,1),(7,136,1),(7,137,1),(7,138,1),(7,139,1),(7,140,1),(7,141,1),(7,142,1),(7,143,1),(7,144,1),(7,145,1),(7,146,1),(7,147,1),(7,148,1),(7,149,1),(7,150,1),(7,151,1),(7,152,1),(7,153,1),(7,154,1),(7,155,1),(8,156,1),(8,157,1),(8,158,1),(8,159,1),(9,160,1),(9,161,1),(9,162,1),(9,163,1),(9,164,1),(9,165,1),(9,166,1),(9,167,1),(9,168,1),(9,169,1),(9,170,1),(9,171,1),(9,172,1),(9,173,1),(9,174,1),(9,175,1),(9,176,1),(9,177,1),(9,178,1),(9,179,1),(9,180,1),(9,181,1),(9,182,1),(9,183,1),(9,184,1),(9,186,1),(9,185,1),(9,187,1),(9,188,1),(9,189,1),(9,190,1),(9,191,1),(9,192,1),(9,193,1),(9,194,1),(9,195,1),(10,196,1),(10,197,1),(10,198,1),(10,199,1),(10,200,1),(10,201,1),(10,202,1),(10,203,1),(10,204,1),(10,205,1),(10,206,1),(11,207,1),(11,208,1),(11,209,1),(11,210,1),(7,211,1),(7,212,1);

--
-- Table structure for table `jos_vm_product_discount`
--

CREATE TABLE `jos_vm_product_discount` (
  `discount_id` int(11) NOT NULL auto_increment,
  `amount` decimal(12,2) NOT NULL default '0.00',
  `is_percent` tinyint(1) NOT NULL default '0',
  `start_date` int(11) NOT NULL default '0',
  `end_date` int(11) NOT NULL default '0',
  PRIMARY KEY  (`discount_id`)
) ENGINE=MyISAM AUTO_INCREMENT=3 DEFAULT CHARSET=utf8 COMMENT='Discounts that can be assigned to products';

--
-- Dumping data for table `jos_vm_product_discount`
--

INSERT INTO `jos_vm_product_discount` VALUES (1,20.00,1,1097704800,1194390000),(2,2.00,0,1098655200,0);

--
-- Table structure for table `jos_vm_product_download`
--

CREATE TABLE `jos_vm_product_download` (
  `product_id` int(11) NOT NULL default '0',
  `user_id` int(11) NOT NULL default '0',
  `order_id` int(11) NOT NULL default '0',
  `end_date` int(11) NOT NULL default '0',
  `download_max` int(11) NOT NULL default '0',
  `download_id` varchar(32) NOT NULL default '',
  `file_name` varchar(255) NOT NULL default '',
  PRIMARY KEY  (`download_id`)
) ENGINE=MyISAM DEFAULT CHARSET=utf8 COMMENT='Active downloads for selling downloadable goods';

--
-- Dumping data for table `jos_vm_product_download`
--


--
-- Table structure for table `jos_vm_product_files`
--

CREATE TABLE `jos_vm_product_files` (
  `file_id` int(19) NOT NULL auto_increment,
  `file_product_id` int(11) NOT NULL default '0',
  `file_name` varchar(128) NOT NULL default '',
  `file_title` varchar(128) NOT NULL default '',
  `file_description` mediumtext NOT NULL,
  `file_extension` varchar(128) NOT NULL default '',
  `file_mimetype` varchar(64) NOT NULL default '',
  `file_url` varchar(254) NOT NULL default '',
  `file_published` tinyint(1) NOT NULL default '0',
  `file_is_image` tinyint(1) NOT NULL default '0',
  `file_image_height` int(11) NOT NULL default '0',
  `file_image_width` int(11) NOT NULL default '0',
  `file_image_thumb_height` int(11) NOT NULL default '50',
  `file_image_thumb_width` int(11) NOT NULL default '0',
  PRIMARY KEY  (`file_id`)
) ENGINE=MyISAM DEFAULT CHARSET=utf8 COMMENT='Additional Images and Files which are assigned to products';

--
-- Dumping data for table `jos_vm_product_files`
--


--
-- Table structure for table `jos_vm_product_mf_xref`
--

CREATE TABLE `jos_vm_product_mf_xref` (
  `product_id` int(11) default NULL,
  `manufacturer_id` int(11) default NULL,
  KEY `idx_product_mf_xref_product_id` (`product_id`),
  KEY `idx_product_mf_xref_manufacturer_id` (`manufacturer_id`)
) ENGINE=MyISAM DEFAULT CHARSET=utf8 COMMENT='Maps a product to a manufacturer';

--
-- Dumping data for table `jos_vm_product_mf_xref`
--

INSERT INTO `jos_vm_product_mf_xref` VALUES (25,1),(21,1),(18,1),(17,1),(20,1),(19,1),(28,1),(27,1),(26,1),(24,1),(23,1),(22,1),(29,1),(30,1),(31,1),(32,1),(33,1),(34,1),(35,1),(36,1),(37,1),(38,1),(39,1),(40,1),(41,1),(42,1),(43,1),(44,1),(45,1),(46,1),(47,1),(48,1),(49,1),(50,1),(51,1),(52,1),(53,1),(54,1),(55,1),(56,1),(57,1),(58,1),(59,1),(60,1),(61,1),(62,1),(63,1),(64,1),(65,1),(66,1),(67,1),(68,1),(69,1),(70,1),(71,1),(72,1),(73,1),(74,1),(75,1),(76,1),(77,1),(78,1),(79,1),(80,1),(81,1),(82,1),(83,1),(84,1),(85,1),(86,1),(87,1),(88,1),(89,1),(90,1),(91,1),(92,1),(93,1),(94,1),(95,1),(96,1),(97,1),(98,1),(99,1),(100,1),(101,1),(102,1),(103,1),(104,1),(105,1),(106,1),(107,1),(108,1),(109,1),(110,1),(111,1),(112,1),(113,1),(114,1),(115,1),(116,1),(117,1),(118,1),(119,1),(120,1),(121,1),(122,1),(123,1),(124,1),(125,1),(126,1),(127,1),(128,1),(129,1),(130,1),(131,1),(132,1),(133,1),(134,1),(135,1),(136,1),(137,1),(138,1),(139,1),(140,1),(141,1),(142,1),(143,1),(144,1),(145,1),(146,1),(147,1),(148,1),(149,1),(150,1),(151,1),(152,1),(153,1),(154,1),(155,1),(156,1),(157,1),(158,1),(159,1),(160,1),(161,1),(162,1),(163,1),(164,1),(165,1),(166,1),(167,1),(168,1),(169,1),(170,1),(171,1),(172,1),(173,1),(174,1),(175,1),(176,1),(177,1),(178,1),(179,1),(180,1),(181,1),(182,1),(183,1),(184,1),(185,1),(186,1),(187,1),(188,1),(189,1),(190,1),(191,1),(192,1),(193,1),(194,1),(195,1),(196,1),(197,1),(198,1),(199,1),(200,1),(201,1),(202,1),(203,1),(204,1),(205,1),(206,1),(207,1),(208,1),(209,1),(210,1),(211,1),(212,1);

--
-- Table structure for table `jos_vm_product_price`
--

CREATE TABLE `jos_vm_product_price` (
  `product_price_id` int(11) NOT NULL auto_increment,
  `product_id` int(11) NOT NULL default '0',
  `product_price` decimal(12,5) default NULL,
  `product_currency` char(16) default NULL,
  `product_price_vdate` int(11) default NULL,
  `product_price_edate` int(11) default NULL,
  `cdate` int(11) default NULL,
  `mdate` int(11) default NULL,
  `shopper_group_id` int(11) default NULL,
  `price_quantity_start` int(11) unsigned NOT NULL default '0',
  `price_quantity_end` int(11) unsigned NOT NULL default '0',
  PRIMARY KEY  (`product_price_id`),
  KEY `idx_product_price_product_id` (`product_id`),
  KEY `idx_product_price_shopper_group_id` (`shopper_group_id`)
) ENGINE=MyISAM AUTO_INCREMENT=213 DEFAULT CHARSET=utf8 COMMENT='Holds price records for a product';

--
-- Dumping data for table `jos_vm_product_price`
--

INSERT INTO `jos_vm_product_price` VALUES (20,20,70.08000,'PLN',0,0,1355092045,1357831412,5,0,0),(26,26,89.28000,'PLN',0,0,1355256902,1356264184,5,0,0),(21,21,3.70000,'PLN',0,0,1355253517,1357895844,5,0,0),(18,18,3.50000,'PLN',0,0,1355091841,1355949585,5,0,0),(17,17,70.08000,'PLN',0,0,1355089675,1358803568,5,0,0),(28,28,24.00000,'PLN',0,0,1355257522,1356264336,5,0,0),(19,19,12.50000,'PLN',0,0,1355091918,1355949672,5,0,0),(25,25,13.90000,'PLN',0,0,1355255677,1356264101,5,0,0),(27,27,4.50000,'PLN',0,0,1355257325,1356264260,5,0,0),(24,24,4.49000,'PLN',0,0,1355255247,1356263855,5,0,0),(23,23,68.80000,'PLN',0,0,1355254932,1357895898,5,0,0),(22,22,11.90000,'PLN',0,0,1355254080,1358972017,5,0,0),(29,29,5.50000,'PLN',0,0,1355920082,1356264405,5,0,0),(30,30,16.90000,'PLN',0,0,1355922264,1356264481,5,0,0),(31,31,96.00000,'PLN',0,0,1355922545,1356264569,5,0,0),(32,32,3.80000,'PLN',0,0,1355922787,1356264644,5,0,0),(33,33,20.00000,'PLN',0,0,1355923073,1356264720,5,0,0),(34,34,2.90000,'PLN',0,0,1355923376,1356264805,5,0,0),(35,35,19.90000,'PLN',0,0,1355923728,1356264891,5,0,0),(36,36,4.20000,'PLN',0,0,1355924152,1356264973,5,0,0),(37,37,18.00000,'PLN',0,0,1355925577,1356265052,5,0,0),(38,38,4.69000,'PLN',0,0,1355926016,1356265118,5,0,0),(39,39,19.00000,'PLN',0,0,1355926354,1356265192,5,0,0),(40,40,5.90000,'PLN',0,0,1355926884,1356265255,5,0,0),(41,41,19.90000,'PLN',0,0,1355927290,1356265323,5,0,0),(42,42,12.50000,'PLN',0,0,1355927592,1359194990,5,0,0),(43,43,60.00000,'PLN',0,0,1355928086,1359195020,5,0,0),(44,44,4.50000,'PLN',0,0,1355928502,1356266507,5,0,0),(45,45,16.00000,'PLN',0,0,1355932582,1356266432,5,0,0),(46,46,18.00000,'PLN',0,0,1355933593,1356266590,5,0,0),(47,47,4.00000,'PLN',0,0,1355933935,1356266655,5,0,0),(48,48,38.00000,'PLN',0,0,1355934492,1357575845,5,0,0),(49,49,6.90000,'PLN',0,0,1355934616,1357575914,5,0,0),(50,50,28.50000,'PLN',0,0,1356267030,1364381346,5,0,0),(51,51,6.60000,'PLN',0,0,1356267210,1364381390,5,0,0),(52,52,1.79000,'PLN',0,0,1356267427,1356267427,5,0,0),(53,53,0.89000,'PLN',0,0,1356267653,1356267653,5,0,0),(54,54,0.45000,'PLN',0,0,1356267876,1356267876,5,0,0),(55,55,0.95000,'PLN',0,0,1356268419,1356268419,5,0,0),(56,56,9.99000,'PLN',0,0,1356268640,1356268640,5,0,0),(57,57,17.00000,'PLN',0,0,1356279552,1356279552,5,0,0),(58,58,10.90000,'PLN',0,0,1356279942,1356279942,5,0,0),(59,59,47.00000,'PLN',0,0,1356280206,1356280206,5,0,0),(60,60,17.90000,'PLN',0,0,1356280443,1356280443,5,0,0),(61,61,79.00000,'PLN',0,0,1356281400,1356281400,5,0,0),(62,62,14.90000,'PLN',0,0,1356281739,1357895917,5,0,0),(63,63,65.00000,'PLN',0,0,1356282122,1357895931,5,0,0),(64,64,90.00000,'PLN',0,0,1356282395,1356282395,5,0,0),(65,65,3.30000,'PLN',0,0,1356282731,1356282736,5,0,0),(66,66,85.00000,'PLN',0,0,1356283054,1356283054,5,0,0),(67,67,205.00000,'PLN',0,0,1356283215,1356283215,5,0,0),(68,68,85.00000,'PLN',0,0,1356283368,1356283379,5,0,0),(69,69,190.00000,'PLN',0,0,1356283547,1356283547,5,0,0),(70,70,80.00000,'PLN',0,0,1356283857,1356283857,5,0,0),(71,71,1.75000,'PLN',0,0,1356284065,1356284065,5,0,0),(72,72,1.95000,'PLN',0,0,1356284460,1356284460,5,0,0),(73,73,1.90000,'PLN',0,0,1356284650,1356284650,5,0,0),(74,74,1.85000,'PLN',0,0,1356284845,1356284845,5,0,0),(75,75,3.60000,'PLN',0,0,1356285076,1356285076,5,0,0),(76,76,4.29000,'PLN',0,0,1356286045,1356286045,5,0,0),(77,77,7.99000,'PLN',0,0,1356286308,1356286308,5,0,0),(78,78,11.00000,'PLN',0,0,1356286571,1356286571,5,0,0),(79,79,16.60000,'PLN',0,0,1356286760,1357841191,5,0,0),(80,80,19.90000,'PLN',0,0,1356286967,1357841270,5,0,0),(81,81,3.60000,'PLN',0,0,1356287185,1357840050,5,0,0),(82,82,3.60000,'PLN',0,0,1356287304,1357840090,5,0,0),(83,83,17.90000,'PLN',0,0,1356287454,1356287454,5,0,0),(84,84,17.90000,'PLN',0,0,1356287514,1356287514,5,0,0),(85,85,1.90000,'PLN',0,0,1356295381,1356296081,5,0,0),(86,86,3.40000,'PLN',0,0,1356295492,1356296094,5,0,0),(87,87,1.80000,'PLN',0,0,1356295663,1356296108,5,0,0),(88,88,3.10000,'PLN',0,0,1356295762,1356296118,5,0,0),(89,89,4.70000,'PLN',0,0,1356295856,1356296129,5,0,0),(90,90,9.60000,'PLN',0,0,1356295955,1356296140,5,0,0),(91,91,13.00000,'PLN',0,0,1356296045,1356296045,5,0,0),(92,92,1.95000,'PLN',0,0,1356296401,1356296401,5,0,0),(93,93,3.39000,'PLN',0,0,1356296539,1356297029,5,0,0),(94,94,5.20000,'PLN',0,0,1356296669,1356296669,5,0,0),(95,95,10.60000,'PLN',0,0,1356296884,1356296884,5,0,0),(96,96,14.70000,'PLN',0,0,1356297002,1356297002,5,0,0),(97,97,33.50000,'PLN',0,0,1356297593,1356297593,5,0,0),(98,98,36.90000,'PLN',0,0,1356297758,1356297758,5,0,0),(99,99,17.36000,'PLN',0,0,1356298005,1356298005,5,0,0),(100,100,38.00000,'PLN',0,0,1356298459,1356298459,5,0,0),(101,101,43.00000,'PLN',0,0,1356298758,1356298758,5,0,0),(102,102,18.90000,'PLN',0,0,1356299083,1356299083,5,0,0),(103,103,33.60000,'PLN',0,0,1356299258,1356299258,5,0,0),(104,104,39.90000,'PLN',0,0,1356299401,1356299401,5,0,0),(105,105,1.89000,'PLN',0,0,1356532849,1356532849,5,0,0),(106,106,8.60000,'PLN',0,0,1356533393,1356533393,5,0,0),(107,107,50.40000,'PLN',0,0,1356533820,1356533820,5,0,0),(108,108,53.00000,'PLN',0,0,1356534123,1356534123,5,0,0),(109,109,29.50000,'PLN',0,0,1356534355,1356534355,5,0,0),(110,110,53.00000,'PLN',0,0,1356534689,1356534689,5,0,0),(111,111,36.00000,'PLN',0,0,1356540436,1356540436,5,0,0),(112,112,21.00000,'PLN',0,0,1356540613,1356540613,5,0,0),(113,113,34.00000,'PLN',0,0,1356540727,1356540727,5,0,0),(114,114,39.90000,'PLN',0,0,1356540981,1356540981,5,0,0),(115,115,27.90000,'PLN',0,0,1356541144,1356541144,5,0,0),(116,116,138.00000,'PLN',0,0,1356541413,1359373860,5,0,0),(117,117,155.00000,'PLN',0,0,1356541552,1359373882,5,0,0),(118,118,190.00000,'PLN',0,0,1356541854,1356541854,5,0,0),(119,119,145.00000,'PLN',0,0,1356541957,1356541957,5,0,0),(120,120,3.99000,'PLN',0,0,1356542201,1356542201,5,0,0),(121,121,0.95000,'PLN',0,0,1356542323,1356542323,5,0,0),(122,122,92.48000,'PLN',0,0,1356542475,1356542475,5,0,0),(123,123,12.50000,'PLN',0,0,1356542613,1356542613,5,0,0),(124,124,70.08000,'PLN',0,0,1356542762,1357854622,5,0,0),(125,125,16.50000,'PLN',0,0,1356542889,1356543004,5,0,0),(126,126,92.48000,'PLN',0,0,1356543271,1357854787,5,0,0),(127,127,60.00000,'PLN',0,0,1356543493,1356543493,5,0,0),(128,128,15.90000,'PLN',0,0,1356543686,1356543686,5,0,0),(129,129,96.00000,'PLN',0,0,1356543907,1356543907,5,0,0),(130,130,80.00000,'PLN',0,0,1356544088,1356544088,5,0,0),(131,131,135.00000,'PLN',0,0,1356544225,1356544225,5,0,0),(132,132,27.00000,'PLN',0,0,1356544532,1356544532,5,0,0),(133,133,53.00000,'PLN',0,0,1356544766,1356544766,5,0,0),(134,134,125.00000,'PLN',0,0,1356544894,1356544894,5,0,0),(135,135,4.80000,'PLN',0,0,1356545415,1357855035,5,0,0),(136,136,25.90000,'PLN',0,0,1356545479,1356545479,5,0,0),(137,137,49.00000,'PLN',0,0,1356545755,1356545755,5,0,0),(138,138,120.00000,'PLN',0,0,1356545943,1356545943,5,0,0),(139,139,4.60000,'PLN',0,0,1356546028,1357855114,5,0,0),(140,140,32.00000,'PLN',0,0,1356546193,1356546193,5,0,0),(141,141,58.00000,'PLN',0,0,1356546335,1356546335,5,0,0),(142,142,142.00000,'PLN',0,0,1356546458,1356546458,5,0,0),(143,143,5.50000,'PLN',0,0,1356546555,1357855155,5,0,0),(144,144,45.00000,'PLN',0,0,1356546708,1356546708,5,0,0),(145,145,85.00000,'PLN',0,0,1356546853,1356546853,5,0,0),(146,146,205.00000,'PLN',0,0,1356546971,1356546971,5,0,0),(147,147,40.00000,'PLN',0,0,1356547114,1356547114,5,0,0),(148,148,78.00000,'PLN',0,0,1356547228,1356547228,5,0,0),(149,149,185.00000,'PLN',0,0,1356547340,1356547340,5,0,0),(150,150,7.50000,'PLN',0,0,1356547442,1357855215,5,0,0),(151,151,50.00000,'PLN',0,0,1356547547,1356547561,5,0,0),(152,152,99.00000,'PLN',0,0,1356547666,1356547666,5,0,0),(153,153,235.00000,'PLN',0,0,1356547850,1356547850,5,0,0),(154,154,8.50000,'PLN',0,0,1356547945,1357855266,5,0,0),(155,155,90.00000,'PLN',0,0,1356548159,1356548159,5,0,0),(156,156,2.79000,'PLN',0,0,1356706718,1364381608,5,0,0),(157,157,35.00000,'PLN',0,0,1356707317,1357834975,5,0,0),(158,158,10.50000,'PLN',0,0,1356713540,1356713540,5,0,0),(159,159,45.00000,'PLN',0,0,1356798195,1356798195,5,0,0),(160,160,17.00000,'PLN',0,0,1356798372,1358847773,5,0,0),(161,161,47.80000,'PLN',0,0,1356798610,1357855823,5,0,0),(162,162,47.80000,'PLN',0,0,1356798704,1357855865,5,0,0),(163,163,47.80000,'PLN',0,0,1356798976,1357855913,5,0,0),(164,164,59.80000,'PLN',0,0,1356799168,1357856012,5,0,0),(165,165,59.80000,'PLN',0,0,1356799244,1357856048,5,0,0),(166,166,59.80000,'PLN',0,0,1356799300,1357856087,5,0,0),(167,167,59.98000,'PLN',0,0,1356799423,1356799423,5,0,0),(168,168,59.98000,'PLN',0,0,1356799471,1356799471,5,0,0),(169,169,105.80000,'PLN',0,0,1356799667,1357832114,5,0,0),(170,170,105.80000,'PLN',0,0,1356799760,1357832018,5,0,0),(171,171,130.00000,'PLN',0,0,1356799905,1356799905,5,0,0),(172,172,130.00000,'PLN',0,0,1356800080,1356800080,5,0,0),(173,173,104.00000,'PLN',0,0,1356800209,1356800209,5,0,0),(174,174,45.00000,'PLN',0,0,1356800485,1359135241,5,0,0),(175,175,50.00000,'PLN',0,0,1356800622,1359135383,5,0,0),(176,176,50.00000,'PLN',0,0,1356800722,1359135367,5,0,0),(177,177,12.00000,'PLN',0,0,1356800902,1356800902,5,0,0),(178,178,124.48000,'PLN',0,0,1356801158,1356801158,5,0,0),(179,179,124.49000,'PLN',0,0,1356801483,1356801483,5,0,0),(180,180,90.00000,'PLN',0,0,1356801659,1356802015,5,0,0),(181,181,70.40000,'PLN',0,0,1356801932,1356801932,5,0,0),(182,182,112.00000,'PLN',0,0,1356802152,1356802152,5,0,0),(183,183,153.60000,'PLN',0,0,1356802247,1356802247,5,0,0),(184,184,214.40000,'PLN',0,0,1356802485,1357815282,5,0,0),(185,185,214.40000,'PLN',0,0,1356802542,1357815412,5,0,0),(186,186,160.00000,'PLN',0,0,1356802712,1356802712,5,0,0),(187,187,59.20000,'PLN',0,0,1356802838,1356802838,5,0,0),(188,188,114.88000,'PLN',0,0,1356803071,1356803071,5,0,0),(189,189,114.88000,'PLN',0,0,1356803243,1357814858,5,0,0),(190,190,114.88000,'PLN',0,0,1356803383,1357815185,5,0,0),(191,191,45.00000,'PLN',0,0,1356803596,1356803596,5,0,0),(192,192,45.00000,'PLN',0,0,1356803768,1356803768,5,0,0),(193,193,45.00000,'PLN',0,0,1356803969,1357814701,5,0,0),(194,194,9.99000,'PLN',0,0,1356804168,1356804168,5,0,0),(195,195,48.90000,'PLN',0,0,1356804334,1356804334,5,0,0),(196,196,4.50000,'PLN',0,0,1357050682,1358343298,5,0,0),(197,197,9.00000,'PLN',0,0,1357050987,1357052724,5,0,0),(198,198,12.50000,'PLN',0,0,1357051544,1357052734,5,0,0),(199,199,3.50000,'PLN',0,0,1357051753,1357052743,5,0,0),(200,200,3.50000,'PLN',0,0,1357051900,1357052753,5,0,0),(201,201,4.50000,'PLN',0,0,1357052039,1357052762,5,0,0),(202,202,5.90000,'PLN',0,0,1357052168,1357052774,5,0,0),(203,203,4.50000,'PLN',0,0,1357052359,1357052799,5,0,0),(204,204,4.50000,'PLN',0,0,1357052552,1357052808,5,0,0),(205,205,4.90000,'PLN',0,0,1357052693,1357052693,5,0,0),(206,206,6.70000,'PLN',0,0,1357052989,1357052989,5,0,0),(207,207,10.00000,'PLN',0,0,1357053216,1357053216,5,0,0),(208,208,17.00000,'PLN',0,0,1357053413,1357854297,5,0,0),(209,209,40.00000,'PLN',0,0,1357053564,1357053564,5,0,0),(210,210,40.00000,'PLN',0,0,1357053673,1357053673,5,0,0),(211,211,8.00000,'PLN',0,0,1357895662,1357895756,5,0,0),(212,212,110.00000,'PLN',0,0,1358625189,1359373837,5,0,0);

--
-- Table structure for table `jos_vm_product_product_type_xref`
--

CREATE TABLE `jos_vm_product_product_type_xref` (
  `product_id` int(11) NOT NULL default '0',
  `product_type_id` int(11) NOT NULL default '0',
  KEY `idx_product_product_type_xref_product_id` (`product_id`),
  KEY `idx_product_product_type_xref_product_type_id` (`product_type_id`)
) ENGINE=MyISAM DEFAULT CHARSET=utf8 COMMENT='Maps products to a product type';

--
-- Dumping data for table `jos_vm_product_product_type_xref`
--


--
-- Table structure for table `jos_vm_product_relations`
--

CREATE TABLE `jos_vm_product_relations` (
  `product_id` int(11) NOT NULL default '0',
  `related_products` text,
  PRIMARY KEY  (`product_id`)
) ENGINE=MyISAM DEFAULT CHARSET=utf8;

--
-- Dumping data for table `jos_vm_product_relations`
--


--
-- Table structure for table `jos_vm_product_reviews`
--

CREATE TABLE `jos_vm_product_reviews` (
  `review_id` int(11) NOT NULL auto_increment,
  `product_id` int(11) NOT NULL default '0',
  `comment` text NOT NULL,
  `userid` int(11) NOT NULL default '0',
  `time` int(11) NOT NULL default '0',
  `user_rating` tinyint(1) NOT NULL default '0',
  `review_ok` int(11) NOT NULL default '0',
  `review_votes` int(11) NOT NULL default '0',
  `published` char(1) NOT NULL default 'Y',
  PRIMARY KEY  (`review_id`),
  UNIQUE KEY `product_id` (`product_id`,`userid`)
) ENGINE=MyISAM DEFAULT CHARSET=utf8;

--
-- Dumping data for table `jos_vm_product_reviews`
--


--
-- Table structure for table `jos_vm_product_type`
--

CREATE TABLE `jos_vm_product_type` (
  `product_type_id` int(11) NOT NULL auto_increment,
  `product_type_name` varchar(255) NOT NULL default '',
  `product_type_description` text,
  `product_type_publish` char(1) default NULL,
  `product_type_browsepage` varchar(255) default NULL,
  `product_type_flypage` varchar(255) default NULL,
  `product_type_list_order` int(11) default NULL,
  PRIMARY KEY  (`product_type_id`)
) ENGINE=MyISAM DEFAULT CHARSET=utf8;

--
-- Dumping data for table `jos_vm_product_type`
--


--
-- Table structure for table `jos_vm_product_type_parameter`
--

CREATE TABLE `jos_vm_product_type_parameter` (
  `product_type_id` int(11) NOT NULL default '0',
  `parameter_name` varchar(255) NOT NULL default '',
  `parameter_label` varchar(255) NOT NULL default '',
  `parameter_description` text,
  `parameter_list_order` int(11) NOT NULL default '0',
  `parameter_type` char(1) NOT NULL default 'T',
  `parameter_values` varchar(255) default NULL,
  `parameter_multiselect` char(1) default NULL,
  `parameter_default` varchar(255) default NULL,
  `parameter_unit` varchar(32) default NULL,
  PRIMARY KEY  (`product_type_id`,`parameter_name`),
  KEY `idx_product_type_parameter_product_type_id` (`product_type_id`),
  KEY `idx_product_type_parameter_parameter_order` (`parameter_list_order`)
) ENGINE=MyISAM DEFAULT CHARSET=utf8 COMMENT='Parameters which are part of a product type';

--
-- Dumping data for table `jos_vm_product_type_parameter`
--


--
-- Table structure for table `jos_vm_product_votes`
--

CREATE TABLE `jos_vm_product_votes` (
  `product_id` int(255) NOT NULL default '0',
  `votes` text NOT NULL,
  `allvotes` int(11) NOT NULL default '0',
  `rating` tinyint(1) NOT NULL default '0',
  `lastip` varchar(50) NOT NULL default '0',
  PRIMARY KEY  (`product_id`)
) ENGINE=MyISAM DEFAULT CHARSET=utf8 COMMENT='Stores all votes for a product';

--
-- Dumping data for table `jos_vm_product_votes`
--


--
-- Table structure for table `jos_vm_shipping_carrier`
--

CREATE TABLE `jos_vm_shipping_carrier` (
  `shipping_carrier_id` int(11) NOT NULL auto_increment,
  `shipping_carrier_name` char(80) NOT NULL default '',
  `shipping_carrier_list_order` int(11) NOT NULL default '0',
  PRIMARY KEY  (`shipping_carrier_id`)
) ENGINE=MyISAM AUTO_INCREMENT=3 DEFAULT CHARSET=utf8 COMMENT='Shipping Carriers as used by the Standard Shipping Module';

--
-- Dumping data for table `jos_vm_shipping_carrier`
--

INSERT INTO `jos_vm_shipping_carrier` VALUES (1,'Przesyłka kurierska',0),(2,'Przesyłka kurierska',1);

--
-- Table structure for table `jos_vm_shipping_label`
--

CREATE TABLE `jos_vm_shipping_label` (
  `order_id` int(11) NOT NULL default '0',
  `shipper_class` varchar(32) default NULL,
  `ship_date` varchar(32) default NULL,
  `service_code` varchar(32) default NULL,
  `special_service` varchar(32) default NULL,
  `package_type` varchar(16) default NULL,
  `order_weight` decimal(10,2) default NULL,
  `is_international` tinyint(1) default NULL,
  `additional_protection_type` varchar(16) default NULL,
  `additional_protection_value` decimal(10,2) default NULL,
  `duty_value` decimal(10,2) default NULL,
  `content_desc` varchar(255) default NULL,
  `label_is_generated` tinyint(1) NOT NULL default '0',
  `tracking_number` varchar(32) default NULL,
  `label_image` blob,
  `have_signature` tinyint(1) NOT NULL default '0',
  `signature_image` blob,
  PRIMARY KEY  (`order_id`)
) ENGINE=MyISAM DEFAULT CHARSET=utf8 COMMENT='Stores information used in generating shipping labels';

--
-- Dumping data for table `jos_vm_shipping_label`
--


--
-- Table structure for table `jos_vm_shipping_rate`
--

CREATE TABLE `jos_vm_shipping_rate` (
  `shipping_rate_id` int(11) NOT NULL auto_increment,
  `shipping_rate_name` varchar(255) NOT NULL default '',
  `shipping_rate_carrier_id` int(11) NOT NULL default '0',
  `shipping_rate_country` text NOT NULL,
  `shipping_rate_zip_start` varchar(32) NOT NULL default '',
  `shipping_rate_zip_end` varchar(32) NOT NULL default '',
  `shipping_rate_weight_start` decimal(10,3) NOT NULL default '0.000',
  `shipping_rate_weight_end` decimal(10,3) NOT NULL default '0.000',
  `shipping_rate_value` decimal(10,2) NOT NULL default '0.00',
  `shipping_rate_package_fee` decimal(10,2) NOT NULL default '0.00',
  `shipping_rate_currency_id` int(11) NOT NULL default '0',
  `shipping_rate_vat_id` int(11) NOT NULL default '0',
  `shipping_rate_list_order` int(11) NOT NULL default '0',
  PRIMARY KEY  (`shipping_rate_id`)
) ENGINE=MyISAM AUTO_INCREMENT=23 DEFAULT CHARSET=utf8 COMMENT='Shipping Rates, used by the Standard Shipping Module';

--
-- Dumping data for table `jos_vm_shipping_rate`
--

INSERT INTO `jos_vm_shipping_rate` VALUES (1,'Przesyłka kurierska paczka do 30kg',1,'PLD;PLK;PLL;PLB;PLM;PLA;PLO;PLP;PLS;PRP;PLŚ;PLW;PLZ;PLE;PLI;PLÓ;','00000','99999',0.000,100000.000,15.00,0.00,114,3,1),(2,'dostawa gratis na terenie woj. małopolskiego śląskiego, świetokrzyskiego i podkarpackiego  w terminie uzgodnionym z firmą chemical',1,'PLA;PLP;PLŚ;PLW;','00000','99999',0.000,100000.000,0.00,0.00,114,0,2),(22,'Przesyłka kurierska paczka do 60kg',1,'PLD;PLK;PLL;PLB;PLM;PLA;PLO;PLP;PLS;PRP;PLŚ;PLW;PLZ;PLE;PLI;PLÓ;','00000','99999',0.000,100000.000,30.00,0.00,114,3,0);

--
-- Table structure for table `jos_vm_shopper_group`
--

CREATE TABLE `jos_vm_shopper_group` (
  `shopper_group_id` int(11) NOT NULL auto_increment,
  `vendor_id` int(11) default NULL,
  `shopper_group_name` varchar(32) default NULL,
  `shopper_group_desc` text,
  `shopper_group_discount` decimal(5,2) NOT NULL default '0.00',
  `show_price_including_tax` tinyint(1) NOT NULL default '1',
  `default` tinyint(1) NOT NULL default '0',
  PRIMARY KEY  (`shopper_group_id`),
  KEY `idx_shopper_group_vendor_id` (`vendor_id`),
  KEY `idx_shopper_group_name` (`shopper_group_name`)
) ENGINE=MyISAM AUTO_INCREMENT=8 DEFAULT CHARSET=utf8 COMMENT='Shopper Groups that users can be assigned to';

--
-- Dumping data for table `jos_vm_shopper_group`
--

INSERT INTO `jos_vm_shopper_group` VALUES (5,1,'-default-','This is the default shopper group.',0.00,1,1),(6,1,'Gold Level','Gold Level Shoppers.',0.00,1,0),(7,1,'Wholesale','Shoppers that can buy at wholesale.',0.00,0,0);

--
-- Table structure for table `jos_vm_shopper_vendor_xref`
--

CREATE TABLE `jos_vm_shopper_vendor_xref` (
  `user_id` int(11) default NULL,
  `vendor_id` int(11) default NULL,
  `shopper_group_id` int(11) default NULL,
  `customer_number` varchar(32) default NULL,
  KEY `idx_shopper_vendor_xref_user_id` (`user_id`),
  KEY `idx_shopper_vendor_xref_vendor_id` (`vendor_id`),
  KEY `idx_shopper_vendor_xref_shopper_group_id` (`shopper_group_id`)
) ENGINE=MyISAM DEFAULT CHARSET=utf8 COMMENT='Maps a user to a Shopper Group of a Vendor';

--
-- Dumping data for table `jos_vm_shopper_vendor_xref`
--

INSERT INTO `jos_vm_shopper_vendor_xref` VALUES (62,1,5,''),(70,1,5,'147644678850fe5b0607c7d'),(61,1,5,'150894112950fec0909ab24'),(60,1,5,'71480332250fec12c4f140'),(59,1,5,'105848465650fec2e50eec4'),(58,1,5,'2420249850fefd7b3d57c'),(71,1,5,'166741092750ff11e54d9d5'),(72,1,5,'84631599050ff122be5de0'),(73,1,5,'8660639795100f90eb63a9'),(74,1,5,'11104605051063c32a7d93'),(75,1,5,'1221277530510658108fe2f'),(76,1,5,'155427965751386029817cd');

--
-- Table structure for table `jos_vm_state`
--

CREATE TABLE `jos_vm_state` (
  `state_id` int(11) NOT NULL auto_increment,
  `country_id` int(11) NOT NULL default '1',
  `state_name` varchar(64) default NULL,
  `state_3_code` char(3) default NULL,
  `state_2_code` char(2) default NULL,
  PRIMARY KEY  (`state_id`),
  UNIQUE KEY `state_3_code` (`country_id`,`state_3_code`),
  UNIQUE KEY `state_2_code` (`country_id`,`state_2_code`),
  KEY `idx_country_id` (`country_id`)
) ENGINE=MyISAM AUTO_INCREMENT=465 DEFAULT CHARSET=utf8 COMMENT='States that are assigned to a country';

--
-- Dumping data for table `jos_vm_state`
--


--
-- Table structure for table `jos_vm_tax_rate`
--

CREATE TABLE `jos_vm_tax_rate` (
  `tax_rate_id` int(11) NOT NULL auto_increment,
  `vendor_id` int(11) default NULL,
  `tax_state` varchar(64) default NULL,
  `tax_country` varchar(64) default NULL,
  `mdate` int(11) default NULL,
  `tax_rate` decimal(10,5) default NULL,
  PRIMARY KEY  (`tax_rate_id`),
  KEY `idx_tax_rate_vendor_id` (`vendor_id`)
) ENGINE=MyISAM AUTO_INCREMENT=4 DEFAULT CHARSET=utf8 COMMENT='The tax rates for your store';

--
-- Dumping data for table `jos_vm_tax_rate`
--

INSERT INTO `jos_vm_tax_rate` VALUES (2,1,'CA','USA',964565926,0.09750),(3,1,'-','POL',1355252367,0.23000);

--
-- Table structure for table `jos_vm_user_info`
--

CREATE TABLE `jos_vm_user_info` (
  `user_info_id` varchar(32) NOT NULL default '',
  `user_id` int(11) NOT NULL default '0',
  `address_type` char(2) default NULL,
  `address_type_name` varchar(32) default NULL,
  `company` varchar(64) default NULL,
  `title` varchar(32) default NULL,
  `last_name` varchar(32) default NULL,
  `first_name` varchar(32) default NULL,
  `middle_name` varchar(32) default NULL,
  `phone_1` varchar(32) default NULL,
  `phone_2` varchar(32) default NULL,
  `fax` varchar(255) default NULL,
  `address_1` varchar(255) default NULL,
  `address_2` varchar(64) default NULL,
  `city` varchar(32) NOT NULL default '',
  `state` varchar(32) NOT NULL default '',
  `country` varchar(255) default NULL,
  `zip` varchar(32) NOT NULL default '',
  `user_email` varchar(255) default NULL,
  `extra_field_1` varchar(255) default NULL,
  `extra_field_2` varchar(255) default NULL,
  `extra_field_3` varchar(255) default NULL,
  `extra_field_4` char(1) default NULL,
  `extra_field_5` char(1) default NULL,
  `cdate` int(11) default NULL,
  `mdate` int(11) default NULL,
  `perms` varchar(40) NOT NULL default 'shopper',
  `bank_account_nr` varchar(32) NOT NULL default '',
  `bank_name` varchar(32) NOT NULL default '',
  `bank_sort_code` varchar(16) NOT NULL default '',
  `bank_iban` varchar(64) NOT NULL default '',
  `bank_account_holder` varchar(48) NOT NULL default '',
  `bank_account_type` enum('Checking','Business Checking','Savings') NOT NULL default 'Checking',
  PRIMARY KEY  (`user_info_id`),
  KEY `idx_user_info_user_id` (`user_id`)
) ENGINE=MyISAM DEFAULT CHARSET=utf8 COMMENT='Customer Information, BT = BillTo and ST = ShipTo';

--
-- Dumping data for table `jos_vm_user_info`
--

INSERT INTO `jos_vm_user_info` VALUES ('ccd117efc0e0ff2787a8b7115fbbb636',62,'BT',NULL,'Kinoamatorskie.pl','Pan','Kołdras','Michał','','509 225 706','','','ul. Kazimierza Wielkiego 37/37','','32-700','','PLP','Bochnia','ciumek11@poczta.fm','8681878221',NULL,NULL,NULL,NULL,1354994342,1357147067,'shopper','','','','','','Checking'),('fdf8ff2a99541c721c19bcfb42d7d3aa',62,'ST',NULL,'Kinoamatorskie',NULL,'Kołdras','Michał',NULL,'444 222 332',NULL,NULL,'ul. Testowa 23, 33-220, Nowy Targ',NULL,'','','PLA','',NULL,NULL,NULL,NULL,NULL,NULL,1357147153,1357147153,'shopper','','','','','','Checking'),('c8905c3e327aa8372dbfb65bba5db04f',62,'ST',NULL,'Dealmedia',NULL,NULL,NULL,NULL,NULL,NULL,NULL,'ul. Krakowska 23/100A, Tarnów, 34-100',NULL,'','','PLA','',NULL,NULL,NULL,NULL,NULL,NULL,1357147968,1357147968,'shopper','','','','','','Checking'),('9e29eb24c4a868ea0a5be5f5c75d58d5',70,'BT','-default-','',NULL,'Kołdras','Michał',NULL,'509 225 706',NULL,NULL,'ul. Krakowska 23/100A, Tarnów, 34-100',NULL,'','','PLA','','bukovina@interia.eu','',NULL,NULL,NULL,NULL,1358846723,1358846723,'shopper','','','','','','Checking'),('7ff5e28f5ae48e2bfa17d9145a97b5ef',61,'BT','-default-','',NULL,'Kołdras','Michał',NULL,'509 225 706',NULL,NULL,'ul. Kazimierza Wielkiego 37/37',NULL,'','','PLA','','ciumek11@poczta.fm','8681878221',NULL,NULL,NULL,NULL,1358872720,1358872720,'shopper','','','','','','Checking'),('2c896a0e7637e4443d31bca31041cec9',60,'BT','-default-','Testowa firma',NULL,'Kołdras','Michał',NULL,'509225706',NULL,NULL,'ul. Kazimierza Wielkiego 37/37',NULL,'','','PLA','','ciumek11@poczta.fm','8681878221',NULL,NULL,NULL,NULL,1358872876,1358872876,'shopper','','','','','','Checking'),('6c03fc46a1a62cdb1808f0033abe4e49',59,'BT','-default-','chemical1',NULL,'madejowicz','robert',NULL,'3456789',NULL,NULL,'ogrodniki 9/1 kraków 30-421',NULL,'','','PLA','','biuro@chemical.com.pl','6791800785',NULL,NULL,NULL,NULL,1358873317,1358873317,'shopper','','','','','','Checking'),('eecee599111f36bc16d91b7d1dd77ffc',59,'ST',NULL,'chemical1',NULL,NULL,NULL,NULL,NULL,NULL,NULL,'janowskiego12 kraków 30-440',NULL,'','','PLA','',NULL,NULL,NULL,NULL,NULL,NULL,1358873364,1358873364,'shopper','','','','','','Checking'),('6bf71cf92098cfb161e1e2da100e0354',58,'BT','-default-','er4fd',NULL,'frfd','efd',NULL,'efcfre',NULL,NULL,'4f5f',NULL,'','','PLA','','sfdw2d@wp.pl','4r4',NULL,NULL,NULL,NULL,1358888315,1358888315,'shopper','','','','','','Checking'),('8a514b348ccbc1a33111e989ff8d2ed0',58,'ST',NULL,'rfrf',NULL,NULL,NULL,NULL,NULL,NULL,NULL,'rfrfr5f',NULL,'','','PLA','',NULL,NULL,NULL,NULL,NULL,NULL,1358888523,1358888523,'shopper','','','','','','Checking'),('31a4d63663efd3d4238624b2c59cad6a',71,'BT','-default-','dealmedi',NULL,'koldr','michal',NULL,'444442222',NULL,NULL,'kazimierza',NULL,'','','PLA','','snake@bikauto.com.pl','8484848',NULL,NULL,NULL,NULL,1358893541,1358944663,'shopper','','','','','','Checking'),('cd27f259277179eb04885060b3000af5',72,'BT','-default-','',NULL,'Kołdras','Michał',NULL,'509 225 706',NULL,NULL,'ul. Kazimierza Wielkiego 37/37',NULL,'','','PLA','','procesoryprzyszlosci@poczta.onet.pl','8681878221',NULL,NULL,NULL,NULL,1358893611,1358893611,'shopper','','','','','','Checking'),('2792e006e30414dafaaad8d7ab061b61',73,'BT','-default-','fghjk',NULL,'efwf4','efrf',NULL,'44444',NULL,NULL,'f43f4fw4',NULL,'','','PLA','','ds@efw.pl','4wfw4dw4w4',NULL,NULL,NULL,NULL,1359018254,1359018254,'shopper','','','','','','Checking'),('c769e331b811ec7b81b81c0d6da83fff',73,'ST',NULL,'rfc',NULL,NULL,NULL,NULL,NULL,NULL,NULL,'rfefre',NULL,'','','PLA','',NULL,NULL,NULL,NULL,NULL,NULL,1359018360,1359018360,'shopper','','','','','','Checking'),('a1eb571a443b95612bbd88b564d0ce88',74,'BT','-default-','chemical',NULL,'fred','tre',NULL,'4543',NULL,NULL,'rg4',NULL,'','','PLA','','da@we.pl','',NULL,NULL,NULL,NULL,1359363121,1359363121,'shopper','','','','','','Checking'),('53aaab31004f1ae259fe80a5f40e2bc4',74,'ST',NULL,'rfft',NULL,NULL,NULL,NULL,NULL,NULL,NULL,'rfrefgft',NULL,'','','PLA','',NULL,NULL,NULL,NULL,NULL,NULL,1359363231,1359363231,'shopper','','','','','','Checking'),('ec79f3262fc9533f7af239c97f503f40',75,'BT','-default-','testowa',NULL,'nowak','mati',NULL,'3332222444',NULL,NULL,'kazka 12, 32-500 bochnia',NULL,'','','PLO','','michalkoldras@dealmedia.pl','',NULL,NULL,NULL,NULL,1359370256,1359370256,'shopper','','','','','','Checking'),('ae1b318be549298f7d8dcbc81549449d',76,'BT','-default-','PPU NORT Sp. z o.o.',NULL,'','',NULL,'502043634',NULL,NULL,'Lipowa 13, 82-224 Szymankowo',NULL,'','','PRP','','piotr@nort.com.pl','593-010-09-22',NULL,NULL,NULL,NULL,1362649128,1362649398,'shopper','','','','','','Checking'),('b9ca51c43d758c061715299b5651c7cd',76,'ST',NULL,'PPU NORT Sp. z o.o.',NULL,NULL,NULL,NULL,NULL,NULL,NULL,'Lipowa 13, 82-224 Szymankowo',NULL,'','','PRP','',NULL,NULL,NULL,NULL,NULL,NULL,1362649300,1362649300,'shopper','','','','','','Checking');

--
-- Table structure for table `jos_vm_userfield`
--

CREATE TABLE `jos_vm_userfield` (
  `fieldid` int(11) NOT NULL auto_increment,
  `name` varchar(50) NOT NULL default '',
  `title` varchar(255) NOT NULL,
  `description` mediumtext NOT NULL,
  `type` varchar(50) NOT NULL default '',
  `maxlength` int(11) default NULL,
  `size` int(11) default NULL,
  `required` tinyint(4) default '0',
  `ordering` int(11) default NULL,
  `cols` int(11) default NULL,
  `rows` int(11) default NULL,
  `value` varchar(50) default NULL,
  `default` int(11) default NULL,
  `published` tinyint(1) NOT NULL default '1',
  `registration` tinyint(1) NOT NULL default '0',
  `shipping` tinyint(1) NOT NULL default '0',
  `account` tinyint(1) NOT NULL default '1',
  `readonly` tinyint(1) NOT NULL default '0',
  `calculated` tinyint(1) NOT NULL default '0',
  `sys` tinyint(4) NOT NULL default '0',
  `vendor_id` int(11) default NULL,
  `params` mediumtext,
  PRIMARY KEY  (`fieldid`)
) ENGINE=MyISAM AUTO_INCREMENT=36 DEFAULT CHARSET=utf8 COMMENT='Holds the fields for the user information';

--
-- Dumping data for table `jos_vm_userfield`
--



--
-- Table structure for table `jos_vm_userfield_values`
--

CREATE TABLE `jos_vm_userfield_values` (
  `fieldvalueid` int(11) NOT NULL auto_increment,
  `fieldid` int(11) NOT NULL default '0',
  `fieldtitle` varchar(255) NOT NULL default '',
  `fieldvalue` varchar(255) NOT NULL,
  `ordering` int(11) NOT NULL default '0',
  `sys` tinyint(4) NOT NULL default '0',
  PRIMARY KEY  (`fieldvalueid`)
) ENGINE=MyISAM AUTO_INCREMENT=4 DEFAULT CHARSET=utf8 COMMENT='Holds the different values for dropdown and radio lists';

--
-- Dumping data for table `jos_vm_userfield_values`
--

INSERT INTO `jos_vm_userfield_values` VALUES (1,25,'PHPSHOP_ACCOUNT_LBL_ACCOUNT_TYPE_BUSINESSCHECKING','Checking',1,1),(2,25,'PHPSHOP_ACCOUNT_LBL_ACCOUNT_TYPE_CHECKING','Business Checking',2,1),(3,25,'PHPSHOP_ACCOUNT_LBL_ACCOUNT_TYPE_SAVINGS','Savings',3,1);

--
-- Table structure for table `jos_vm_vendor`
--

CREATE TABLE `jos_vm_vendor` (
  `vendor_id` int(11) NOT NULL auto_increment,
  `vendor_name` varchar(64) default NULL,
  `contact_last_name` varchar(32) NOT NULL default '',
  `contact_first_name` varchar(32) NOT NULL default '',
  `contact_middle_name` varchar(32) default NULL,
  `contact_title` varchar(32) default NULL,
  `contact_phone_1` varchar(32) NOT NULL default '',
  `contact_phone_2` varchar(32) default NULL,
  `contact_fax` varchar(32) default NULL,
  `contact_email` varchar(255) default NULL,
  `vendor_phone` varchar(32) default NULL,
  `vendor_address_1` varchar(64) NOT NULL default '',
  `vendor_address_2` varchar(64) default NULL,
  `vendor_city` varchar(32) NOT NULL default '',
  `vendor_state` varchar(32) NOT NULL default '',
  `vendor_country` varchar(32) NOT NULL default 'PL',
  `vendor_zip` varchar(32) NOT NULL default '',
  `vendor_store_name` varchar(128) NOT NULL default '',
  `vendor_store_desc` text,
  `vendor_category_id` int(11) default NULL,
  `vendor_thumb_image` varchar(255) default NULL,
  `vendor_full_image` varchar(255) default NULL,
  `vendor_currency` varchar(16) default NULL,
  `cdate` int(11) default NULL,
  `mdate` int(11) default NULL,
  `vendor_image_path` varchar(255) default NULL,
  `vendor_terms_of_service` text NOT NULL,
  `vendor_url` varchar(255) NOT NULL default '',
  `vendor_min_pov` decimal(10,2) default NULL,
  `vendor_freeshipping` decimal(10,2) NOT NULL default '0.00',
  `vendor_currency_display_style` varchar(64) NOT NULL default '',
  `vendor_accepted_currencies` text NOT NULL,
  `vendor_address_format` text NOT NULL,
  `vendor_date_format` varchar(255) NOT NULL,
  PRIMARY KEY  (`vendor_id`),
  KEY `idx_vendor_name` (`vendor_name`),
  KEY `idx_vendor_category_id` (`vendor_category_id`)
) ENGINE=MyISAM AUTO_INCREMENT=2 DEFAULT CHARSET=utf8 COMMENT='Vendors manage their products in your store';

--
-- Dumping data for table `jos_vm_vendor`
--

INSERT INTO `jos_vm_vendor` VALUES (1,'CHEMICAL','Właściciel','Robert','','Pan','12 264 35 25','','','zamowienia@chemical.com.pl','12 264 35 25','Ogrodniki 9/1','','Kraków',' - ','PLA','30-421','Sklep internetowy','<br><br><strong>Zapraszamy do zapoznania się z naszą ofertą.</strong><br><br>',0,'','SKLEP_INTERNETOW_50e3081502172.jpg','PLN',950302468,1358971851,'','<a href=\\\"http://chemical.com.pl/index.php?option=com_content&view=article&id=47\\\"><B>Aby zapoznać się z warunkami zakupów w naszym sklepie kliknij tutaj</B></a>','http://chemical.com.pl',0.00,0.00,'1|zł|2|.| |1|8','PLN','{storename}\r\n{address_1}\r\n{address_2}\r\n{city}, {zip}','%A, %d %B %Y %H:%M');

--
-- Table structure for table `jos_vm_vendor_category`
--

CREATE TABLE `jos_vm_vendor_category` (
  `vendor_category_id` int(11) NOT NULL auto_increment,
  `vendor_category_name` varchar(64) default NULL,
  `vendor_category_desc` text,
  PRIMARY KEY  (`vendor_category_id`),
  KEY `idx_vendor_category_category_name` (`vendor_category_name`)
) ENGINE=MyISAM AUTO_INCREMENT=7 DEFAULT CHARSET=utf8 COMMENT='The categories that vendors are assigned to';

--
-- Dumping data for table `jos_vm_vendor_category`
--

INSERT INTO `jos_vm_vendor_category` VALUES (6,'-default-','Default');

--
-- Table structure for table `jos_vm_waiting_list`
--

CREATE TABLE `jos_vm_waiting_list` (
  `waiting_list_id` int(11) NOT NULL auto_increment,
  `product_id` int(11) NOT NULL default '0',
  `user_id` int(11) NOT NULL default '0',
  `notify_email` varchar(150) NOT NULL default '',
  `notified` enum('0','1') default '0',
  `notify_date` timestamp NOT NULL default CURRENT_TIMESTAMP on update CURRENT_TIMESTAMP,
  PRIMARY KEY  (`waiting_list_id`),
  KEY `product_id` (`product_id`),
  KEY `notify_email` (`notify_email`)
) ENGINE=MyISAM DEFAULT CHARSET=utf8 COMMENT='Stores notifications, users waiting f. products out of stock';

--
-- Dumping data for table `jos_vm_waiting_list`
--


--
-- Table structure for table `jos_vm_zone_shipping`
--

CREATE TABLE `jos_vm_zone_shipping` (
  `zone_id` int(11) NOT NULL auto_increment,
  `zone_name` varchar(255) default NULL,
  `zone_cost` decimal(10,2) default NULL,
  `zone_limit` decimal(10,2) default NULL,
  `zone_description` text NOT NULL,
  `zone_tax_rate` int(11) NOT NULL default '0',
  PRIMARY KEY  (`zone_id`)
) ENGINE=MyISAM AUTO_INCREMENT=5 DEFAULT CHARSET=utf8 COMMENT='The Zones managed by the Zone Shipping Module';

--
-- Dumping data for table `jos_vm_zone_shipping`
--

INSERT INTO `jos_vm_zone_shipping` VALUES (1,'Default',6.00,35.00,'This is the default Shipping Zone. This is the zone information that all countries will use until you assign each individual country to a Zone.',2),(2,'Śląsk',0.00,0.00,'Śląsk - darmowa dostawa.',0),(3,'Małopolska',0.00,0.00,'',0),(4,'Zone 3',11.00,64.00,'Another usefull thing might be details about this zone or special instructions.',2);

--
-- Table structure for table `jos_weblinks`
--

CREATE TABLE `jos_weblinks` (
  `id` int(11) unsigned NOT NULL auto_increment,
  `catid` int(11) NOT NULL default '0',
  `sid` int(11) NOT NULL default '0',
  `title` varchar(250) NOT NULL default '',
  `alias` varchar(255) NOT NULL default '',
  `url` varchar(250) NOT NULL default '',
  `description` text NOT NULL,
  `date` datetime NOT NULL default '0000-00-00 00:00:00',
  `hits` int(11) NOT NULL default '0',
  `published` tinyint(1) NOT NULL default '0',
  `checked_out` int(11) NOT NULL default '0',
  `checked_out_time` datetime NOT NULL default '0000-00-00 00:00:00',
  `ordering` int(11) NOT NULL default '0',
  `archived` tinyint(1) NOT NULL default '0',
  `approved` tinyint(1) NOT NULL default '1',
  `params` text NOT NULL,
  PRIMARY KEY  (`id`),
  KEY `catid` (`catid`,`published`,`archived`)
) ENGINE=MyISAM AUTO_INCREMENT=7 DEFAULT CHARSET=utf8;

--
-- Dumping data for table `jos_weblinks`
--

INSERT INTO `jos_weblinks` VALUES (1,2,0,'Joomla!','joomla','http://www.joomla.org','Home of Joomla!','2005-02-14 15:19:02',3,1,0,'0000-00-00 00:00:00',1,0,1,'target=0'),(2,2,0,'php.net','php','http://www.php.net','The language that Joomla! is developed in','2004-07-07 11:33:24',6,1,0,'0000-00-00 00:00:00',3,0,1,''),(3,2,0,'MySQL','mysql','http://www.mysql.com','The database that Joomla! uses','2004-07-07 10:18:31',1,1,0,'0000-00-00 00:00:00',5,0,1,''),(4,2,0,'OpenSourceMatters','opensourcematters','http://www.opensourcematters.org','Home of OSM','2005-02-14 15:19:02',11,1,0,'0000-00-00 00:00:00',2,0,1,'target=0'),(5,2,0,'Joomla! - Forums','joomla-forums','http://forum.joomla.org','Joomla! Forums','2005-02-14 15:19:02',4,1,0,'0000-00-00 00:00:00',4,0,1,'target=0'),(6,2,0,'Ohloh Tracking of Joomla!','ohloh-tracking-of-joomla','http://www.ohloh.net/projects/20','Objective reports from Ohloh about Joomla\'s development activity. Joomla! has some star developers with serious kudos.','2007-07-19 09:28:31',1,1,0,'0000-00-00 00:00:00',6,0,1,'target=0\n\n');


